000
CXUS54 KFWD 290855
CF6INJ
PRELIMINARY LOCAL CLIMATOLOGICAL DATA (WS FORM: F-6)

                                          STATION:   HILLSBORO
                                          MONTH:     APRIL
                                          YEAR:      2016
                                          LATITUDE:   32  0 N
                                          LONGITUDE:  97  6 W

  TEMPERATURE IN F:       :PCPN:    SNOW:  WIND      :SUNSHINE: SKY     :PK WND
================================================================================
1   2   3   4   5  6A  6B    7    8   9   10  11  12  13   14  15   16   17  18
                                     12Z  AVG MX 2MIN
DY MAX MIN AVG DEP HDD CDD  WTR  SNW DPTH SPD SPD DIR MIN PSBL S-S WX    SPD DR
================================================================================

 1  59  45  52 -10  13   0    T  0.0    0 11.1 21  20   M    M   7        27  20
 2  66  36  51 -11  14   0 0.00  0.0    0  7.0 17 330   M    M   0        25 330
 3  74  40  57  -5   8   0 0.00  0.0    0  6.7 14 180   M    M   0        17 160
 4  81  48  65   3   0   0 0.00  0.0    0  8.7 14 220   M    M   0         M  M
 5  82  53  68   5   0   3 0.00  0.0    0 10.3 20 160   M    M   0        27 180
 6  75  49  62  -1   3   0 0.00  0.0    0 12.6 22 330   M    M   0        30 330
 7  82  45  64   1   1   0 0.00  0.0    0  6.5 15 220   M    M   0        20 220
 8  72  55  64   0   1   0 0.00  0.0    0  9.6 21  60   M    M   0        25  60
 9  71  55  63  -1   2   0 0.16  0.0    0  9.9 14 140   M    M   6 3      17 110
10  76  59  68   4   0   3 0.00  0.0    0 17.2 24 170   M    M   8        30 160
11  87  62  75  11   0  10 0.00  0.0    0 14.1 18 350   M    M   5        29 180
12  66  57  62  -2   3   0 0.16  0.0    0  8.7 14  40   M    M   9 3      22  10
13  64  53  59  -6   6   0 0.00  0.0    0  6.9 15  50   M    M   8         M  M
14  71  53  62  -3   3   0 0.00  0.0    0  6.2  9  70   M    M   7         M  M
15  74  54  64  -1   1   0 0.00  0.0    0  8.3 13 100   M    M   2 1      18 100
16  78  59  69   4   0   4 0.00  0.0    0 14.1 20 100   M    M   9 1      28 120
17  69  59  64  -2   1   0 1.96  0.0    0 13.4 29 100   M    M  10 13     36 100
18  72  62  67   1   0   2 1.82  0.0    0  7.7 15  70   M    M   8 13     23  70
19  75  62  69   3   0   4 0.00  0.0    0  3.3  7  30   M    M   8 1       M  M
20  73  58  66   0   0   1 0.66  0.0    0  5.3 23 310   M    M   6 3      37 310
21  75  58  67   0   0   2 0.30  0.0    0  7.0 21 340   M    M   3 3      28 340
22  78  51  65  -2   0   0 0.00  0.0    0  5.2 13 330   M    M   1         M  M
23  77  54  66  -1   0   1 0.00  0.0    0  3.7 10 140   M    M   0         M  M
24  75  59  67   0   0   2 0.00  0.0    0 13.1 20 150   M    M   3        27 160
25  83  66  75   7   0  10 0.00  0.0    0 14.6 20 160   M    M   7        27 170
26  83  63  73   5   0   8    M  0.0    0 16.1 22 160   M    M   9 3      28 150
27  82  58  70   2   0   5 0.00  0.0    0  7.3 13 250   M    M   0 1      21 250
28  83  60  72   4   0   7 0.00  0.0    0 10.3 15 100   M    M   1        18 100
================================================================================
SM 2103 1533        56  62  5.06     0.0 264.9          M      117
================================================================================
AV 75.1 54.8                               9.5 FASTST   M    M   4    MAX(MPH)
                                 MISC ---->    29   M                 37    M
================================================================================
NOTES:
# LAST OF SEVERAL OCCURRENCES

COLUMN 17 PEAK WIND IN M.P.H.

PRELIMINARY LOCAL CLIMATOLOGICAL DATA (WS FORM: F-6) , PAGE 2

                                          STATION:  HILLSBORO
                                          MONTH:    APRIL
                                          YEAR:     2016
                                          LATITUDE:   32  0 N
                                          LONGITUDE:  97  6 W

[TEMPERATURE DATA]      [PRECIPITATION DATA]       SYMBOLS USED IN COLUMN 16

AVERAGE MONTHLY: 64.9   TOTAL FOR MONTH:   5.06    1 = FOG OR MIST
DPTR FM NORMAL:  -0.1   DPTR FM NORMAL:    2.33    2 = FOG REDUCING VISIBILITY
HIGHEST:    87 ON 11    GRTST 24HR  1.96 ON 17-17      TO 1/4 MILE OR LESS
LOWEST:     36 ON  2                               3 = THUNDER
                        SNOW, ICE PELLETS, HAIL    4 = ICE PELLETS
                        TOTAL MONTH:   0.0 INCH    5 = HAIL
                        GRTST 24HR     0.0         6 = FREEZING RAIN OR DRIZZLE
                        GRTST DEPTH:   0           7 = DUSTSTORM OR SANDSTORM:
                                                       VSBY 1/2 MILE OR LESS
                                                   8 = SMOKE OR HAZE
[NO. OF DAYS WITH]      [WEATHER - DAYS WITH]      9 = BLOWING SNOW
                                                   X = TORNADO
MAX 32 OR BELOW:   0    0.01 INCH OR MORE:   6
MAX 90 OR ABOVE:   0    0.10 INCH OR MORE:   6
MIN 32 OR BELOW:   0    0.50 INCH OR MORE:   3
MIN  0 OR BELOW:   0    1.00 INCH OR MORE:   2

[HDD (BASE 65) ]
TOTAL THIS MO.    56    CLEAR  (SCALE 0-3)  12
DPTR FM NORMAL   -29    PTCLDY (SCALE 4-7)  10
TOTAL FM JUL 1  1731    CLOUDY (SCALE 8-10)  6
DPTR FM NORMAL  -471

[CDD (BASE 65) ]
TOTAL THIS MO.    62
DPTR FM NORMAL   -24    [PRESSURE DATA]
TOTAL FM JAN 1    85    HIGHEST SLP M ON M
DPTR FM NORMAL   -38    LOWEST  SLP M ON M

[REMARKS]
