000
CXUS51 KOKX 200701
CF6ISP
PRELIMINARY LOCAL CLIMATOLOGICAL DATA (WS FORM: F-6)

                                          STATION:   ISLIP NY
                                          MONTH:     DECEMBER
                                          YEAR:      2014
                                          LATITUDE:   40 47 N
                                          LONGITUDE:  73  6 W

  TEMPERATURE IN F:       :PCPN:    SNOW:  WIND      :SUNSHINE: SKY     :PK WND
================================================================================
1   2   3   4   5  6A  6B    7    8   9   10  11  12  13   14  15   16   17  18
                                     12Z  AVG MX 2MIN
DY MAX MIN AVG DEP HDD CDD  WTR  SNW DPTH SPD SPD DIR MIN PSBL S-S WX    SPD DR
================================================================================

 1  66  40  53  13  12   0 0.07  0.0    0  9.7 22 350   M    M   9        28 350
 2  47  37  42   2  23   0 0.11    T    0 12.6 22 360   M    M   9 14     27 350
 3  50  40  45   5  20   0 0.17  0.0    0 11.0 25 280   M    M   8 1      34 290
 4  47  32  40   1  25   0 0.00  0.0    0  8.4 15 310   M    M   6        32 310
 5  50  32  41   2  24   0 0.61  0.0    0 10.1 18  60   M    M   7 1      23  50
 6  52  42  47   8  18   0 1.04  0.0    0  8.2 28  10   M    M  10 1      37  20
 7  42  27  35  -3  30   0 0.13  0.0    0 20.4 33  20   M    M   5        45  30
 8  36  26  31  -7  34   0 0.01    T    0 15.5 23  60   M    M   7 1      33  50
 9  43  36  40   2  25   0 2.14    T    0 21.7 33  10   M    M   9 1      48 360
10  40  32  36  -1  29   0 0.19  0.1    0 12.4 20 320   M    M  10 18     25 310
11  38  31  35  -2  30   0 0.01  0.3    T 11.6 26 250   M    M   9 18     33 260
12  40  30  35  -2  30   0 0.00  0.0    0 10.1 18 300   M    M   7        24 290
13  44  32  38   2  27   0 0.00  0.0    0 12.4 20 330   M    M   4        26 320
14  43  30  37   1  28   0 0.00  0.0    0  9.4 20 320   M    M   4        25 320
15  47  28  38   2  27   0 0.00  0.0    0  3.5 13 330   M    M   2 1      15 330
16  48  28  38   3  27   0 0.18  0.0    0  3.3 13  90   M    M   8 1      15 100
17  54  41  48  13  17   0 0.14  0.0    0  9.7 22 300   M    M   8 1      29 310
18  43  31  37   2  28   0 0.00  0.0    0 14.4 24 300   M    M   5        36 310
19  40  29  35   1  30   0 0.00  0.0    0  9.6 17 310   M    M   8        23 300
================================================================================
SM  870  624       484   0  4.80     0.4 214.0          M      135
================================================================================
AV 45.8 32.8                              11.3 FASTST   M    M   7    MAX(MPH)
                                 MISC ---->  # 33  20               # 48  360
================================================================================
NOTES:
# LAST OF SEVERAL OCCURRENCES

COLUMN 17 PEAK WIND IN M.P.H.

PRELIMINARY LOCAL CLIMATOLOGICAL DATA (WS FORM: F-6) , PAGE 2

                                          STATION:  ISLIP NY
                                          MONTH:    DECEMBER
                                          YEAR:     2014
                                          LATITUDE:   40 47 N
                                          LONGITUDE:  73  6 W

[TEMPERATURE DATA]      [PRECIPITATION DATA]       SYMBOLS USED IN COLUMN 16

AVERAGE MONTHLY: 39.3   TOTAL FOR MONTH:   4.80    1 = FOG OR MIST
DPTR FM NORMAL:   2.0   DPTR FM NORMAL:    2.22    2 = FOG REDUCING VISIBILITY
HIGHEST:    66 ON  1    GRTST 24HR  2.14 ON  9- 9      TO 1/4 MILE OR LESS
LOWEST:     26 ON  8                               3 = THUNDER
                        SNOW, ICE PELLETS, HAIL    4 = ICE PELLETS
                        TOTAL MONTH:   0.4 INCH    5 = HAIL
                        GRTST 24HR   0.3 ON   M    6 = FREEZING RAIN OR DRIZZLE
                        GRTST DEPTH:   T           7 = DUSTSTORM OR SANDSTORM:
                                                       VSBY 1/2 MILE OR LESS
                                                   8 = SMOKE OR HAZE
[NO. OF DAYS WITH]      [WEATHER - DAYS WITH]      9 = BLOWING SNOW
                                                   X = TORNADO
MAX 32 OR BELOW:   0    0.01 INCH OR MORE:  12
MAX 90 OR ABOVE:   0    0.10 INCH OR MORE:   9
MIN 32 OR BELOW:  13    0.50 INCH OR MORE:   3
MIN  0 OR BELOW:   0    1.00 INCH OR MORE:   2

[HDD (BASE 65) ]
TOTAL THIS MO.   484    CLEAR  (SCALE 0-3)   1
DPTR FM NORMAL   -41    PTCLDY (SCALE 4-7)  11
TOTAL FM JUL 1  1397    CLOUDY (SCALE 8-10)  7
DPTR FM NORMAL  -144

[CDD (BASE 65) ]
TOTAL THIS MO.     0
DPTR FM NORMAL     0    [PRESSURE DATA]
TOTAL FM JAN 1   887    HIGHEST SLP M ON M
DPTR FM NORMAL   100    LOWEST  SLP 29.60 ON 10

[REMARKS]
