000
CXUS53 KGRB 300645
CF6ISW
PRELIMINARY LOCAL CLIMATOLOGICAL DATA (WS FORM: F-6)

                                          STATION:   WISCONSIN RAPIDS ASOS
                                          MONTH:     JUNE
                                          YEAR:      2015
                                          LATITUDE:   44 22 N
                                          LONGITUDE:  89 50 W

  TEMPERATURE IN F:       :PCPN:    SNOW:  WIND      :SUNSHINE: SKY     :PK WND
================================================================================
1   2   3   4   5  6A  6B    7    8   9   10  11  12  13   14  15   16   17  18
                                     12Z  AVG MX 2MIN
DY MAX MIN AVG DEP HDD CDD  WTR  SNW DPTH SPD SPD DIR MIN PSBL S-S WX    SPD DR
================================================================================

 1  68  41  55  -6  10   0 0.00  0.0    0  7.2 16 120   M    M   0        21 130
 2  75  39  57  -5   8   0 0.00  0.0    0  6.9 14 170   M    M   0        21 180
 3  78  46  62   0   3   0 0.03  0.0    0  7.3 18 180   M    M   3        24 170
 4  73  60  67   5   0   2 0.07  0.0    0  6.1 15 320   M    M   9 1      19 310
 5  74  53  64   1   1   0 0.00  0.0    0  7.1 13  80   M    M   5        16  90
 6  77  45  61  -2   4   0 0.00  0.0    0  7.4 17 180   M    M   1        23 170
 7  83  60  72   9   0   7 0.98  0.0    0  8.4 21 290   M    M   6 13     27 280
 8  80  57  69   5   0   4 0.30  0.0    0  7.6 28 360   M    M   4 13     36 350
 9  89  54  72   8   0   7 0.05  0.0    0  3.5 15 240   M    M   3 1238   19 240
10  79  58  69   5   0   4 0.00  0.0    0  8.1 17 340   M    M   0        23 310
11  65  56  61  -3   4   0 0.70  0.0    0  7.9 17  80   M    M   8 1      21  70
12  75  55  65   0   0   0 0.04  0.0    0  9.3 17 100   M    M   4        23  70
13  67  54  61  -4   4   0 0.06  0.0    0  5.5 10 140   M    M   9 18     15 140
14  81  61  71   6   0   6 0.00  0.0    0  1.9  8 340   M    M   7 12     12 320
15  79  59  69   3   0   4 0.87  0.0    0  5.3 17 310   M    M   3 13     27 310
16  75  53  64  -2   1   0 0.00  0.0    0  5.9  9 130   M    M   1         M  M
17  81  56  69   3   0   4    T  0.0    0  5.4 13 220   M    M   2        17 210
18  81  60  71   5   0   6 0.00  0.0    0  7.3 16 360   M    M   5 1      21  20
19  76  54  65  -2   0   0 0.00  0.0    0  6.4 14 120   M    M   2        17 120
20  76  53  65  -2   0   0 0.08  0.0    0  4.4 18 140   M    M   4 1      23 160
21  83  57  70   3   0   5 0.00  0.0    0  5.3 22 330   M    M   4 12     28 330
22  84  57  71   4   0   6 0.50  0.0    0  9.7 26 120   M    M   3 13     33 260
23  78  55  67  -1   0   2 0.00  0.0    0  7.7 16 330   M    M   0        23 330
24  83  53  68   0   0   3 0.00  0.0    0  3.9 13 200   M    M   0 1      16 220
25  83  59  71   3   0   6 0.75  0.0    0  4.3 28 350   M    M   3 123    36 360
26  78  57  68   0   0   3 0.09  0.0    0  5.8 16 120   M    M   2 13     29 110
27  81  54  68  -1   0   3 0.00  0.0    0  5.0 13 100   M    M   3 1      17  90
28  71  60  66  -3   0   1 0.91  0.0    0  4.5 12 130   M    M   7 1      14 120
29  79  57  68  -1   0   3 0.24  0.0    0  4.7 23 360   M    M   7 13     32  10
================================================================================
SM 2252 1583        35  76  5.67     0.0 179.8          M      105
================================================================================
AV 77.7 54.6                               6.2 FASTST   M    M   4    MAX(MPH)
                                 MISC ---->  # 28 360               # 36  350
================================================================================
NOTES:
# LAST OF SEVERAL OCCURRENCES

COLUMN 17 PEAK WIND IN M.P.H.

PRELIMINARY LOCAL CLIMATOLOGICAL DATA (WS FORM: F-6) , PAGE 2

                                          STATION:  WISCONSIN RAPIDS ASOS
                                          MONTH:    JUNE
                                          YEAR:     2015
                                          LATITUDE:   44 22 N
                                          LONGITUDE:  89 50 W

[TEMPERATURE DATA]      [PRECIPITATION DATA]       SYMBOLS USED IN COLUMN 16

AVERAGE MONTHLY: 66.1   TOTAL FOR MONTH:   5.67    1 = FOG OR MIST
DPTR FM NORMAL:   0.7   DPTR FM NORMAL:    1.63    2 = FOG REDUCING VISIBILITY
HIGHEST:    89 ON  9    GRTST 24HR  1.01 ON  7- 8      TO 1/4 MILE OR LESS
LOWEST:     39 ON  2                               3 = THUNDER
                        SNOW, ICE PELLETS, HAIL    4 = ICE PELLETS
                        TOTAL MONTH:   0.0 INCH    5 = HAIL
                        GRTST 24HR     0.0         6 = FREEZING RAIN OR DRIZZLE
                        GRTST DEPTH:   0           7 = DUSTSTORM OR SANDSTORM:
                                                       VSBY 1/2 MILE OR LESS
                                                   8 = SMOKE OR HAZE
[NO. OF DAYS WITH]      [WEATHER - DAYS WITH]      9 = BLOWING SNOW
                                                   X = TORNADO
MAX 32 OR BELOW:   0    0.01 INCH OR MORE:  15
MAX 90 OR ABOVE:   0    0.10 INCH OR MORE:   8
MIN 32 OR BELOW:   0    0.50 INCH OR MORE:   6
MIN  0 OR BELOW:   0    1.00 INCH OR MORE:   0

[HDD (BASE 65) ]
TOTAL THIS MO.    35    CLEAR  (SCALE 0-3)  15
DPTR FM NORMAL   -39    PTCLDY (SCALE 4-7)  11
TOTAL FM JUL 1  8105    CLOUDY (SCALE 8-10)  3
DPTR FM NORMAL   122

[CDD (BASE 65) ]
TOTAL THIS MO.    76
DPTR FM NORMAL   -11    [PRESSURE DATA]
TOTAL FM JAN 1   110    HIGHEST SLP M ON M
DPTR FM NORMAL     1    LOWEST  SLP 29.50 ON M

[REMARKS]
