000
CXUS53 KGRB 010738
CF6ISW
PRELIMINARY LOCAL CLIMATOLOGICAL DATA (WS FORM: F-6)

                                          STATION:   WISCONSIN RAPIDS ASOS
                                          MONTH:     APRIL
                                          YEAR:      2016
                                          LATITUDE:   44 22 N
                                          LONGITUDE:  89 50 W

  TEMPERATURE IN F:       :PCPN:    SNOW:  WIND      :SUNSHINE: SKY     :PK WND
================================================================================
1   2   3   4   5  6A  6B    7    8   9   10  11  12  13   14  15   16   17  18
                                     12Z  AVG MX 2MIN
DY MAX MIN AVG DEP HDD CDD  WTR  SNW DPTH SPD SPD DIR MIN PSBL S-S WX    SPD DR
================================================================================

 1  42  25  34  -4  31   0 0.05    T    T  7.1 24 320   M    M   6 128    30 320
 2  31  18  25 -14  40   0 0.11  0.5    T 11.8 32 340   M    M   6 128    43 350
 3  51  25  38  -1  27   0    T  0.0    T  9.3 18 100   M    M   7        24  90
 4   M   M   M   M   M   M    T    T    0  9.6 13 360   M    M  10         M  M
 5  43  16  30 -10  35   0 0.28    T    0  6.9 18 180   M    M   8 1      24 180
 6  44  32  38  -3  27   0 0.25    T    T  7.3 15 330   M    M  10 1      18 330
 7  39  26  33  -8  32   0    T    T    T  9.7 17 350   M    M   9 1      22 340
 8  32  20  26 -16  39   0 0.16  1.0    1 10.7 29  10   M    M   8 12     38  10
 9  37  16  27 -15  38   0 0.00  0.0    1  7.0 15 150   M    M   2        22 140
10  59  30  45   2  20   0 0.00  0.0    0 10.2 16 270   M    M   5        25 270
11  44  28  36  -7  29   0 0.00  0.0    0 13.0 25 310   M    M   6        34 310
12  49  20  35  -9  30   0 0.00  0.0    0  4.9 13 240   M    M   3        16 230
13  53  35  44   0  21   0 0.05    T    0  9.3 16 200   M    M   7        24 150
14  69  32  51   7  14   0 0.00  0.0    0  8.5 20 170   M    M   1        25 170
15  73  39  56  11   9   0 0.00  0.0    0  8.6 18 130   M    M   0        24 120
16  80  40  60  15   5   0 0.00  0.0    0  6.3 16 160   M    M   1        23 130
17  83  44  64  18   1   0 0.00  0.0    0  4.3 16 250   M    M   1        24 250
18  83  46  65  19   0   0 0.00  0.0    0  5.5 23  70   M    M   0        30  70
19  54  44  49   2  16   0 0.03  0.0    0  9.6 21 100   M    M   8        28 110
20  71  48  60  13   5   0    T  0.0    0  9.3 18 110   M    M   7        25  90
21  73  51  62  14   3   0 0.00  0.0    0  5.4 20 350   M    M   8 3      27 320
22  61  42  52   4  13   0 0.00  0.0    0  8.2 18  30   M    M   4        23  30
23  66  34  50   2  15   0 0.00  0.0    0  6.5 16 220   M    M   3        19 210
24  52  44  48  -1  17   0 0.08  0.0    0  9.5 18 100   M    M   9 18     24 110
25  67  41  54   5  11   0 0.29  0.0    0 11.3 18  80   M    M   9 138    25 120
26  47  37  42  -8  23   0 0.00  0.0    0  8.5 17  90   M    M   8 1      23  70
27  54  34  44  -6  21   0 0.01  0.0    0 13.9 25  80   M    M   3        31  80
28  44  38  41  -9  24   0 0.29    M    0 11.3 23  80   M    M  10 1      33  90
29  58  38  48  -3  17   0 0.00  0.0    0  6.5 15  30   M    M   8        19  30
30  53  34  44  -7  21   0 0.01  0.0    0 11.5 28  90   M    M   4        39  70
================================================================================
SM 1612  977       584   0  1.61     1.5 261.5          M      171
================================================================================
AV 55.6 33.7                               8.7 FASTST   M    M   6    MAX(MPH)
                                 MISC ---->  # 32 340               # 43  350
================================================================================
NOTES:
# LAST OF SEVERAL OCCURRENCES

COLUMN 17 PEAK WIND IN M.P.H.

PRELIMINARY LOCAL CLIMATOLOGICAL DATA (WS FORM: F-6) , PAGE 2

                                          STATION:  WISCONSIN RAPIDS ASOS
                                          MONTH:    APRIL
                                          YEAR:     2016
                                          LATITUDE:   44 22 N
                                          LONGITUDE:  89 50 W

[TEMPERATURE DATA]      [PRECIPITATION DATA]       SYMBOLS USED IN COLUMN 16

AVERAGE MONTHLY: 44.6   TOTAL FOR MONTH:   1.61    1 = FOG OR MIST
DPTR FM NORMAL:  -0.4   DPTR FM NORMAL:   -1.32    2 = FOG REDUCING VISIBILITY
HIGHEST:    83 ON 18,17 GRTST 24HR  0.31 ON 31- 1      TO 1/4 MILE OR LESS
LOWEST:     16 ON  9, 5                            3 = THUNDER
                        SNOW, ICE PELLETS, HAIL    4 = ICE PELLETS
                        TOTAL MONTH:   1.5 INCHES  5 = HAIL
                        GRTST 24HR   1.0 ON  8- 8  6 = FREEZING RAIN OR DRIZZLE
                        GRTST DEPTH:   1 ON  9, 8  7 = DUSTSTORM OR SANDSTORM:
                                                       VSBY 1/2 MILE OR LESS
                                                   8 = SMOKE OR HAZE
[NO. OF DAYS WITH]      [WEATHER - DAYS WITH]      9 = BLOWING SNOW
                                                   X = TORNADO
MAX 32 OR BELOW:   2    0.01 INCH OR MORE:  12
MAX 90 OR ABOVE:   0    0.10 INCH OR MORE:   6
MIN 32 OR BELOW:  12    0.50 INCH OR MORE:   0
MIN  0 OR BELOW:   0    1.00 INCH OR MORE:   0

[HDD (BASE 65) ]
TOTAL THIS MO.   584    CLEAR  (SCALE 0-3)   8
DPTR FM NORMAL   -19    PTCLDY (SCALE 4-7)  13
TOTAL FM JUL 1  6421    CLOUDY (SCALE 8-10)  9
DPTR FM NORMAL -1200

[CDD (BASE 65) ]
TOTAL THIS MO.     0
DPTR FM NORMAL    -1    [PRESSURE DATA]
TOTAL FM JAN 1     0    HIGHEST SLP M ON M
DPTR FM NORMAL    -1    LOWEST  SLP 29.51 ON  6

[REMARKS]
#FINAL-04-16#
