000
CXUS53 KGRB 290624
CF6ISW
PRELIMINARY LOCAL CLIMATOLOGICAL DATA (WS FORM: F-6)

                                          STATION:   WISCONSIN RAPIDS ASOS
                                          MONTH:     AUGUST
                                          YEAR:      2016
                                          LATITUDE:   44 22 N
                                          LONGITUDE:  89 50 W

  TEMPERATURE IN F:       :PCPN:    SNOW:  WIND      :SUNSHINE: SKY     :PK WND
================================================================================
1   2   3   4   5  6A  6B    7    8   9   10  11  12  13   14  15   16   17  18
                                     12Z  AVG MX 2MIN
DY MAX MIN AVG DEP HDD CDD  WTR  SNW DPTH SPD SPD DIR MIN PSBL S-S WX    SPD DR
================================================================================

 1  84  61  73   3   0   8 0.00  0.0    0  5.5 13 130   M    M   1        17 110
 2  86  63  75   5   0  10    T  0.0    0  4.6 12 230   M    M   3        15 210
 3  90  67  79   9   0  14 0.00  0.0    0  3.9 12 220   M    M   2 128    14 210
 4  85  69  77   7   0  12 0.44  0.0    0  8.4 18 180   M    M   3 13     24 190
 5  80  62  71   1   0   6 0.00  0.0    0  7.6 17 320   M    M   3        23 310
 6  81  55  68  -2   0   3 0.00  0.0    0  5.4 15 350   M    M   1        19 310
 7  83  56  70   0   0   5 0.00  0.0    0  2.8  9  10   M    M   2 12     14 360
 8  82  55  69  -1   0   4 0.00  0.0    0  4.6 13 140   M    M   1 1      17 130
 9  86  61  74   4   0   9 0.00  0.0    0  5.9 14 240   M    M   3        18 220
10  90  66  78   9   0  13    T  0.0    0  4.9 15 200   M    M   2 12     19 170
11  86  71  79  10   0  14 0.75  0.0    0  7.6 23 220   M    M   3 138    29 210
12  80  69  75   6   0  10 0.37  0.0    0  5.0 12  90   M    M   6 1      15 110
13  81  61  71   2   0   6 0.21  0.0    0  6.4 18 360   M    M   6 1      28 360
14  84  58  71   2   0   6 0.00  0.0    0  3.7 15 300   M    M   2 12     18 310
15  84  56  70   1   0   5 0.00  0.0    0  2.5  9 190   M    M   2 12     13  70
16  85  61  73   5   0   8 0.52  0.0    0  4.1 25 260   M    M   2 13     33 280
17  84  61  73   5   0   8    T  0.0    0  3.2 10 320   M    M   2 12     12 320
18  87  62  75   7   0  10 0.00  0.0    0  4.8 14 220   M    M   1 1      19 240
19  79  66  73   5   0   8 0.51  0.0    0  5.9 16 290   M    M   5 13     23 290
20  70  57  64  -4   1   0 0.40  0.0    0  8.8 23 310   M    M   8 1      31 310
21  72  51  62  -6   3   0 0.01  0.0    0  6.6 17 340   M    M   6 1      22 330
22  80  48  64  -3   1   0 0.00  0.0    0  7.9 18 210   M    M   1 1      25 220
23  83  61  72   5   0   7 0.35  0.0    0  8.4 18 200   M    M   1 13     24 200
24  80  66  73   6   0   8 0.76  0.0    0  6.7 15 170   M    M   6 13     22 170
25  81  59  70   3   0   5 0.00  0.0    0  7.5 17 260   M    M   0        23 250
26  72  53  63  -3   2   0 0.03  0.0    0  3.1 10 320   M    M   1 1      14 300
27  68  59  64  -2   1   0 0.17  0.0    0  4.6 12 110   M    M  10 1      15 120
28  80  63  72   6   0   7    T  0.0    0  3.3  8 230   M    M   5 1      12 260
================================================================================
SM 2283 1697         8 186  4.52     0.0 153.7          M       88
================================================================================
AV 81.5 60.6                               5.5 FASTST   M    M   3    MAX(MPH)
                                 MISC ---->  # 25 260               # 33  280
================================================================================
NOTES:
# LAST OF SEVERAL OCCURRENCES

COLUMN 17 PEAK WIND IN M.P.H.

PRELIMINARY LOCAL CLIMATOLOGICAL DATA (WS FORM: F-6) , PAGE 2

                                          STATION:  WISCONSIN RAPIDS ASOS
                                          MONTH:    AUGUST
                                          YEAR:     2016
                                          LATITUDE:   44 22 N
                                          LONGITUDE:  89 50 W

[TEMPERATURE DATA]      [PRECIPITATION DATA]       SYMBOLS USED IN COLUMN 16

AVERAGE MONTHLY: 71.1   TOTAL FOR MONTH:   4.52    1 = FOG OR MIST
DPTR FM NORMAL:   2.6   DPTR FM NORMAL:    0.89    2 = FOG REDUCING VISIBILITY
HIGHEST:    90 ON 10, 3 GRTST 24HR  1.11 ON 23-24      TO 1/4 MILE OR LESS
LOWEST:     48 ON 22                               3 = THUNDER
                        SNOW, ICE PELLETS, HAIL    4 = ICE PELLETS
                        TOTAL MONTH:   0.0 INCH    5 = HAIL
                        GRTST 24HR     0.0         6 = FREEZING RAIN OR DRIZZLE
                        GRTST DEPTH:   0           7 = DUSTSTORM OR SANDSTORM:
                                                       VSBY 1/2 MILE OR LESS
                                                   8 = SMOKE OR HAZE
[NO. OF DAYS WITH]      [WEATHER - DAYS WITH]      9 = BLOWING SNOW
                                                   X = TORNADO
MAX 32 OR BELOW:   0    0.01 INCH OR MORE:  12
MAX 90 OR ABOVE:   2    0.10 INCH OR MORE:  10
MIN 32 OR BELOW:   0    0.50 INCH OR MORE:   4
MIN  0 OR BELOW:   0    1.00 INCH OR MORE:   0

[HDD (BASE 65) ]
TOTAL THIS MO.     8    CLEAR  (SCALE 0-3)  19
DPTR FM NORMAL   -19    PTCLDY (SCALE 4-7)   8
TOTAL FM JUL 1    11    CLOUDY (SCALE 8-10)  1
DPTR FM NORMAL   -31

[CDD (BASE 65) ]
TOTAL THIS MO.   186
DPTR FM NORMAL    61    [PRESSURE DATA]
TOTAL FM JAN 1   555    HIGHEST SLP M ON M
DPTR FM NORMAL   135    LOWEST  SLP 29.48 ON 20

[REMARKS]
