000
CXUS53 KGRB 190641
CF6ISW
PRELIMINARY LOCAL CLIMATOLOGICAL DATA (WS FORM: F-6)

                                          STATION:   WISCONSIN RAPIDS ASOS
                                          MONTH:     FEBRUARY
                                          YEAR:      2018
                                          LATITUDE:   44 22 N
                                          LONGITUDE:  89 50 W

  TEMPERATURE IN F:       :PCPN:    SNOW:  WIND      :SUNSHINE: SKY     :PK WND
================================================================================
1   2   3   4   5  6A  6B    7    8   9   10  11  12  13   14  15   16   17  18
                                     12Z  AVG MX 2MIN
DY MAX MIN AVG DEP HDD CDD  WTR  SNW DPTH SPD SPD DIR MIN PSBL S-S WX    SPD DR
================================================================================

 1  26  -3  12  -5  53   0    T    T    2 14.8 28 320   M    M   1        39 310
 2  13  -8   3 -14  62   0    T    T    1  5.8 14 260   M    M   3        17 250
 3  24  12  18   1  47   0 0.33  4.6    6  5.8 18  30   M    M  10 18     23  30
 4  13  -8   3 -14  62   0    T    T    6 11.9 23  20   M    M   5        27  20
 5  11 -17  -3 -20  68   0    T    T    6  6.8 16 230   M    M   3 8      20 250
 6  11 -10   1 -17  64   0 0.00  0.0    6  3.0  9 230   M    M   3        12 350
 7  13 -10   2 -16  63   0 0.02  0.7    6  4.3 14 320   M    M   5 8      20 320
 8  19 -13   3 -15  62   0 0.00  0.0    6  4.5 15 290   M    M   4        21 270
 9  15  -1   7 -11  58   0    T    T    4  6.9 13  10   M    M   4        16  20
10  19   0  10  -8  55   0 0.00  0.0    6  3.3 13 320   M    M   2        15 320
11  24   7  16  -3  49   0 0.00  0.0    5  7.7 20 310   M    M   3        25 310
12  16  -4   6 -13  59   0 0.00  0.0    M  4.4 14 310   M    M   0        18 320
13  31   1  16  -3  49   0 0.00  0.0    M  7.9 17 210   M    M   5        25 220
14  47  13  30  10  35   0 0.00  0.0    M  9.2 17 210   M    M   0 18     21 210
15  43  28  36  16  29   0    T    M    M  8.5 18 360   M    M   2 18     24 360
16  29  12  21   1  44   0 0.00  0.0    M 10.4 24 320   M    M   2        32 320
17  27  11  19  -1  46   0 0.04    M    M  8.4 15 210   M    M   6 1      21 210
18  38   8  23   2  42   0 0.00  0.0    M  7.5 22 180   M    M   3 18     31 190
================================================================================
SM  419   18       947   0  0.39     5.3 131.1          M       61
================================================================================
AV 23.3  1.0                               7.3 FASTST   M    M   3    MAX(MPH)
                                 MISC ---->  # 28 320               # 39  310
================================================================================
NOTES:
# LAST OF SEVERAL OCCURRENCES

COLUMN 17 PEAK WIND IN M.P.H.

PRELIMINARY LOCAL CLIMATOLOGICAL DATA (WS FORM: F-6) , PAGE 2

                                          STATION:  WISCONSIN RAPIDS ASOS
                                          MONTH:    FEBRUARY
                                          YEAR:     2018
                                          LATITUDE:   44 22 N
                                          LONGITUDE:  89 50 W

[TEMPERATURE DATA]      [PRECIPITATION DATA]       SYMBOLS USED IN COLUMN 16

AVERAGE MONTHLY: 12.1   TOTAL FOR MONTH:   0.39    1 = FOG OR MIST
DPTR FM NORMAL:  -6.4   DPTR FM NORMAL:   -0.07    2 = FOG REDUCING VISIBILITY
HIGHEST:    47 ON 14    GRTST 24HR  0.33 ON  3- 3      TO 1/4 MILE OR LESS
LOWEST:    -17 ON  5                               3 = THUNDER
                        SNOW, ICE PELLETS, HAIL    4 = ICE PELLETS
                        TOTAL MONTH:   5.3 INCHES  5 = HAIL
                        GRTST 24HR   4.6 ON  3- 3  6 = FREEZING RAIN OR DRIZZLE
                        GRTST DEPTH:   6 ON 10, 8  7 = DUSTSTORM OR SANDSTORM:
                                                       VSBY 1/2 MILE OR LESS
                                                   8 = SMOKE OR HAZE
[NO. OF DAYS WITH]      [WEATHER - DAYS WITH]      9 = BLOWING SNOW
                                                   X = TORNADO
MAX 32 OR BELOW:  15    0.01 INCH OR MORE:   3
MAX 90 OR ABOVE:   0    0.10 INCH OR MORE:   1
MIN 32 OR BELOW:  18    0.50 INCH OR MORE:   0
MIN  0 OR BELOW:  10    1.00 INCH OR MORE:   0

[HDD (BASE 65) ]
TOTAL THIS MO.   947    CLEAR  (SCALE 0-3)   9
DPTR FM NORMAL   109    PTCLDY (SCALE 4-7)   8
TOTAL FM JUL 1  5422    CLOUDY (SCALE 8-10)  1
DPTR FM NORMAL  -117

[CDD (BASE 65) ]
TOTAL THIS MO.     0
DPTR FM NORMAL     0    [PRESSURE DATA]
TOTAL FM JAN 1     0    HIGHEST SLP M ON M
DPTR FM NORMAL     0    LOWEST  SLP 29.63 ON 15

[REMARKS]
