000
CXHW53 PHFO 261250
CF6ITO
PRELIMINARY LOCAL CLIMATOLOGICAL DATA (WS FORM: F-6)

                                          STATION:   HILO HI
                                          MONTH:     APRIL
                                          YEAR:      2017
                                          LATITUDE:   19 43 N
                                          LONGITUDE: 155  4 W

  TEMPERATURE IN F:       :PCPN:    SNOW:  WIND      :SUNSHINE: SKY     :PK WND
================================================================================
1   2   3   4   5  6A  6B    7    8   9   10  11  12  13   14  15   16   17  18
                                     12Z  AVG MX 2MIN
DY MAX MIN AVG DEP HDD CDD  WTR  SNW DPTH SPD SPD DIR MIN PSBL S-S WX    SPD DR
================================================================================

 1  80  68  74   2   0   9 0.17  0.0    M  6.3 16  80   M    M   M 18     20  80
 2  83  66  75   3   0  10 0.19  0.0    M  6.7 18  90   M    M   M 18     23  80
 3  83  69  76   4   0  11 0.10  0.0    M  5.7 15  60   M    M   M 1      21  80
 4  82  67  75   3   0  10 0.10  0.0    M  7.3 16  70   M    M   M 18     26  90
 5  82  66  74   2   0   9    T  0.0    M  7.0 17  80   M    M   M        26 100
 6  83  65  74   2   0   9 0.00  0.0    M  6.3 14  80   M    M   M 8      22  80
 7  82  68  75   3   0  10 0.00  0.0    M  7.5 18 110   M    M   M        22 110
 8  83  69  76   4   0  11    T  0.0    M  7.1 18 100   M    M   M        24 110
 9  85  67  76   4   0  11 0.00  0.0    M  9.0 22 110   M    M   M 8      28 120
10  84  67  76   4   0  11 0.02  0.0    0  7.6 20  90   M    M   M 1      24  90
11  82  67  75   3   0  10 0.27  0.0    0  5.2 22 130   M    M   M 18     26 130
12  79  66  73   1   0   8 0.75  0.0    M  4.2 10 250   M    M   M 1      12 210
13  81  65  73   1   0   8 0.23  0.0    M  5.0 16 120   M    M   M 1      19 150
14  83  66  75   3   0  10 0.02  0.0    M  5.8 14  40   M    M   M        17  60
15  81  67  74   2   0   9 0.09  0.0    0  6.4 13 310   M    M   M 18     17  20
16  82  66  74   2   0   9 0.13  0.0    M  7.0 13 340   M    M   M 1      17  10
17  77  68  73   1   0   8 1.49  0.0    M 11.8 22  50   M    M   M 1      28  70
18  74  65  70  -2   0   5 0.51  0.0    M   M   M   M   M    M   M 18      M  M
19  78  67  73   1   0   8 0.03  0.0    M  5.2 15 140   M    M   M 1      19 130
20  84  64  74   2   0   9    T  0.0    M  4.7 12  70   M    M   M        14  50
21  83  65  74   2   0   9 0.00  0.0    M  6.4 13  80   M    M   M        18  80
22  84  66  75   3   0  10 0.05  0.0    M  6.5 16  70   M    M   M 1      20  70
23  83  67  75   3   0  10 0.00  0.0    M  7.1 20 110   M    M   M        23 100
24  83  65  74   2   0   9 0.00  0.0    M  7.0 13 120   M    M   M        17 100
25  85  65  75   3   0  10 0.01  0.0    M  7.5 18  90   M    M   M        23  90
================================================================================
SM 2046 1661         0 233  4.16     0.0 160.3          M        M
================================================================================
AV 81.8 66.4                               6.7 FASTST   M    M -nan   MAX(MPH)
                                 MISC ---->  # 22 110               # 28  120
================================================================================
NOTES:
# LAST OF SEVERAL OCCURRENCES

COLUMN 17 PEAK WIND IN M.P.H.

PRELIMINARY LOCAL CLIMATOLOGICAL DATA (WS FORM: F-6) , PAGE 2

                                          STATION:  HILO HI
                                          MONTH:    APRIL
                                          YEAR:     2017
                                          LATITUDE:   19 43 N
                                          LONGITUDE: 155  4 W

[TEMPERATURE DATA]      [PRECIPITATION DATA]       SYMBOLS USED IN COLUMN 16

AVERAGE MONTHLY: 74.1   TOTAL FOR MONTH:   4.16    1 = FOG OR MIST
DPTR FM NORMAL:   2.1   DPTR FM NORMAL:   -5.75    2 = FOG REDUCING VISIBILITY
HIGHEST:    85 ON 25, 9 GRTST 24HR  1.49 ON 17-17      TO 1/4 MILE OR LESS
LOWEST:     64 ON 20                               3 = THUNDER
                        SNOW, ICE PELLETS, HAIL    4 = ICE PELLETS
                        TOTAL MONTH:   0.0 INCH    5 = HAIL
                        GRTST 24HR     0.0         6 = FREEZING RAIN OR DRIZZLE
                        GRTST DEPTH:   0           7 = DUSTSTORM OR SANDSTORM:
                                                       VSBY 1/2 MILE OR LESS
                                                   8 = SMOKE OR HAZE
[NO. OF DAYS WITH]      [WEATHER - DAYS WITH]      9 = BLOWING SNOW
                                                   X = TORNADO
MAX 32 OR BELOW:   0    0.01 INCH OR MORE:  16
MAX 90 OR ABOVE:   0    0.10 INCH OR MORE:  10
MIN 32 OR BELOW:   0    0.50 INCH OR MORE:   3
MIN  0 OR BELOW:   0    1.00 INCH OR MORE:   1

[HDD (BASE 65) ]
TOTAL THIS MO.     0    CLEAR  (SCALE 0-3)   0
DPTR FM NORMAL     0    PTCLDY (SCALE 4-7)   0
TOTAL FM JUL 1     0    CLOUDY (SCALE 8-10)  0
DPTR FM NORMAL     0

[CDD (BASE 65) ]
TOTAL THIS MO.   233
DPTR FM NORMAL    58    [PRESSURE DATA]
TOTAL FM JAN 1   944    HIGHEST SLP M ON M
DPTR FM NORMAL   188    LOWEST  SLP 29.96 ON M

[REMARKS]
