000
CXHW53 PHFO 281250
CF6ITO
PRELIMINARY LOCAL CLIMATOLOGICAL DATA (WS FORM: F-6)

                                          STATION:   HILO HI
                                          MONTH:     JULY
                                          YEAR:      2015
                                          LATITUDE:   19 43 N
                                          LONGITUDE: 155  4 W

  TEMPERATURE IN F:       :PCPN:    SNOW:  WIND      :SUNSHINE: SKY     :PK WND
================================================================================
1   2   3   4   5  6A  6B    7    8   9   10  11  12  13   14  15   16   17  18
                                     12Z  AVG MX 2MIN
DY MAX MIN AVG DEP HDD CDD  WTR  SNW DPTH SPD SPD DIR MIN PSBL S-S WX    SPD DR
================================================================================

 1  88  74  81   5   0  16 0.02  0.0    0  5.9 14 100   M    M   9 1      19 110
 2  87  74  81   5   0  16 0.03  0.0    0  5.6 18 100   M    M   9 1      25 110
 3  87  72  80   4   0  15 0.00  0.0    0  6.8 15  50   M    M   5        21 100
 4  88  70  79   3   0  14    T  0.0    0  6.0 14  40   M    M   5 8      18  40
 5  87  70  79   3   0  14 0.02  0.0    0  6.5 18  60   M    M   8 1      22  70
 6  87  72  80   4   0  15 0.10  0.0    0  7.6 18  40   M    M   7 1      23  40
 7  88  70  79   3   0  14 0.31  0.0    0  6.1 14  50   M    M   7 1      17  50
 8  87  72  80   4   0  15 0.11  0.0    0  6.8 15  10   M    M   6 1      20 360
 9  86  73  80   4   0  15 0.08  0.0    0  8.3 16 340   M    M   7 1      19 350
10  87  75  81   5   0  16 0.09  0.0    0  7.1 15 340   M    M   6 1      20  10
11  87  73  80   4   0  15 0.00  0.0    0  5.6 13 360   M    M   5        16  20
12  90  73  82   6   0  17 0.02  0.0    0  6.4 15  80   M    M   7 1      22 100
13  87  72  80   4   0  15 1.31  0.0    0  6.3 16  80   M    M   7 1      19  80
14  87  71  79   3   0  14 0.15  0.0    0  6.0 14  40   M    M   7 1      17  40
15  87  72  80   4   0  15 0.29  0.0    0  6.0 12 300   M    M   7 1      17  40
16  89  71  80   4   0  15 0.95  0.0    0  6.6 17 110   M    M   5 1      22 100
17  84  71  78   2   0  13 2.97  0.0    0  5.7 15 350   M    M   9 1      18 340
18  86  73  80   4   0  15 0.15  0.0    0  6.3 14 320   M    M   6 1      17  10
19  84  70  77   1   0  12 0.15  0.0    0  6.9 17  20   M    M   9 1      21  20
20  86  71  79   3   0  14 0.01  0.0    0  4.7 13 100   M    M   8 1      17 110
21  88  72  80   4   0  15 0.12  0.0    0  6.9 14 210   M    M   7 1      21  70
22  84  73  79   3   0  14 0.10  0.0    0  5.2 13 260   M    M   8 1      14 260
23  86  69  78   2   0  13 0.20  0.0    0  7.4 17  70   M    M   6 1      20  80
24  86  73  80   4   0  15 0.11  0.0    0  5.6 14  80   M    M   8 18     16  80
25  89  71  80   4   0  15    T  0.0    0  5.8 15  90   M    M   5 1      18  80
26  88  71  80   4   0  15 0.02  0.0    0  6.7 15  70   M    M   3 1      18  80
27  85  72  79   3   0  14 0.47  0.0    0  6.7 14 230   M    M   7 18     16 250
================================================================================
SM 2345 1940         0 396  7.78     0.0 171.5          M      183
================================================================================
AV 86.9 71.9                               6.4 FASTST   M    M   7    MAX(MPH)
                                 MISC ---->  # 18 100               # 25  110
================================================================================
NOTES:
# LAST OF SEVERAL OCCURRENCES

COLUMN 17 PEAK WIND IN M.P.H.

PRELIMINARY LOCAL CLIMATOLOGICAL DATA (WS FORM: F-6) , PAGE 2

                                          STATION:  HILO HI
                                          MONTH:    JULY
                                          YEAR:     2015
                                          LATITUDE:   19 43 N
                                          LONGITUDE: 155  4 W

[TEMPERATURE DATA]      [PRECIPITATION DATA]       SYMBOLS USED IN COLUMN 16

AVERAGE MONTHLY: 79.4   TOTAL FOR MONTH:   7.78    1 = FOG OR MIST
DPTR FM NORMAL:   3.4   DPTR FM NORMAL:   -1.53    2 = FOG REDUCING VISIBILITY
HIGHEST:    90 ON 12    GRTST 24HR  3.87 ON 16-17      TO 1/4 MILE OR LESS
LOWEST:     69 ON 23                               3 = THUNDER
                        SNOW, ICE PELLETS, HAIL    4 = ICE PELLETS
                        TOTAL MONTH:   0.0 INCH    5 = HAIL
                        GRTST 24HR     0.0         6 = FREEZING RAIN OR DRIZZLE
                        GRTST DEPTH:   0           7 = DUSTSTORM OR SANDSTORM:
                                                       VSBY 1/2 MILE OR LESS
                                                   8 = SMOKE OR HAZE
[NO. OF DAYS WITH]      [WEATHER - DAYS WITH]      9 = BLOWING SNOW
                                                   X = TORNADO
MAX 32 OR BELOW:   0    0.01 INCH OR MORE:  23
MAX 90 OR ABOVE:   1    0.10 INCH OR MORE:  15
MIN 32 OR BELOW:   0    0.50 INCH OR MORE:   3
MIN  0 OR BELOW:   0    1.00 INCH OR MORE:   2

[HDD (BASE 65) ]
TOTAL THIS MO.     0    CLEAR  (SCALE 0-3)   0
DPTR FM NORMAL     0    PTCLDY (SCALE 4-7)  22
TOTAL FM JUL 1     0    CLOUDY (SCALE 8-10)  5
DPTR FM NORMAL     0

[CDD (BASE 65) ]
TOTAL THIS MO.   396
DPTR FM NORMAL    99    [PRESSURE DATA]
TOTAL FM JAN 1  2084    HIGHEST SLP M ON M
DPTR FM NORMAL   413    LOWEST  SLP 29.88 ON  1

[REMARKS]
