000
CXUS55 KGLD 230800
CF6ITR
PRELIMINARY LOCAL CLIMATOLOGICAL DATA (WS FORM: F-6)

                                          STATION:   BURLINGTON CO
                                          MONTH:     JANUARY
                                          YEAR:      2018
                                          LATITUDE:   39 15 N
                                          LONGITUDE: 102 17 W

  TEMPERATURE IN F:       :PCPN:    SNOW:  WIND      :SUNSHINE: SKY     :PK WND
================================================================================
1   2   3   4   5  6A  6B    7    8   9   10  11  12  13   14  15   16   17  18
                                     12Z  AVG MX 2MIN
DY MAX MIN AVG DEP HDD CDD  WTR  SNW DPTH SPD SPD DIR MIN PSBL S-S WX    SPD DR
================================================================================

 1  21  -3   9 -20  56   0 0.00  0.0    0 14.8 26 180   M    M   0        34 180
 2  38  -3  18 -11  47   0 0.00  0.0    0 10.6 24 330   M    M   1        30 330
 3  49  13  31   2  34   0 0.00    M    M  7.9 14 290   M    M   0        18  10
 4  54  17  36   7  29   0 0.00    M    M  8.6 18  10   M    M   0        25  20
 5  55  16  36   7  29   0 0.00    M    M  8.1 17 230   M    M   1        23 230
 6  57  20  39  10  26   0 0.00    M    M  8.7 16 190   M    M   0        20 160
 7  53  21  37   8  28   0 0.00    M    M 13.6 28 340   M    M   2        41 340
 8  58  20  39  10  26   0 0.00    M    M 12.6 21 190   M    M   0        27 190
 9  67  29  48  19  17   0 0.00    M    M  9.2 16 300   M    M   0        20 310
10  68  21  45  16  20   0 0.08    M    M 13.7 37 350   M    M   3 19     56 340
11  35  13  24  -5  41   0 0.00    M    M 13.1 31 350   M    M   1        42 340
12  42  14  28  -1  37   0 0.01    M    M 11.3 23  20   M    M   8 1      32  30
13  52  15  34   5  31   0    T    M    M  9.1 23 350   M    M   6 1      31 360
14  53  29  41  11  24   0 0.06    M    M  9.2 21 360   M    M   3 1      27 360
15  34  -4  15 -15  50   0    T    M    M 14.1 24  10   M    M   6 1      33  10
16  28  -7  11 -19  54   0 0.00    M    M  8.9 16 210   M    M   0        23 210
17  50   6  28  -2  37   0 0.00    M    M  8.5 15 200   M    M   0        19 200
18  62  17  40  10  25   0 0.00    M    M 10.6 18 240   M    M   0        25 250
19  74  31  53  23  12   0 0.00    M    M 10.3 22 240   M    M   0 8      30 240
20  52  20  36   6  29   0 0.00    M    M  7.6 20  10   M    M   0        27  10
21  30  25  28  -2  37   0    M    M    M 21.8 41 330   M    M  10 126    53 330
22  32  11  22  -8  43   0    T    M    0 20.6 38 330   M    M   3 18     53 320
================================================================================
SM 1064  321       732   0  0.15     0.0 252.9          M       44
================================================================================
AV 48.4 14.6                              11.5 FASTST   M    M   2    MAX(MPH)
                                 MISC ---->  # 41 330               # 56  340
================================================================================
NOTES:
# LAST OF SEVERAL OCCURRENCES

COLUMN 17 PEAK WIND IN M.P.H.

PRELIMINARY LOCAL CLIMATOLOGICAL DATA (WS FORM: F-6) , PAGE 2

                                          STATION:  BURLINGTON CO
                                          MONTH:    JANUARY
                                          YEAR:     2018
                                          LATITUDE:   39 15 N
                                          LONGITUDE: 102 17 W

[TEMPERATURE DATA]      [PRECIPITATION DATA]       SYMBOLS USED IN COLUMN 16

AVERAGE MONTHLY: 31.5   TOTAL FOR MONTH:   0.15    1 = FOG OR MIST
DPTR FM NORMAL:   2.1   DPTR FM NORMAL:   -0.06    2 = FOG REDUCING VISIBILITY
HIGHEST:    74 ON 19    GRTST 24HR  0.08 ON 10-10      TO 1/4 MILE OR LESS
LOWEST:     -7 ON 16                               3 = THUNDER
                        SNOW, ICE PELLETS, HAIL    4 = ICE PELLETS
                        TOTAL MONTH:   0.0 INCH    5 = HAIL
                        GRTST 24HR     0.0         6 = FREEZING RAIN OR DRIZZLE
                        GRTST DEPTH:   0           7 = DUSTSTORM OR SANDSTORM:
                                                       VSBY 1/2 MILE OR LESS
                                                   8 = SMOKE OR HAZE
[NO. OF DAYS WITH]      [WEATHER - DAYS WITH]      9 = BLOWING SNOW
                                                   X = TORNADO
MAX 32 OR BELOW:   4    0.01 INCH OR MORE:   3
MAX 90 OR ABOVE:   0    0.10 INCH OR MORE:   0
MIN 32 OR BELOW:  22    0.50 INCH OR MORE:   0
MIN  0 OR BELOW:   4    1.00 INCH OR MORE:   0

[HDD (BASE 65) ]
TOTAL THIS MO.   732    CLEAR  (SCALE 0-3)  16
DPTR FM NORMAL   -52    PTCLDY (SCALE 4-7)   5
TOTAL FM JUL 1  2994    CLOUDY (SCALE 8-10)  1
DPTR FM NORMAL  -302

[CDD (BASE 65) ]
TOTAL THIS MO.     0
DPTR FM NORMAL     0    [PRESSURE DATA]
TOTAL FM JAN 1     0    HIGHEST SLP M ON M
DPTR FM NORMAL     0    LOWEST  SLP 29.26 ON 10

[REMARKS]
