000
CXUS53 KIWX 101401
CF6IWX
PRELIMINARY LOCAL CLIMATOLOGICAL DATA (WS FORM: F-6)

                                          STATION:   NORTH WEBSTER WFO
                                          MONTH:     DECEMBER
                                          YEAR:      2002
                                          LATITUDE:   41 21 N
                                          LONGITUDE:  85 42 W

  TEMPERATURE IN F:       :PCPN:    SNOW:  WIND      :SUNSHINE: SKY     :PK WND
================================================================================
1   2   3   4   5  6A  6B    7    8   9   10  11  12  13   14  15   16   17  18
                                     12Z  AVG MX 2MIN
DY MAX MIN AVG DEP HDD CDD  WTR  SNW DPTH SPD SPD DIR MIN PSBL S-S WX    SPD DR
================================================================================

 1  30  13  22 -12  43   0    T    T    2   M   M   M   M    M   M         M  M
 2  35  14  25  -9  40   0 0.08  0.8    1   M   M   M   M    M   M         M  M
 3  21   5  13 -20  52   0 0.00  0.0    1   M   M   M   M    M   M         M  M
 4  24   8  16 -17  49   0 0.00  0.0    1   M   M   M   M    M   M         M  M
 5  27  16  22 -10  43   0    T    T    T   M   M   M   M    M   M         M  M
 6  28   9  19 -13  46   0 0.00  0.0    M   M   M   M   M    M   M         M  M
 7  40  24  32   1  33   0 0.00  0.0    T   M   M   M   M    M   M 18      M  M
 8  33  16  25  -6  40   0 0.00  0.0    T   M   M   M   M    M   M         M  M
 9  31  11  21  -9  44   0 0.00  0.0    T   M   M   M   M    M   M         M  M
10  40  19  30   0  35   0 0.00  0.0    T   M   M   M   M    M   M         M  M
11  40  27  34   4  31   0 0.00  0.0    T   M   M   M   M    M   M         M  M
12  37  25  31   2  34   0 0.00  0.0    M   M   M   M   M    M   M         M  M
13  34  30  32   3  33   0 0.00  0.0    M   M   M   M   M    M   M         M  M
14  37  27  32   3  33   0 0.00  0.0    0   M   M   M   M    M   M         M  M
15  43  27  35   7  30   0    T  0.0    M   M   M   M   M    M   M         M  M
16  32  21  27  -1  38   0 0.00  0.0    0   M   M   M   M    M   M         M  M
17  33  23  28   0  37   0 0.07    T    M   M   M   M   M    M   M         M  M
18  53  31  42  14  23   0 0.64  0.0    0   M   M   M   M    M   M         M  M
19  50  35  43  16  22   0 0.51  0.0    0   M   M   M   M    M   M         M  M
20  36  29  33   6  32   0 0.07  0.9    0   M   M   M   M    M   M         M  M
21  32  28  30   3  35   0    T    T    M   M   M   M   M    M   M 1       M  M
22  35  26  31   5  34   0 0.00  0.0    T   M   M   M   M    M   M         M  M
23  30  23  27   1  38   0 0.00  0.0    0   M   M   M   M    M   M         M  M
24  30  20  25  -1  40   0 0.24  3.5    T   M   M   M   M    M   M         M  M
25  31  23  27   1  38   0 0.24  4.2    M   M   M   M   M    M   M         M  M
26  26  17  22  -4  43   0    T    T    8   M   M   M   M    M   M         M  M
27  27  16  22  -3  43   0 0.00  0.0    7   M   M   M   M    M   M         M  M
28  32  25  29   4  36   0 0.00  0.0    6   M   M   M   M    M   M         M  M
29  35  26  31   6  34   0 0.00  0.0    5   M   M   M   M    M   M         M  M
30  52  31  42  17  23   0    T  0.0    4   M   M   M   M    M   M         M  M
31  51  28  40  15  25   0    T  0.0    0   M   M   M   M    M   M         M  M
================================================================================
SM 1085  673      1127   0  1.85     9.4     M          M        M
================================================================================
AV 35.0 21.7                                 M FASTST   M    M -nan   MAX(MPH)
                                 MISC ---->     M   M                  M    M
================================================================================
NOTES:
# LAST OF SEVERAL OCCURRENCES

COLUMN 17 PEAK WIND IN M.P.H.

PRELIMINARY LOCAL CLIMATOLOGICAL DATA (WS FORM: F-6) , PAGE 2

                                          STATION:  NORTH WEBSTER WFO
                                          MONTH:    DECEMBER
                                          YEAR:     2002
                                          LATITUDE:   41 21 N
                                          LONGITUDE:  85 42 W

[TEMPERATURE DATA]      [PRECIPITATION DATA]       SYMBOLS USED IN COLUMN 16

AVERAGE MONTHLY: 28.4   TOTAL FOR MONTH:   1.85    1 = FOG OR MIST
DPTR FM NORMAL:  -0.1   DPTR FM NORMAL:   -0.95    2 = FOG REDUCING VISIBILITY
HIGHEST:    53 ON 18    GRTST 24HR  0.64 ON 18-18      TO 1/4 MILE OR LESS
LOWEST:      5 ON  3                               3 = THUNDER
                        SNOW, ICE PELLETS, HAIL    4 = ICE PELLETS
                        TOTAL MONTH:   9.4 INCHES  5 = HAIL
                        GRTST 24HR   4.2 ON   M    6 = FREEZING RAIN OR DRIZZLE
                        GRTST DEPTH:   8 ON 26     7 = DUSTSTORM OR SANDSTORM:
                                                       VSBY 1/2 MILE OR LESS
                                                   8 = SMOKE OR HAZE
[NO. OF DAYS WITH]      [WEATHER - DAYS WITH]      9 = BLOWING SNOW
                                                   X = TORNADO
MAX 32 OR BELOW:  14    0.01 INCH OR MORE:   7
MAX 90 OR ABOVE:   0    0.10 INCH OR MORE:   4
MIN 32 OR BELOW:  30    0.50 INCH OR MORE:   2
MIN  0 OR BELOW:   0    1.00 INCH OR MORE:   0

[HDD (BASE 65) ]
TOTAL THIS MO.  1127    CLEAR  (SCALE 0-3)   0
DPTR FM NORMAL    -4    PTCLDY (SCALE 4-7)   0
TOTAL FM JUL 1  2511    CLOUDY (SCALE 8-10)  0
DPTR FM NORMAL   191

[CDD (BASE 65) ]
TOTAL THIS MO.     0
DPTR FM NORMAL     0    [PRESSURE DATA]
TOTAL FM JAN 1   802    HIGHEST SLP M ON M
DPTR FM NORMAL    89    LOWEST  SLP M ON M

[REMARKS]
#FINAL-12-02#
