000
CXUS53 KIWX 250800
CF6IWX
PRELIMINARY LOCAL CLIMATOLOGICAL DATA (WS FORM: F-6)

                                          STATION:   NORTH WEBSTER WFO
                                          MONTH:     JANUARY
                                          YEAR:      2015
                                          LATITUDE:   41 21 N
                                          LONGITUDE:  85 42 W

  TEMPERATURE IN F:       :PCPN:    SNOW:  WIND      :SUNSHINE: SKY     :PK WND
================================================================================
1   2   3   4   5  6A  6B    7    8   9   10  11  12  13   14  15   16   17  18
                                     12Z  AVG MX 2MIN
DY MAX MIN AVG DEP HDD CDD  WTR  SNW DPTH SPD SPD DIR MIN PSBL S-S WX    SPD DR
================================================================================

 1  28  15  22  -2  43   0 0.00  0.0    0   M   M   M   M    M   M         M  M
 2  34  20  27   3  38   0 0.00  0.0    0   M   M   M   M    M   M         M  M
 3  34  28  31   7  34   0 0.70    T    0   M   M   M   M    M   M         M  M
 4  33  14  24   0  41   0 0.14  1.3    0   M   M   M   M    M   M         M  M
 5  14  -1   7 -17  58   0 0.06  1.4    1   M   M   M   M    M   M         M  M
 6  16   5  11 -13  54   0 0.10  1.3    3   M   M   M   M    M   M         M  M
 7  12  -6   3 -21  62   0 0.04  1.3    3   M   M   M   M    M   M         M  M
 8  17 -10   4 -20  61   0 0.06  1.1    3   M   M   M   M    M   M 9       M  M
 9  17  -1   8 -16  57   0 0.01  0.8    4   M   M   M   M    M   M         M  M
10  20  -5   8 -16  57   0 0.00  0.0    4   M   M   M   M    M   M         M  M
11  30  26  28   4  37   0 0.13  0.8    4   M   M   M   M    M   M 46      M  M
12  29   7  18  -5  47   0 0.16  1.8    5   M   M   M   M    M   M 6       M  M
13  14  -2   6 -17  59   0    T    T    6   M   M   M   M    M   M         M  M
14  14  -3   6 -17  59   0    T    T    6   M   M   M   M    M   M 1       M  M
15  28   4  16  -7  49   0 0.00  0.0    6   M   M   M   M    M   M         M  M
16  34  20  27   4  38   0 0.00  0.0    6   M   M   M   M    M   M         M  M
17  44  21  33  10  32   0    T  0.0    5   M   M   M   M    M   M         M  M
18  37  31  34  11  31   0    T    T    1   M   M   M   M    M   M         M  M
19  40  25  33  10  32   0 0.00  0.0    1   M   M   M   M    M   M         M  M
20  37  31  34  11  31   0    T    T    T   M   M   M   M    M   M         M  M
21  33  30  32   9  33   0    T    T    T   M   M   M   M    M   M         M  M
22  32  29  31   8  34   0 0.00  0.0    T   M   M   M   M    M   M         M  M
23  31  26  29   5  36   0 0.00  0.0    T   M   M   M   M    M   M         M  M
24  40  24  32   8  33   0 0.00  0.0    T   M   M   M   M    M   M         M  M
================================================================================
SM  668  328      1056   0  1.40     9.8     M          M        M
================================================================================
AV 27.8 13.7                                 M FASTST   M    M   7    MAX(MPH)
                                 MISC ---->     M   M                  M    M
================================================================================
NOTES:
# LAST OF SEVERAL OCCURRENCES

COLUMN 17 PEAK WIND IN M.P.H.

PRELIMINARY LOCAL CLIMATOLOGICAL DATA (WS FORM: F-6) , PAGE 2

                                          STATION:  NORTH WEBSTER WFO
                                          MONTH:    JANUARY
                                          YEAR:     2015
                                          LATITUDE:   41 21 N
                                          LONGITUDE:  85 42 W

[TEMPERATURE DATA]      [PRECIPITATION DATA]       SYMBOLS USED IN COLUMN 16

AVERAGE MONTHLY: 20.8   TOTAL FOR MONTH:   1.40    1 = FOG OR MIST
DPTR FM NORMAL:  -2.8   DPTR FM NORMAL:   -0.30    2 = FOG REDUCING VISIBILITY
HIGHEST:    44 ON 17    GRTST 24HR  0.70 ON  3- 3      TO 1/4 MILE OR LESS
LOWEST:    -10 ON  8                               3 = THUNDER
                        SNOW, ICE PELLETS, HAIL    4 = ICE PELLETS
                        TOTAL MONTH:   9.8 INCHES  5 = HAIL
                        GRTST 24HR   1.8 ON   M    6 = FREEZING RAIN OR DRIZZLE
                        GRTST DEPTH:   6 ON 16,15  7 = DUSTSTORM OR SANDSTORM:
                                                       VSBY 1/2 MILE OR LESS
                                                   8 = SMOKE OR HAZE
[NO. OF DAYS WITH]      [WEATHER - DAYS WITH]      9 = BLOWING SNOW
                                                   X = TORNADO
MAX 32 OR BELOW:  14    0.01 INCH OR MORE:   9
MAX 90 OR ABOVE:   0    0.10 INCH OR MORE:   5
MIN 32 OR BELOW:  24    0.50 INCH OR MORE:   1
MIN  0 OR BELOW:   7    1.00 INCH OR MORE:   0

[HDD (BASE 65) ]
TOTAL THIS MO.  1056    CLEAR  (SCALE 0-3)   0
DPTR FM NORMAL    60    PTCLDY (SCALE 4-7)   0
TOTAL FM JUL 1  3581    CLOUDY (SCALE 8-10)  0
DPTR FM NORMAL   265

[CDD (BASE 65) ]
TOTAL THIS MO.     0
DPTR FM NORMAL     0    [PRESSURE DATA]
TOTAL FM JAN 1     0    HIGHEST SLP M ON M
DPTR FM NORMAL     0    LOWEST  SLP M ON M

[REMARKS]
