000
CXUS55 KEAX 300736
CF6IXD
PRELIMINARY LOCAL CLIMATOLOGICAL DATA (WS FORM: F-6)

                                          STATION:   New Century Air Center KS
                                          MONTH:     APRIL
                                          YEAR:      2017
                                          LATITUDE:   38 49 N
                                          LONGITUDE:  94 54 W

  TEMPERATURE IN F:       :PCPN:    SNOW:  WIND      :SUNSHINE: SKY     :PK WND
================================================================================
1   2   3   4   5  6A  6B    7    8   9   10  11  12  13   14  15   16   17  18
                                     12Z  AVG MX 2MIN
DY MAX MIN AVG DEP HDD CDD  WTR  SNW DPTH SPD SPD DIR MIN PSBL S-S WX    SPD DR
================================================================================

 1  53  43  48  -2  17   0    T    M    M  8.6 16  70   M    M   8 18     20  80
 2  67  49  58   8   7   0 0.12    M    M  7.8 14  70   M    M  10 1      17  60
 3  61  47  54   3  11   0 0.22    M    M  9.0 22 300   M    M   7 1      29 320
 4  52  47  50  -1  15   0 0.74    M    M 12.2 22  40   M    M   9 13     29  40
 5  56  39  48  -3  17   0 0.32    M    M 19.9 38 350   M    M   7 1      46 360
 6  58  39  49  -3  16   0 0.00    M    M 11.5 24 340   M    M   3        30 320
 7  65  31  48  -4  17   0 0.00    M    M  7.2 16 160   M    M   0        19 160
 8  77  53  65  13   0   0 0.00    M    M 16.5 25 190   M    M   0        35 190
 9  77  63  70  18   0   5 0.00    M    M 18.9 29 190   M    M   2        37 200
10  70  43  57   4   8   0 0.00    M    M 15.2 25 210   M    M   2        32 210
11  67  34  51  -2  14   0 0.00    M    M  6.8 16 340   M    M   1 1      19 330
12  77  42  60   7   5   0 0.00    M    M  9.9 21 200   M    M   2        27 210
13  79  54  67  13   0   2 0.00    M    M  8.5 16 190   M    M   1        22 200
14  79  60  70  16   0   5 0.32    M    M 13.6 33 190   M    M   5 13     42 190
15  80  59  70  16   0   5 0.55    M    M 17.9 36 320   M    M   3 13     43 320
16  70  57  64   9   1   0 0.74    M    M  8.2 20 320   M    M   6 13     26 320
17  72  54  63   8   2   0 0.00    M    M  8.4 18 110   M    M   2        24 120
18  78  54  66  11   0   1 0.00    M    M 10.6 18 180   M    M   2 8      26 150
19  79  61  70  14   0   5 0.00    M    M 14.8 29 180   M    M   3        38 170
20  69  50  60   4   5   0 0.07    M    M 11.8 23 330   M    M   3 1      31 210
21  56  48  52  -4  13   0    T    M    M 12.1 25  50   M    M   5        32  50
22  66  40  53  -4  12   0 0.05    M    M 13.8 28  20   M    M   4        36  20
23  70  38  54  -3  11   0 0.00    M    M  4.2 14 160   M    M   0        16 160
24  74  42  58   1   7   0 0.00    M    M 13.6 29 160   M    M   0        37 160
25  73  50  62   4   3   0 0.47    M    M 10.5 26 290   M    M   5 13     34 300
26  50  41  46 -12  19   0 0.09    M    M 14.9 23 330   M    M  10 1      31 320
27  61  38  50  -8  15   0 0.08    M    M  6.8 14 320   M    M   6 1      19 320
28  66  45  56  -3   9   0 0.22    M    M 10.4 18 360   M    M   7 1      25  70
29  51  44  48 -11  17   0 2.44    M    M 14.8 32  50   M    M  10 13     44  50
================================================================================
SM 1953 1365       241  23  6.43    M    338.4          M      123
================================================================================
AV 67.3 47.1                              11.7 FASTST   M    M   4    MAX(MPH)
                                 MISC ---->  # 38 350               # 46  360
================================================================================
NOTES:
# LAST OF SEVERAL OCCURRENCES

COLUMN 17 PEAK WIND IN M.P.H.

PRELIMINARY LOCAL CLIMATOLOGICAL DATA (WS FORM: F-6) , PAGE 2

                                          STATION:  New Century Air Center KS
                                          MONTH:    APRIL
                                          YEAR:     2017
                                          LATITUDE:   38 49 N
                                          LONGITUDE:  94 54 W

[TEMPERATURE DATA]      [PRECIPITATION DATA]       SYMBOLS USED IN COLUMN 16

AVERAGE MONTHLY: 57.2   TOTAL FOR MONTH:   6.43    1 = FOG OR MIST
DPTR FM NORMAL:   2.8   DPTR FM NORMAL:    2.76    2 = FOG REDUCING VISIBILITY
HIGHEST:    80 ON 15    GRTST 24HR  2.44 ON 29-29      TO 1/4 MILE OR LESS
LOWEST:     31 ON  7                               3 = THUNDER
                        SNOW, ICE PELLETS, HAIL    4 = ICE PELLETS
                        TOTAL MONTH:    M          5 = HAIL
                        GRTST 24HR    M  ON   M    6 = FREEZING RAIN OR DRIZZLE
                        GRTST DEPTH:  M  ON   M    7 = DUSTSTORM OR SANDSTORM:
                                                       VSBY 1/2 MILE OR LESS
                                                   8 = SMOKE OR HAZE
[NO. OF DAYS WITH]      [WEATHER - DAYS WITH]      9 = BLOWING SNOW
                                                   X = TORNADO
MAX 32 OR BELOW:   0    0.01 INCH OR MORE:  14
MAX 90 OR ABOVE:   0    0.10 INCH OR MORE:  10
MIN 32 OR BELOW:   1    0.50 INCH OR MORE:   4
MIN  0 OR BELOW:   0    1.00 INCH OR MORE:   1

[HDD (BASE 65) ]
TOTAL THIS MO.   241    CLEAR  (SCALE 0-3)  14
DPTR FM NORMAL   -80    PTCLDY (SCALE 4-7)  10
TOTAL FM JUL 1  3996    CLOUDY (SCALE 8-10)  5
DPTR FM NORMAL  -955

[CDD (BASE 65) ]
TOTAL THIS MO.    23
DPTR FM NORMAL     5    [PRESSURE DATA]
TOTAL FM JAN 1    34    HIGHEST SLP  0.00 ON M
DPTR FM NORMAL    14    LOWEST  SLP  0.00 ON M

[REMARKS]
