000
CXUS55 KEAX 300736
CF6IXD
PRELIMINARY LOCAL CLIMATOLOGICAL DATA (WS FORM: F-6)

                                          STATION:   New Century Air Center KS
                                          MONTH:     AUGUST
                                          YEAR:      2014
                                          LATITUDE:   38 49 N
                                          LONGITUDE:  94 54 W

  TEMPERATURE IN F:       :PCPN:    SNOW:  WIND      :SUNSHINE: SKY     :PK WND
================================================================================
1   2   3   4   5  6A  6B    7    8   9   10  11  12  13   14  15   16   17  18
                                     12Z  AVG MX 2MIN
DY MAX MIN AVG DEP HDD CDD  WTR  SNW DPTH SPD SPD DIR MIN PSBL S-S WX    SPD DR
================================================================================

 1  86  62  74  -5   0   9 0.00    M    M  4.8 13 190   M    M   5 8      16 210
 2  88  63  76  -3   0  11 0.00    M    M  4.2 10  70   0    0   0         M  M
 3  88  65  77  -2   0  12 0.52    M    M  8.8 28 360   M    M   2 13     35 360
 4  94  68  81   2   0  16 0.00    M    M 10.1 20 230   M    M   2        26 210
 5  93  70  82   3   0  17 0.00    M    M  6.1 12 200   M    M   0        15 260
 6  95  67  81   2   0  16 1.79    M    M  8.7 28 240   M    M   2 138    36 250
 7  84  68  76  -3   0  11    T    M    M  4.7 12 360   M    M   7        14 350
 8  83  66  75  -4   0  10 0.00    M    M  5.7 13 350   M    M   5 1      17 360
 9  83  67  75  -4   0  10    T    M    M  5.3 20 160   M    M   5 1      21 160
10  82  68  75  -4   0  10 0.83    M    M  5.6 24 310   M    M   6 13     27 320
11  81  62  72  -7   0   7 0.00    M    M 10.6 24 340   M    M   2 1      28 340
12  77  57  67 -12   0   2 0.00    M    M  8.5 20 350   M    M   0        29 310
13  82  56  69  -9   0   4 0.00    M    M  3.1  8 130   M    M   0        12  20
14  84  57  71  -7   0   6 0.00    M    M  5.7 10 120   M    M   0        15 150
15  83  66  75  -3   0  10 0.02    M    M  9.9 21 150   M    M   5        26 170
16  84  66  75  -3   0  10 0.03    M    M  9.7 18 190   M    M   4 13     25 190
17  84  64  74  -4   0   9 0.00    M    M  4.9 10 360   M    M   4 128    13 340
18  90  64  77  -1   0  12 0.00    M    M  4.6 14 280   M    M   0 1      16 280
19  95  71  83   5   0  18 0.01    M    M  6.6 15 180   M    M   2        20 220
20  95  74  85   8   0  20 0.00    M    M 12.7 22 200   M    M   1        27 170
21  97  77  87  10   0  22 0.00    M    M 15.2 23 210   M    M   1        29 190
22  96  76  86   9   0  21 0.06    M    M  8.0 20 150   M    M   1 3      24 160
23 100  74  87  10   0  22 0.00    M    M 10.9 22 200   M    M   1        32 190
24  98  70  84   8   0  19 0.00    M    M 10.8 20 170   M    M   0        25 170
25  98  72  85   9   0  20 0.00    M    M  7.9 18 230   M    M   0        23 230
26  94  72  83   7   0  18 0.00    M    M  7.6 21 340   M    M   0        25 350
27  90  70  80   4   0  15 0.00    M    M  7.6 15  90   M    M   1        20 100
28  95  71  83   8   0  18 0.00    M    M  9.5 20 160   M    M   1        24 160
29  87  70  79   4   0  14 0.11    M    M  8.5 18 200   M    M   3 13     22 190
================================================================================
SM 2586 1953         0 389  3.37    M    226.3            0     60
================================================================================
AV 89.2 67.3                               7.8 FASTST    0   0   2    MAX(MPH)
                                 MISC ---->  # 28 360               # 36  250
================================================================================
NOTES:
# LAST OF SEVERAL OCCURRENCES

COLUMN 17 PEAK WIND IN M.P.H.

PRELIMINARY LOCAL CLIMATOLOGICAL DATA (WS FORM: F-6) , PAGE 2

                                          STATION:  New Century Air Center KS
                                          MONTH:    AUGUST
                                          YEAR:     2014
                                          LATITUDE:   38 49 N
                                          LONGITUDE:  94 54 W

[TEMPERATURE DATA]      [PRECIPITATION DATA]       SYMBOLS USED IN COLUMN 16

AVERAGE MONTHLY: 78.3   TOTAL FOR MONTH:   3.37    1 = FOG OR MIST
DPTR FM NORMAL:   0.5   DPTR FM NORMAL:    0.03    2 = FOG REDUCING VISIBILITY
HIGHEST:   100 ON 23    GRTST 24HR  1.79 ON  6- 6      TO 1/4 MILE OR LESS
LOWEST:     56 ON 13                               3 = THUNDER
                        SNOW, ICE PELLETS, HAIL    4 = ICE PELLETS
                        TOTAL MONTH:    M          5 = HAIL
                        GRTST 24HR    M  ON   M    6 = FREEZING RAIN OR DRIZZLE
                        GRTST DEPTH:  M  ON   M    7 = DUSTSTORM OR SANDSTORM:
                                                       VSBY 1/2 MILE OR LESS
                                                   8 = SMOKE OR HAZE
[NO. OF DAYS WITH]      [WEATHER - DAYS WITH]      9 = BLOWING SNOW
                                                   X = TORNADO
MAX 32 OR BELOW:   0    0.01 INCH OR MORE:   8
MAX 90 OR ABOVE:  14    0.10 INCH OR MORE:   4
MIN 32 OR BELOW:   0    0.50 INCH OR MORE:   3
MIN  0 OR BELOW:   0    1.00 INCH OR MORE:   1

[HDD (BASE 65) ]
TOTAL THIS MO.     0    CLEAR  (SCALE 0-3)  20
DPTR FM NORMAL     0    PTCLDY (SCALE 4-7)   9
TOTAL FM JUL 1     2    CLOUDY (SCALE 8-10)  0
DPTR FM NORMAL     2

[CDD (BASE 65) ]
TOTAL THIS MO.   389
DPTR FM NORMAL    17    [PRESSURE DATA]
TOTAL FM JAN 1  1130    HIGHEST SLP  0.00 ON M
DPTR FM NORMAL   -32    LOWEST  SLP  0.00 ON M

[REMARKS]
