000
CXUS52 KJAX 260800
CF6JAX
PRELIMINARY LOCAL CLIMATOLOGICAL DATA (WS FORM: F-6)

                                          STATION:   JACKSONVILLE FL
                                          MONTH:     MAY
                                          YEAR:      2017
                                          LATITUDE:   30 30 N
                                          LONGITUDE:  81 42 W

  TEMPERATURE IN F:       :PCPN:    SNOW:  WIND      :SUNSHINE: SKY     :PK WND
================================================================================
1   2   3   4   5  6A  6B    7    8   9   10  11  12  13   14  15   16   17  18
                                     12Z  AVG MX 2MIN
DY MAX MIN AVG DEP HDD CDD  WTR  SNW DPTH SPD SPD DIR MIN PSBL S-S WX    SPD DR
================================================================================

 1  94  71  83  13   0  18 0.26  0.0    0 10.6 32 250   M    M   7 13     40 250
 2  84  59  72   2   0   7 0.00  0.0    0  5.3 17 350   M    M   6 1      22 350
 3  87  54  71   0   0   6 0.00  0.0    0  5.5 16 130   M    M   5        21 120
 4  89  58  74   3   0   9 0.47  0.0    0  8.0 30 280   M    M   8 13     38 260
 5  76  60  68  -3   0   3 0.04  0.0    0 15.3 32 240   M    M   7 1      41 240
 6  78  51  65  -7   0   0 0.00  0.0    0 12.5 25 280   M    M   5 8      35 290
 7  86  53  70  -2   0   5 0.00  0.0    0  7.2 17 280   M    M   3 8      23 260
 8  85  52  69  -3   0   4 0.00  0.0    0  3.5 14 290   M    M   1        20 280
 9  90  51  71  -1   0   6 0.00  0.0    0  3.3 12 140   M    M   4 8      17 260
10  94  58  76   3   0  11 0.00  0.0    0  4.0 15 250   M    M   3 8      19 250
11  96  62  79   6   0  14 0.00  0.0    0  9.6 18 250   M    M   7 18     24 290
12  93  64  79   6   0  14 0.00  0.0    0 10.4 22 210   M    M   6 18     28 240
13  86  67  77   4   0  12 0.42  0.0    0  8.2 25 270   M    M   8 13     32 270
14  82  64  73  -1   0   8 0.00  0.0    0  8.5 20  60   M    M   6 12     26  50
15  86  60  73  -1   0   8 0.00  0.0    0  4.4 14  70   M    M   1 1      19  80
16  89  57  73  -1   0   8 0.00  0.0    0  6.5 17  80   M    M   1 1      21 100
17  87  63  75   1   0  10 0.00  0.0    0 10.4 20  90   M    M   3        25 130
18  86  67  77   2   0  12 0.00  0.0    0  9.3 17 110   M    M   4        24 120
19  88  62  75   0   0  10 0.00  0.0    0  8.6 20 120   M    M   6        24 120
20  92  74  83   8   0  18 0.00  0.0    0 10.3 21  90   M    M   7        26 100
21  91  73  82   7   0  17 0.64  0.0    0  5.9 16 110   M    M   8 13     20 100
22  91  69  80   4   0  15 0.81  0.0    0  5.3 25 200   M    M   8 13     35 180
23  87  69  78   2   0  13 0.58  0.0    0  9.9 21 220   M    M   8 13     29 210
24  76  70  73  -3   0   8 3.70  0.0    0 10.5 26 250   M    M   9 123    36 250
25  83  61  72  -4   0   7 0.00  0.0    0 10.8 28 270   M    M   3        39 260
================================================================================
SM 2176 1549         0 243  6.92     0.0 203.8          M      134
================================================================================
AV 87.0 62.0                               8.2 FASTST   M    M   5    MAX(MPH)
                                 MISC ---->  # 32 250               # 41  240
================================================================================
NOTES:
# LAST OF SEVERAL OCCURRENCES

COLUMN 17 PEAK WIND IN M.P.H.

PRELIMINARY LOCAL CLIMATOLOGICAL DATA (WS FORM: F-6) , PAGE 2

                                          STATION:  JACKSONVILLE FL
                                          MONTH:    MAY
                                          YEAR:     2017
                                          LATITUDE:   30 30 N
                                          LONGITUDE:  81 42 W

[TEMPERATURE DATA]      [PRECIPITATION DATA]       SYMBOLS USED IN COLUMN 16

AVERAGE MONTHLY: 74.5   TOTAL FOR MONTH:   6.92    1 = FOG OR MIST
DPTR FM NORMAL:   1.2   DPTR FM NORMAL:    5.11    2 = FOG REDUCING VISIBILITY
HIGHEST:    96 ON 11    GRTST 24HR  3.70 ON 24-24      TO 1/4 MILE OR LESS
LOWEST:     51 ON  9, 6                            3 = THUNDER
                        SNOW, ICE PELLETS, HAIL    4 = ICE PELLETS
                        TOTAL MONTH:   0.0 INCH    5 = HAIL
                        GRTST 24HR     0.0         6 = FREEZING RAIN OR DRIZZLE
                        GRTST DEPTH:   0           7 = DUSTSTORM OR SANDSTORM:
                                                       VSBY 1/2 MILE OR LESS
                                                   8 = SMOKE OR HAZE
[NO. OF DAYS WITH]      [WEATHER - DAYS WITH]      9 = BLOWING SNOW
                                                   X = TORNADO
MAX 32 OR BELOW:   0    0.01 INCH OR MORE:   8
MAX 90 OR ABOVE:   8    0.10 INCH OR MORE:   7
MIN 32 OR BELOW:   0    0.50 INCH OR MORE:   4
MIN  0 OR BELOW:   0    1.00 INCH OR MORE:   1

[HDD (BASE 65) ]
TOTAL THIS MO.     0    CLEAR  (SCALE 0-3)   5
DPTR FM NORMAL    -3    PTCLDY (SCALE 4-7)  17
TOTAL FM JUL 1   782    CLOUDY (SCALE 8-10)  3
DPTR FM NORMAL  -565

[CDD (BASE 65) ]
TOTAL THIS MO.   243
DPTR FM NORMAL    28    [PRESSURE DATA]
TOTAL FM JAN 1   570    HIGHEST SLP M ON M
DPTR FM NORMAL   159    LOWEST  SLP 29.56 ON 24

[REMARKS]
