000
CXUS55 KBOI 291002
CF6JER
PRELIMINARY LOCAL CLIMATOLOGICAL DATA (WS FORM: F-6)

                                          STATION:   JEROME ID
                                          MONTH:     AUGUST
                                          YEAR:      2016
                                          LATITUDE:   42 43 N
                                          LONGITUDE: 114 27 W

  TEMPERATURE IN F:       :PCPN:    SNOW:  WIND      :SUNSHINE: SKY     :PK WND
================================================================================
1   2   3   4   5  6A  6B    7    8   9   10  11  12  13   14  15   16   17  18
                                     12Z  AVG MX 2MIN
DY MAX MIN AVG DEP HDD CDD  WTR  SNW DPTH SPD SPD DIR MIN PSBL S-S WX    SPD DR
================================================================================

 1  91  58  75   3   0  10 0.00    M    M  5.6 10 230   M    M   0        14 220
 2  93  60  77   5   0  12 0.00    M    M  7.9 15  40   M    M   0        18  40
 3  80  55  68  -4   0   3 0.00    M    M 15.7 23 250   M    M   0        30 250
 4  83  48  66  -6   0   1 0.00    M    M  5.4  8  80   M    M   0         M  M
 5  91  56  74   2   0   9    T    M    M  8.1 26 140   M    M   0 8      36 130
 6  91  60  76   4   0  11    T    M    M  7.0 20 190   M    M   0 3      25 200
 7  85  57  71  -1   0   6    T    M    M  8.6 21 220   M    M   0        25 210
 8  84  50  67  -5   0   2 0.00    M    M  6.9 14 230   M    M   0        17 220
 9  75  50  63  -9   2   0 0.00    M    M 11.9 23 240   M    M   0        29 240
10  78  49  64  -8   1   0    T    M    M  6.5 13 250   M    M   1        20 230
11  83  51  67  -5   0   2 0.00    M    M  8.2 18 250   M    M   0        25 260
12  88  49  69  -2   0   4 0.00    M    M  5.8 16 240   M    M   0 8      23 250
13  91  49  70  -1   0   5 0.00    M    M  4.8 12 230   M    M   0        15 210
14  96  56  76   5   0  11 0.00    M    M  6.7 15  70   M    M   0        19  60
15  91  59  75   4   0  10 0.00    M    M  6.1 13  20   M    M   0        15  70
16  95  56  76   5   0  11 0.00    M    M  3.2  9  90   M    M   0        10 100
17  92  64  78   8   0  13 0.00    M    M  5.1 16  40   M    M   0        21  50
18  90  67  79   9   0  14 0.00    M    M  7.6 18  50   M    M   0        25  50
19  84  52  68  -2   0   3 0.00    M    M  8.3 21  90   M    M   1        28  90
20  88  54  71   1   0   6 0.00    M    M  7.8 17  60   M    M   0        22  60
21  91  51  71   2   0   6 0.00    M    M  4.7 10 270   M    M   0        14 270
22  84  57  71   2   0   6 0.00    M    M  9.5 21 250   M    M   0        27 240
23  79  50  65  -4   0   0 0.00    M    M 10.4 20 250   M    M   0        27 230
24  78  46  62  -7   3   0 0.00    M    M  6.1 14 240   M    M   0        18 250
25  80  51  66  -2   0   1 0.00    M    M  8.6 17  90   M    M   0        22  90
26  80  47  64  -4   1   0 0.00    M    M  6.4 15 260   M    M   0        19 230
27  85  48  67  -1   0   2 0.00    M    M  5.4 14 250   M    M   0        19 240
28  87  49  68   0   0   3 0.00    M    M  7.2 16 260   M    M   0        22 230
================================================================================
SM 2413 1499         7 151    T     M    205.5          M        2
================================================================================
AV 86.2 53.5                               7.3 FASTST   M    M   0    MAX(MPH)
                                 MISC ---->  # 26 140               # 36  130
================================================================================
NOTES:
# LAST OF SEVERAL OCCURRENCES

COLUMN 17 PEAK WIND IN M.P.H.

PRELIMINARY LOCAL CLIMATOLOGICAL DATA (WS FORM: F-6) , PAGE 2

                                          STATION:  JEROME ID
                                          MONTH:    AUGUST
                                          YEAR:     2016
                                          LATITUDE:   42 43 N
                                          LONGITUDE: 114 27 W

[TEMPERATURE DATA]      [PRECIPITATION DATA]       SYMBOLS USED IN COLUMN 16

AVERAGE MONTHLY: 69.9   TOTAL FOR MONTH:      T    1 = FOG OR MIST
DPTR FM NORMAL:  -0.7   DPTR FM NORMAL:   -0.22    2 = FOG REDUCING VISIBILITY
HIGHEST:    96 ON 14    GRTST 24HR    T  ON 10-10      TO 1/4 MILE OR LESS
LOWEST:     46 ON 24                               3 = THUNDER
                        SNOW, ICE PELLETS, HAIL    4 = ICE PELLETS
                        TOTAL MONTH:    M          5 = HAIL
                        GRTST 24HR    M  ON   M    6 = FREEZING RAIN OR DRIZZLE
                        GRTST DEPTH:  M  ON   M    7 = DUSTSTORM OR SANDSTORM:
                                                       VSBY 1/2 MILE OR LESS
                                                   8 = SMOKE OR HAZE
[NO. OF DAYS WITH]      [WEATHER - DAYS WITH]      9 = BLOWING SNOW
                                                   X = TORNADO
MAX 32 OR BELOW:   0    0.01 INCH OR MORE:   0
MAX 90 OR ABOVE:  11    0.10 INCH OR MORE:   0
MIN 32 OR BELOW:   0    0.50 INCH OR MORE:   0
MIN  0 OR BELOW:   0    1.00 INCH OR MORE:   0

[HDD (BASE 65) ]
TOTAL THIS MO.     7    CLEAR  (SCALE 0-3)  28
DPTR FM NORMAL    -5    PTCLDY (SCALE 4-7)   0
TOTAL FM JUL 1    22    CLOUDY (SCALE 8-10)  0
DPTR FM NORMAL    -2

[CDD (BASE 65) ]
TOTAL THIS MO.   151
DPTR FM NORMAL   -19    [PRESSURE DATA]
TOTAL FM JAN 1   547    HIGHEST SLP M ON M
DPTR FM NORMAL    94    LOWEST  SLP 29.60 ON  7

[REMARKS]
