000
CXUS51 KOKX 200702
CF6JFK
PRELIMINARY LOCAL CLIMATOLOGICAL DATA (WS FORM: F-6)

                                          STATION:   KENNEDY NY
                                          MONTH:     AUGUST
                                          YEAR:      2017
                                          LATITUDE:   40 39 N
                                          LONGITUDE:  73 47 W

  TEMPERATURE IN F:       :PCPN:    SNOW:  WIND      :SUNSHINE: SKY     :PK WND
================================================================================
1   2   3   4   5  6A  6B    7    8   9   10  11  12  13   14  15   16   17  18
                                     12Z  AVG MX 2MIN
DY MAX MIN AVG DEP HDD CDD  WTR  SNW DPTH SPD SPD DIR MIN PSBL S-S WX    SPD DR
================================================================================

 1  88  69  79   3   0  14 0.00  0.0    0  8.0 16 170   M    M   2        18 170
 2  85  71  78   2   0  13 0.01  0.0    0  7.4 30 320   M    M   8 13     36 320
 3  83  68  76   0   0  11    T  0.0    0  7.7 16 180   M    M   5        20 180
 4  83  73  78   2   0  13 0.06  0.0    0 11.6 20 160   M    M   5 13     25 160
 5  82  71  77   1   0  12 0.27  0.0    0 12.7 23 270   M    M   6 13     30 260
 6  80  66  73  -3   0   8 0.00  0.0    0 12.2 20 310   M    M   7        26 310
 7  72  66  69  -7   0   4 0.39  0.0    0  7.2 16 140   M    M   9 1      20 130
 8  82  66  74  -2   0   9    T  0.0    0  8.6 18 360   M    M   7 1      23 350
 9  83  65  74  -2   0   9 0.00  0.0    0  7.5 14 170   M    M   2        17 180
10  82  67  75  -1   0  10 0.00  0.0    0  6.9 16 170   M    M   5 8      18 170
11  81  67  74  -2   0   9    T  0.0    0 10.1 18 180   M    M   7        22 170
12  78  65  72  -3   0   7 0.21  0.0    0  7.7 17 180   M    M   9 13     20 180
13  87  71  79   4   0  14 0.00  0.0    0  8.0 16 300   M    M   5        22 330
14  81  68  75   0   0  10    T  0.0    0  7.3 14 180   M    M   8        16 180
15  76  68  72  -3   0   7 0.44  0.0    0  5.8 12 250   M    M   8 1      14 250
16  88  70  79   4   0  14 0.00  0.0    0  6.8 16 340   M    M   4 1      20 340
17  80  69  75   0   0  10 0.00  0.0    0  8.9 15 140   M    M   7 1      18 130
18  81  73  77   2   0  12 0.27  0.0    0 13.4 23 190   M    M   9 13     30 190
19  87  73  80   5   0  15 0.00  0.0    0 10.5 16 240   M    M   6        20 230
================================================================================
SM 1559 1306         0 201  1.65     0.0 168.3          M      119
================================================================================
AV 82.1 68.7                               8.9 FASTST   M    M   6    MAX(MPH)
                                 MISC ---->  # 30 320               # 36  320
================================================================================
NOTES:
# LAST OF SEVERAL OCCURRENCES

COLUMN 17 PEAK WIND IN M.P.H.

PRELIMINARY LOCAL CLIMATOLOGICAL DATA (WS FORM: F-6) , PAGE 2

                                          STATION:  KENNEDY NY
                                          MONTH:    AUGUST
                                          YEAR:     2017
                                          LATITUDE:   40 39 N
                                          LONGITUDE:  73 47 W

[TEMPERATURE DATA]      [PRECIPITATION DATA]       SYMBOLS USED IN COLUMN 16

AVERAGE MONTHLY: 75.4   TOTAL FOR MONTH:   1.65    1 = FOG OR MIST
DPTR FM NORMAL:  -0.2   DPTR FM NORMAL:   -0.72    2 = FOG REDUCING VISIBILITY
HIGHEST:    88 ON 16, 1 GRTST 24HR  0.44 ON 15-15      TO 1/4 MILE OR LESS
LOWEST:     65 ON 12, 9                            3 = THUNDER
                        SNOW, ICE PELLETS, HAIL    4 = ICE PELLETS
                        TOTAL MONTH:   0.0 INCH    5 = HAIL
                        GRTST 24HR     0.0         6 = FREEZING RAIN OR DRIZZLE
                        GRTST DEPTH:   0           7 = DUSTSTORM OR SANDSTORM:
                                                       VSBY 1/2 MILE OR LESS
                                                   8 = SMOKE OR HAZE
[NO. OF DAYS WITH]      [WEATHER - DAYS WITH]      9 = BLOWING SNOW
                                                   X = TORNADO
MAX 32 OR BELOW:   0    0.01 INCH OR MORE:   7
MAX 90 OR ABOVE:   0    0.10 INCH OR MORE:   5
MIN 32 OR BELOW:   0    0.50 INCH OR MORE:   0
MIN  0 OR BELOW:   0    1.00 INCH OR MORE:   0

[HDD (BASE 65) ]
TOTAL THIS MO.     0    CLEAR  (SCALE 0-3)   2
DPTR FM NORMAL     0    PTCLDY (SCALE 4-7)  13
TOTAL FM JUL 1     0    CLOUDY (SCALE 8-10)  4
DPTR FM NORMAL     0

[CDD (BASE 65) ]
TOTAL THIS MO.   201
DPTR FM NORMAL     0    [PRESSURE DATA]
TOTAL FM JAN 1   820    HIGHEST SLP 30.17 ON 10
DPTR FM NORMAL    64    LOWEST  SLP 29.76 ON 18

[REMARKS]
