000
CXUS53 KGID 230730
CF6JYR
PRELIMINARY LOCAL CLIMATOLOGICAL DATA (WS FORM: F-6)

                                          STATION:   YORK
                                          MONTH:     JANUARY
                                          YEAR:      2018
                                          LATITUDE:   40 54 N
                                          LONGITUDE:  97 37 W

  TEMPERATURE IN F:       :PCPN:    SNOW:  WIND      :SUNSHINE: SKY     :PK WND
================================================================================
1   2   3   4   5  6A  6B    7    8   9   10  11  12  13   14  15   16   17  18
                                     12Z  AVG MX 2MIN
DY MAX MIN AVG DEP HDD CDD  WTR  SNW DPTH SPD SPD DIR MIN PSBL S-S WX    SPD DR
================================================================================

 1   1 -17  -8   M  73   0 0.00    M    M  4.0  7 300   M    M   2         M  M
 2  23  -8   8   M  57   0 0.00    M    M 12.0 21 250   M    M   1        27 250
 3  25   5  15   M  50   0    T    M    M  7.5 16 360   M    M   6        21 360
 4  28   1  15   M  50   0 0.00    M    M  4.5 13 190   M    M   0         M  M
 5  18   5  12   M  53   0 0.00    M    M  7.0 10  50   M    M   2         M  M
 6  25   5  15   M  50   0 0.00    M    M  9.4 14 180   M    M   1         M  M
 7  39  19  29   M  36   0    T    M    M  9.1 14 320   M    M   3         M  M
 8  50  23  37   M  28   0 0.00    M    M  7.2 13 190   M    M   0         M  M
 9  52  36  44   M  21   0 0.00    M    M 12.7 18 180   M    M   0        28 180
10  54  27  41   M  24   0 0.00    M    M 11.8 23 350   M    M   5 12     31 350
11  27   5  16   M  49   0    M    M    M 21.3 29 340   M    M   6        41 340
12  10   0   5   M  60   0    T    M    M 11.6 17  10   M    M   5        24  10
13  16   7  12   M  53   0 0.00    M    M  7.6 13 170   M    M   9 1       M  M
14  37  14  26   M  39   0    M    M    M 11.1 17 330   M    M   8 1      28 360
15  25   0  13   M  52   0    T    M    0 17.0 27 330   M    M   4        36 330
16  14   0   7   M  58   0    T    M    M  8.0 16 330   M    M   2        23 330
17  30   1  16   M  49   0 0.00    M    M 11.6 20 210   M    M   0        23 230
18  45  10  28   M  37   0 0.00    M    M  8.3 16 230   M    M   0         M  M
19  50  28  39   M  26   0 0.00    M    M  9.5 14 210   M    M   0         M  M
20  48  25  37   M  28   0 0.00    M    M  7.0 12  10   M    M   2         M  M
21  37  34  36   M  29   0    T    M    M 16.4 24  40   M    M   1 1      30  40
22  34  25  30   M  35   0    M    M    M 22.6 29 330   M    M   5 1      39 340
================================================================================
SM  688  245       957   0    T     M    237.2          M       62
================================================================================
AV 31.3 11.1                              10.8 FASTST   M    M   3    MAX(MPH)
                                 MISC ---->  # 29 340               # 41  340
================================================================================
NOTES:
# LAST OF SEVERAL OCCURRENCES

COLUMN 17 PEAK WIND IN M.P.H.

PRELIMINARY LOCAL CLIMATOLOGICAL DATA (WS FORM: F-6) , PAGE 2

                                          STATION:  YORK
                                          MONTH:    JANUARY
                                          YEAR:     2018
                                          LATITUDE:   40 54 N
                                          LONGITUDE:  97 37 W

[TEMPERATURE DATA]      [PRECIPITATION DATA]       SYMBOLS USED IN COLUMN 16

AVERAGE MONTHLY: 21.2   TOTAL FOR MONTH:      T    1 = FOG OR MIST
DPTR FM NORMAL:     M   DPTR FM NORMAL:       M    2 = FOG REDUCING VISIBILITY
HIGHEST:    54 ON 10    GRTST 24HR    T  ON 21-21      TO 1/4 MILE OR LESS
LOWEST:    -17 ON  1                               3 = THUNDER
                        SNOW, ICE PELLETS, HAIL    4 = ICE PELLETS
                        TOTAL MONTH:    M          5 = HAIL
                        GRTST 24HR    M  ON   M    6 = FREEZING RAIN OR DRIZZLE
                        GRTST DEPTH:   0           7 = DUSTSTORM OR SANDSTORM:
                                                       VSBY 1/2 MILE OR LESS
                                                   8 = SMOKE OR HAZE
[NO. OF DAYS WITH]      [WEATHER - DAYS WITH]      9 = BLOWING SNOW
                                                   X = TORNADO
MAX 32 OR BELOW:  12    0.01 INCH OR MORE:   0
MAX 90 OR ABOVE:   0    0.10 INCH OR MORE:   0
MIN 32 OR BELOW:  20    0.50 INCH OR MORE:   0
MIN  0 OR BELOW:   5    1.00 INCH OR MORE:   0

[HDD (BASE 65) ]
TOTAL THIS MO.   957    CLEAR  (SCALE 0-3)  14
DPTR FM NORMAL     M    PTCLDY (SCALE 4-7)   6
TOTAL FM JUL 1  3315    CLOUDY (SCALE 8-10)  2
DPTR FM NORMAL     M

[CDD (BASE 65) ]
TOTAL THIS MO.     0
DPTR FM NORMAL     M    [PRESSURE DATA]
TOTAL FM JAN 1     0    HIGHEST SLP M ON M
DPTR FM NORMAL     M    LOWEST  SLP M ON M

[REMARKS]
