562
CXUS55 KPUB 281059
CF6LAA
PRELIMINARY LOCAL CLIMATOLOGICAL DATA (WS FORM: F-6)

                                          STATION:   LAMAR CO
                                          MONTH:     MARCH
                                          YEAR:      2017
                                          LATITUDE:   38  4 N
                                          LONGITUDE: 102 41 W

  TEMPERATURE IN F:       :PCPN:    SNOW:  WIND      :SUNSHINE: SKY     :PK WND
================================================================================
1   2   3   4   5  6A  6B    7    8   9   10  11  12  13   14  15   16   17  18
                                     12Z  AVG MX 2MIN
DY MAX MIN AVG DEP HDD CDD  WTR  SNW DPTH SPD SPD DIR MIN PSBL S-S WX    SPD DR
================================================================================

 1  52  17  35  -3  30   0 0.00  0.0    0  7.7 21 140   M    M   1        24 150
 2  55  11  33  -5  32   0 0.00  0.0    0  6.0 16  80   M    M   0        19  80
 3  71  13  42   4  23   0 0.00  0.0    0  5.6 16 180   M    M   0        19 180
 4  78  14  46   8  19   0 0.00  0.0    0  7.0 20 220   M    M   0        28 200
 5  80  30  55  16  10   0 0.00  0.0    0 11.1 26 220   M    M   0        30 260
 6  66  27  47   8  18   0 0.00  0.0    0 20.6 48 260   M    M   1 8      59 250
 7  61  17  39  -1  26   0 0.00  0.0    0 11.6 28 240   M    M   0        35 260
 8  73  19  46   6  19   0 0.00  0.0    0  6.8 16 140   M    M   0        20 140
 9  80  28  54  14  11   0 0.00  0.0    0 10.0 30  70   M    M   0        36  80
10  51  28  40   0  25   0 0.00  0.0    0 11.7 21 150   M    M   4        27 140
11  51  22  37  -4  28   0 0.00  0.0    0  8.1 14 120   M    M   2        18  80
12  68  23  46   5  19   0    T    T    0  8.9 38  20   M    M   2        46  20
13  55  24  40  -2  25   0 0.00  0.0    0  7.4 20 130   M    M   2        24 120
14  70  19  45   3  20   0 0.00  0.0    0  7.7 20  90   M    M   0        26  80
15  84  21  53  11  12   0 0.00  0.0    0  8.0 17 210   M    M   0 18     20 210
16  86  34  60  17   5   0 0.00  0.0    0  8.7 20 270   M    M   0 8      27 290
17  76  30  53  10  12   0 0.00  0.0    0  6.3 17 130   M    M   0        22 140
18  87  34  61  18   4   0 0.00  0.0    0 10.7 24 150   M    M   0        30 150
19  89  41  65  21   0   0 0.00  0.0    0 10.4 25 300   M    M   0        32 260
20  86  37  62  18   3   0 0.00  0.0    0  7.7 18 120   M    M   0        25 120
21  67  37  52   8  13   0 0.00  0.0    0 11.1 22 120   M    M   1        27 120
22  75  38  57  12   8   0 0.00  0.0    0 13.5 25 150   M    M   2 8      34 140
23  88  53  71  26   0   6 0.00  0.0    0 17.4 40 200   M    M   0        50 200
24  54  30  42  -3  23   0    T  0.0    0 19.6 44  20   M    M   4 8      54  20
25  67  24  46   0  19   0 0.00  0.0    0  7.3 14 130   M    M   0 1      20 130
26  47  27  37  -9  28   0 0.00  0.0    0  8.0 16  70   M    M   6 18     21 130
27  71  24  48   2  17   0 0.00  0.0    0 10.9 23 140   M    M   3 1      31 140
================================================================================
SM 1888  722       449   6    T     T    269.8          M       28
================================================================================
AV 69.9 26.7                              10.0 FASTST   M    M   1    MAX(MPH)
                                 MISC ---->  # 48 260               # 59  250
================================================================================
NOTES:
# LAST OF SEVERAL OCCURRENCES

COLUMN 17 PEAK WIND IN M.P.H.

PRELIMINARY LOCAL CLIMATOLOGICAL DATA (WS FORM: F-6) , PAGE 2

                                          STATION:  LAMAR CO
                                          MONTH:    MARCH
                                          YEAR:     2017
                                          LATITUDE:   38  4 N
                                          LONGITUDE: 102 41 W

[TEMPERATURE DATA]      [PRECIPITATION DATA]       SYMBOLS USED IN COLUMN 16

AVERAGE MONTHLY: 48.3   TOTAL FOR MONTH:      T    1 = FOG OR MIST
DPTR FM NORMAL:   6.4   DPTR FM NORMAL:   -0.72    2 = FOG REDUCING VISIBILITY
HIGHEST:    89 ON 19    GRTST 24HR    T  ON 24-24      TO 1/4 MILE OR LESS
LOWEST:     11 ON  2                               3 = THUNDER
                        SNOW, ICE PELLETS, HAIL    4 = ICE PELLETS
                        TOTAL MONTH:    T          5 = HAIL
                        GRTST 24HR    T  ON 12-12  6 = FREEZING RAIN OR DRIZZLE
                        GRTST DEPTH:   0           7 = DUSTSTORM OR SANDSTORM:
                                                       VSBY 1/2 MILE OR LESS
                                                   8 = SMOKE OR HAZE
[NO. OF DAYS WITH]      [WEATHER - DAYS WITH]      9 = BLOWING SNOW
                                                   X = TORNADO
MAX 32 OR BELOW:   0    0.01 INCH OR MORE:   0
MAX 90 OR ABOVE:   0    0.10 INCH OR MORE:   0
MIN 32 OR BELOW:  20    0.50 INCH OR MORE:   0
MIN  0 OR BELOW:   0    1.00 INCH OR MORE:   0

[HDD (BASE 65) ]
TOTAL THIS MO.   449    CLEAR  (SCALE 0-3)  24
DPTR FM NORMAL  -175    PTCLDY (SCALE 4-7)   3
TOTAL FM JUL 1  4171    CLOUDY (SCALE 8-10)  0
DPTR FM NORMAL  -764

[CDD (BASE 65) ]
TOTAL THIS MO.     6
DPTR FM NORMAL     6    [PRESSURE DATA]
TOTAL FM JAN 1     6    HIGHEST SLP M ON M
DPTR FM NORMAL     6    LOWEST  SLP 29.43 ON 23

[REMARKS]
