000
CXUS53 KIND 220730
CF6LAF
PRELIMINARY LOCAL CLIMATOLOGICAL DATA (WS FORM: F-6)

                                          STATION:   LAFAYETTE IN
                                          MONTH:     JUNE
                                          YEAR:      2017
                                          LATITUDE:   40 25 N
                                          LONGITUDE:  86 56 W

  TEMPERATURE IN F:       :PCPN:    SNOW:  WIND      :SUNSHINE: SKY     :PK WND
================================================================================
1   2   3   4   5  6A  6B    7    8   9   10  11  12  13   14  15   16   17  18
                                     12Z  AVG MX 2MIN
DY MAX MIN AVG DEP HDD CDD  WTR  SNW DPTH SPD SPD DIR MIN PSBL S-S WX    SPD DR
================================================================================

 1  81  45  63  -4   2   0 0.00    M    M  5.1 16 320   M    M   0        30 290
 2  84  47  66  -2   0   1 0.00    M    M  2.3  8 260   M    M   0        11 270
 3  89  53  71   3   0   6 0.00    M    M  3.1 10 190   M    M   1        14 200
 4  88  69  79  11   0  14 0.03    M    M  7.9 18 320   M    M   2 3      24 220
 5  87  62  75   6   0  10 0.00    M    M  7.8 23  20   M    M   1 1      29  20
 6  77  50  64  -5   1   0 0.00    M    M 10.3 21 360   M    M   1        27 330
 7  74  54  64  -5   1   0 0.00    M    M 11.3 25  30   M    M   0        35  40
 8  78  47  63  -7   2   0 0.00    M    M  2.7 12  60   M    M   0        16 100
 9  85  57  71   1   0   6 0.00    M    M  7.9 21 250   M    M   1        29 230
10  85  65  75   5   0  10 0.00    M    M  8.8 22 230   M    M   0        29 230
11  88  67  78   7   0  13 0.00    M    M  9.9 18 230   M    M   0        28 200
12  92  67  80   9   0  15 0.00    M    M  6.1 17 250   M    M   1        23 250
13  92  66  79   8   0  14 0.98    M    M  6.3 29 300   M    M   4 138    43 310
14  88  66  77   6   0  12 0.52    M    M  6.0 39 330   M    M   5 13     52 320
15  85  66  76   4   0  11 0.43    M    M  5.1 17 270   M    M   3 13     22 270
16  87  63  75   3   0  10 0.16    M    M  4.0 15 310   M    M   1 13     19 110
17  83  69  76   4   0  11 0.18    M    M  8.3 29 250   M    M   2 13     39 260
18  80  62  71  -1   0   6 0.11    M    M  9.4 21 290   M    M   3 13     28 220
19  78  58  68  -5   0   3    T    M    M  9.9 26 270   M    M   2 13     36 290
20  84  55  70  -3   0   5 0.09    M    M  6.7 35 360   M    M   2 1      49 360
21  84  60  72  -1   0   7 0.05    M    M  3.4 10  60   M    M   2 1      12  70
================================================================================
SM 1769 1248         6 154  2.55    M    142.3          M       31
================================================================================
AV 84.2 59.4                               6.8 FASTST   M    M   1    MAX(MPH)
                                 MISC ---->  # 39 330               # 52  320
================================================================================
NOTES:
# LAST OF SEVERAL OCCURRENCES

COLUMN 17 PEAK WIND IN M.P.H.

PRELIMINARY LOCAL CLIMATOLOGICAL DATA (WS FORM: F-6) , PAGE 2

                                          STATION:  LAFAYETTE IN
                                          MONTH:    JUNE
                                          YEAR:     2017
                                          LATITUDE:   40 25 N
                                          LONGITUDE:  86 56 W

[TEMPERATURE DATA]      [PRECIPITATION DATA]       SYMBOLS USED IN COLUMN 16

AVERAGE MONTHLY: 71.8   TOTAL FOR MONTH:   2.55    1 = FOG OR MIST
DPTR FM NORMAL:   1.4   DPTR FM NORMAL:   -0.33    2 = FOG REDUCING VISIBILITY
HIGHEST:    92 ON 13,12 GRTST 24HR  0.98 ON 13-13      TO 1/4 MILE OR LESS
LOWEST:     45 ON  1                               3 = THUNDER
                        SNOW, ICE PELLETS, HAIL    4 = ICE PELLETS
                        TOTAL MONTH:    M          5 = HAIL
                        GRTST 24HR    M  ON   M    6 = FREEZING RAIN OR DRIZZLE
                        GRTST DEPTH:  M  ON   M    7 = DUSTSTORM OR SANDSTORM:
                                                       VSBY 1/2 MILE OR LESS
                                                   8 = SMOKE OR HAZE
[NO. OF DAYS WITH]      [WEATHER - DAYS WITH]      9 = BLOWING SNOW
                                                   X = TORNADO
MAX 32 OR BELOW:   0    0.01 INCH OR MORE:   9
MAX 90 OR ABOVE:   2    0.10 INCH OR MORE:   6
MIN 32 OR BELOW:   0    0.50 INCH OR MORE:   2
MIN  0 OR BELOW:   0    1.00 INCH OR MORE:   0

[HDD (BASE 65) ]
TOTAL THIS MO.     6    CLEAR  (SCALE 0-3)  18
DPTR FM NORMAL   -16    PTCLDY (SCALE 4-7)   3
TOTAL FM JUL 1  4910    CLOUDY (SCALE 8-10)  0
DPTR FM NORMAL  -762

[CDD (BASE 65) ]
TOTAL THIS MO.   154
DPTR FM NORMAL    20    [PRESSURE DATA]
TOTAL FM JAN 1   211    HIGHEST SLP M ON M
DPTR FM NORMAL     0    LOWEST  SLP 29.64 ON 18

[REMARKS]
