000
CXUS54 KLUB 210755
CF6LBB
PRELIMINARY LOCAL CLIMATOLOGICAL DATA (WS FORM: F-6)

                                          STATION:   LUBBOCK
                                          MONTH:     JANUARY
                                          YEAR:      2017
                                          LATITUDE:   33 39 N
                                          LONGITUDE: 101 49 W

  TEMPERATURE IN F:       :PCPN:    SNOW:  WIND      :SUNSHINE: SKY     :PK WND
================================================================================
1   2   3   4   5  6A  6B    7    8   9   10  11  12  13   14  15   16   17  18
                                     12Z  AVG MX 2MIN
DY MAX MIN AVG DEP HDD CDD  WTR  SNW DPTH SPD SPD DIR MIN PSBL S-S WX    SPD DR
================================================================================

 1  67  30  49  10  16   0 0.38  0.0    0 11.2 43 290   M    M   3 13     50 290
 2  63  38  51  12  14   0 0.00  0.0    0 15.0 31 280   M    M   6 1      39 270
 3  50  30  40   1  25   0 0.00  0.0    0 12.5 20 350   M    M   8        24  10
 4  49  27  38  -2  27   0 0.00  0.0    0 11.6 22 190   M    M   7        26 210
 5  42  15  29 -11  36   0 0.00  0.0    0 16.4 25 360   M    M   4        32 350
 6  23  11  17 -23  48   0 0.02  0.2    0 11.0 18  30   M    M   6 1      21  20
 7  38   7  23 -17  42   0 0.00  0.0    0  9.0 17 180   M    M   3        20 170
 8  59  25  42   2  23   0 0.00  0.0    0 12.1 25 220   M    M   3        30 210
 9  81  33  57  17   8   0 0.00  0.0    0 14.3 30 200   M    M   7        38 210
10  67  47  57  17   8   0 0.00  0.0    0 14.1 25 220   M    M   7        31 220
11  80  42  61  21   4   0 0.00  0.0    0 13.3 26 250   M    M   7        34 240
12  67  37  52  12  13   0 0.00  0.0    0  9.9 18 110   M    M   7        22  90
13  40  30  35  -5  30   0 0.00  0.0    0  9.5 16  50   M    M  10 18     18  60
14  34  32  33  -7  32   0 0.58  0.0    0  8.5 14  60   M    M  10 1236   16  60
15  40  32  36  -4  29   0 0.97  0.0    0  8.6 24 100   M    M   9 12356  28 110
16  57  34  46   6  19   0 0.00  0.0    0 10.0 21  10   M    M   5 1      25  20
17  55  33  44   4  21   0 0.07  0.0    0  8.0 18 160   M    M   6 1      22 160
18  57  41  49   9  16   0    T  0.0    0  9.2 18 230   M    M   6 1      22 230
19  65  40  53  13  12   0 0.00  0.0    0 19.0 35 270   M    M   3        42 270
20  63  39  51  11  14   0 0.00  0.0    0 17.8 36 270   M    M   3        44 290
================================================================================
SM 1097  623       437   0  2.02     0.2 241.0          M      120
================================================================================
AV 54.9 31.2                              12.1 FASTST   M    M   6    MAX(MPH)
                                 MISC ---->  # 43 290               # 50  290
================================================================================
NOTES:
# LAST OF SEVERAL OCCURRENCES

COLUMN 17 PEAK WIND IN M.P.H.

PRELIMINARY LOCAL CLIMATOLOGICAL DATA (WS FORM: F-6) , PAGE 2

                                          STATION:  LUBBOCK
                                          MONTH:    JANUARY
                                          YEAR:     2017
                                          LATITUDE:   33 39 N
                                          LONGITUDE: 101 49 W

[TEMPERATURE DATA]      [PRECIPITATION DATA]       SYMBOLS USED IN COLUMN 16

AVERAGE MONTHLY: 43.0   TOTAL FOR MONTH:   2.02    1 = FOG OR MIST
DPTR FM NORMAL:   3.2   DPTR FM NORMAL:    1.64    2 = FOG REDUCING VISIBILITY
HIGHEST:    81 ON  9    GRTST 24HR  1.00 ON 14-15      TO 1/4 MILE OR LESS
LOWEST:      7 ON  7                               3 = THUNDER
                        SNOW, ICE PELLETS, HAIL    4 = ICE PELLETS
                        TOTAL MONTH:   0.2 INCH    5 = HAIL
                        GRTST 24HR   0.2 ON   M    6 = FREEZING RAIN OR DRIZZLE
                        GRTST DEPTH:   0           7 = DUSTSTORM OR SANDSTORM:
                                                       VSBY 1/2 MILE OR LESS
                                                   8 = SMOKE OR HAZE
[NO. OF DAYS WITH]      [WEATHER - DAYS WITH]      9 = BLOWING SNOW
                                                   X = TORNADO
MAX 32 OR BELOW:   1    0.01 INCH OR MORE:   5
MAX 90 OR ABOVE:   0    0.10 INCH OR MORE:   3
MIN 32 OR BELOW:  10    0.50 INCH OR MORE:   2
MIN  0 OR BELOW:   0    1.00 INCH OR MORE:   0

[HDD (BASE 65) ]
TOTAL THIS MO.   437    CLEAR  (SCALE 0-3)   4
DPTR FM NORMAL   -67    PTCLDY (SCALE 4-7)  12
TOTAL FM JUL 1  1507    CLOUDY (SCALE 8-10)  4
DPTR FM NORMAL  -395

[CDD (BASE 65) ]
TOTAL THIS MO.     0
DPTR FM NORMAL     0    [PRESSURE DATA]
TOTAL FM JAN 1     0    HIGHEST SLP M ON M
DPTR FM NORMAL     0    LOWEST  SLP 29.49 ON 19

[REMARKS]
