000
CXUS54 KLUB 270755
CF6LBB
PRELIMINARY LOCAL CLIMATOLOGICAL DATA (WS FORM: F-6)

                                          STATION:   LUBBOCK
                                          MONTH:     FEBRUARY
                                          YEAR:      2017
                                          LATITUDE:   33 39 N
                                          LONGITUDE: 101 49 W

  TEMPERATURE IN F:       :PCPN:    SNOW:  WIND      :SUNSHINE: SKY     :PK WND
================================================================================
1   2   3   4   5  6A  6B    7    8   9   10  11  12  13   14  15   16   17  18
                                     12Z  AVG MX 2MIN
DY MAX MIN AVG DEP HDD CDD  WTR  SNW DPTH SPD SPD DIR MIN PSBL S-S WX    SPD DR
================================================================================

 1  63  36  50   8  15   0 0.00  0.0    0 11.7 21  20   M    M   2        26  20
 2  45  23  34  -8  31   0 0.00  0.0    0 10.8 21  20   M    M   4        24  30
 3  46  23  35  -7  30   0 0.00  0.0    0 11.6 20 160   M    M   6        23 160
 4  57  34  46   4  19   0    T  0.0    0 12.6 18 220   M    M   7 18     22 210
 5  79  32  56  14   9   0 0.00  0.0    0 10.7 23 300   M    M   3 1      26 300
 6  77  37  57  14   8   0 0.00  0.0    0 14.4 35 270   M    M   6 8      43 270
 7  76  42  59  16   6   0 0.00  0.0    0 18.4 35 280   M    M   5        41 280
 8  80  40  60  17   5   0 0.00  0.0    0 15.4 31  40   M    M   6 8      39  50
 9  70  32  51   8  14   0 0.00  0.0    0 12.6 29 190   M    M   5        34 200
10  88  45  67  24   0   2 0.00  0.0    0 13.6 25 210   M    M   4        34 200
11  91  43  67  23   0   2 0.00  0.0    0 12.9 25 320   M    M   4        30 260
12  67  42  55  11  10   0 0.00  0.0    0 19.6 37  40   M    M   6 8      44  40
13  44  34  39  -5  26   0 0.87    T    0 10.8 21  70   M    M  10 134    24  70
14  39  35  37  -7  28   0 0.02  0.0    0 15.1 31  10   M    M   9 1      42  10
15  57  31  44   0  21   0 0.00  0.0    0  8.4 14 340   M    M   2        17 340
16  66  29  48   3  17   0 0.00  0.0    0 12.1 23 200   M    M   3        28 210
17  73  39  56  11   9   0 0.00  0.0    0 13.4 30 240   M    M   2        36 230
18  71  34  53   8  12   0 0.00  0.0    0  9.4 20 120   M    M   6        25 130
19  70  46  58  13   7   0    T  0.0    0 12.2 26 240   M    M   9        32 240
20  71  40  56  10   9   0 0.00  0.0    0 15.8 32 340   M    M   2        42 350
21  77  32  55   9  10   0 0.00  0.0    0  5.1 13 180   M    M   0        14 260
22  85  44  65  19   0   0 0.00  0.0    0 12.9 28 310   M    M   3 8      33 300
23  81  46  64  18   1   0 0.00  0.0    0 19.7 41 250   M    M   2 8      57 230
24  58  30  44  -3  21   0 0.00  0.0    0 10.8 18 320   M    M   0        24 320
25  53  25  39  -8  26   0 0.00  0.0    0 11.0 20 180   M    M   1        26 170
26  68  31  50   3  15   0 0.00  0.0    0  9.5 23 280   M    M   5        30 300
================================================================================
SM 1752  925       349   4  0.89    T    330.5          M      112
================================================================================
AV 67.4 35.6                              12.7 FASTST   M    M   4    MAX(MPH)
                                 MISC ---->  # 41 250               # 57  230
================================================================================
NOTES:
# LAST OF SEVERAL OCCURRENCES

COLUMN 17 PEAK WIND IN M.P.H.

PRELIMINARY LOCAL CLIMATOLOGICAL DATA (WS FORM: F-6) , PAGE 2

                                          STATION:  LUBBOCK
                                          MONTH:    FEBRUARY
                                          YEAR:     2017
                                          LATITUDE:   33 39 N
                                          LONGITUDE: 101 49 W

[TEMPERATURE DATA]      [PRECIPITATION DATA]       SYMBOLS USED IN COLUMN 16

AVERAGE MONTHLY: 51.5   TOTAL FOR MONTH:   0.89    1 = FOG OR MIST
DPTR FM NORMAL:   7.2   DPTR FM NORMAL:    0.20    2 = FOG REDUCING VISIBILITY
HIGHEST:    91 ON 11    GRTST 24HR  0.87 ON 13-13      TO 1/4 MILE OR LESS
LOWEST:     23 ON  3, 2                            3 = THUNDER
                        SNOW, ICE PELLETS, HAIL    4 = ICE PELLETS
                        TOTAL MONTH:    T          5 = HAIL
                        GRTST 24HR    T  ON 13-13  6 = FREEZING RAIN OR DRIZZLE
                        GRTST DEPTH:   0           7 = DUSTSTORM OR SANDSTORM:
                                                       VSBY 1/2 MILE OR LESS
                                                   8 = SMOKE OR HAZE
[NO. OF DAYS WITH]      [WEATHER - DAYS WITH]      9 = BLOWING SNOW
                                                   X = TORNADO
MAX 32 OR BELOW:   0    0.01 INCH OR MORE:   2
MAX 90 OR ABOVE:   1    0.10 INCH OR MORE:   1
MIN 32 OR BELOW:  10    0.50 INCH OR MORE:   1
MIN  0 OR BELOW:   0    1.00 INCH OR MORE:   0

[HDD (BASE 65) ]
TOTAL THIS MO.   349    CLEAR  (SCALE 0-3)  11
DPTR FM NORMAL  -191    PTCLDY (SCALE 4-7)  12
TOTAL FM JUL 1  2072    CLOUDY (SCALE 8-10)  3
DPTR FM NORMAL  -633

[CDD (BASE 65) ]
TOTAL THIS MO.     4
DPTR FM NORMAL     4    [PRESSURE DATA]
TOTAL FM JAN 1     4    HIGHEST SLP M ON M
DPTR FM NORMAL     4    LOWEST  SLP 29.38 ON 23

[REMARKS]
