000
CXUS54 KLCH 290110
CF6LCH
PRELIMINARY LOCAL CLIMATOLOGICAL DATA (WS FORM: F-6)

                                          STATION:   LAKE CHARLES
                                          MONTH:     APRIL
                                          YEAR:      2016
                                          LATITUDE:   30  7 N
                                          LONGITUDE:  93 13 W

  TEMPERATURE IN F:       :PCPN:    SNOW:  WIND      :SUNSHINE: SKY     :PK WND
================================================================================
1   2   3   4   5  6A  6B    7    8   9   10  11  12  13   14  15   16   17  18
                                     12Z  AVG MX 2MIN
DY MAX MIN AVG DEP HDD CDD  WTR  SNW DPTH SPD SPD DIR MIN PSBL S-S WX    SPD DR
================================================================================

 1  72  53  63  -2   2   0 0.17  0.0    0 14.0 26  30   M    M   8 13     33  30
 2  73  48  61  -4   4   0 0.00  0.0    0  9.5 22 330   M    M   0        27  10
 3  72  43  58  -7   7   0 0.00  0.0    0  2.7  9 240   M    M   0 1      14 250
 4  78  47  63  -2   2   0 0.00  0.0    0  3.7 13 200   M    M   0        18 210
 5  80  52  66   0   0   1 0.00  0.0    0  4.3 14 220   M    M   0 12     19 220
 6  76  56  66   0   0   1 0.00  0.0    0  8.6 18 220   M    M   2        26 230
 7  80  48  64  -2   1   0 0.00  0.0    0  4.4 10 240   M    M   0        16 220
 8  80  55  68   2   0   3 0.00  0.0    0  7.4 21  50   M    M   0 8      24  40
 9  78  50  64  -2   1   0 0.00  0.0    0  6.5 20 110   M    M   1        22 110
10  77  53  65  -2   0   0 0.00  0.0    0 11.5 24 150   M    M   5        31 150
11  78  67  73   6   0   8 0.04  0.0    0  9.1 22 160   M    M   8 13     31 170
12  79  66  73   6   0   8 0.02  0.0    0  8.0 18  60   M    M   8 138    23  50
13  77  63  70   3   0   5 1.58  0.0    0  7.5 26  30   M    M   7 13     34  40
14  80  65  73   5   0   8 0.12  0.0    0  7.0 21 330   M    M   7 13     29 330
15  80  64  72   4   0   7 0.00  0.0    0  6.6 15 140   M    M   7        18 150
16  79  67  73   5   0   8    T  0.0    0 14.0 22  90   M    M   9        30  80
17  79  68  74   6   0   9    T  0.0    0 17.0 30 120   M    M  10        37 130
18  72  69  71   2   0   6 1.22  0.0    0 14.6 33 130   M    M  10 13     46 130
19  77  67  72   3   0   7 0.03  0.0    0 10.7 20 140   M    M   9 1      23 150
20  77  65  71   2   0   6 1.68  0.0    0  7.3 20 190   M    M   8 138    28 210
21  75  61  68  -1   0   3 0.72  0.0    0  4.4 18 260   M    M   3 13     29 250
22  83  59  71   1   0   6 0.00  0.0    0  5.7 16 360   M    M   2 18     23  20
23  82  57  70   0   0   5 0.00  0.0    0  3.5 13  80   M    M   1        18  80
24  80  59  70   0   0   5 0.00  0.0    0  4.9 18 140   M    M   2        26 150
25  82  65  74   4   0   9 0.00  0.0    0  8.2 17 170   M    M   6        24 160
26  82  73  78   7   0  13 0.00  0.0    0 10.7 20 160   M    M   8        26 150
27  82  64  73   2   0   8 0.96  0.0    0  8.4 25 330   M    M   5 13     36 290
================================================================================
SM 2110 1604        17 126  6.54     0.0 220.2          M      126
================================================================================
AV 78.1 59.4                               8.2 FASTST   M    M   5    MAX(MPH)
                                 MISC ---->  # 33 130               # 46  130
================================================================================
NOTES:
# LAST OF SEVERAL OCCURRENCES

COLUMN 17 PEAK WIND IN M.P.H.

PRELIMINARY LOCAL CLIMATOLOGICAL DATA (WS FORM: F-6) , PAGE 2

                                          STATION:  LAKE CHARLES
                                          MONTH:    APRIL
                                          YEAR:     2016
                                          LATITUDE:   30  7 N
                                          LONGITUDE:  93 13 W

[TEMPERATURE DATA]      [PRECIPITATION DATA]       SYMBOLS USED IN COLUMN 16

AVERAGE MONTHLY: 68.8   TOTAL FOR MONTH:   6.54    1 = FOG OR MIST
DPTR FM NORMAL:   1.1   DPTR FM NORMAL:    3.57    2 = FOG REDUCING VISIBILITY
HIGHEST:    83 ON 22    GRTST 24HR  1.76 ON 20-21      TO 1/4 MILE OR LESS
LOWEST:     43 ON  3                               3 = THUNDER
                        SNOW, ICE PELLETS, HAIL    4 = ICE PELLETS
                        TOTAL MONTH:   0.0 INCH    5 = HAIL
                        GRTST 24HR     0.0         6 = FREEZING RAIN OR DRIZZLE
                        GRTST DEPTH:   0           7 = DUSTSTORM OR SANDSTORM:
                                                       VSBY 1/2 MILE OR LESS
                                                   8 = SMOKE OR HAZE
[NO. OF DAYS WITH]      [WEATHER - DAYS WITH]      9 = BLOWING SNOW
                                                   X = TORNADO
MAX 32 OR BELOW:   0    0.01 INCH OR MORE:  10
MAX 90 OR ABOVE:   0    0.10 INCH OR MORE:   7
MIN 32 OR BELOW:   0    0.50 INCH OR MORE:   5
MIN  0 OR BELOW:   0    1.00 INCH OR MORE:   3

[HDD (BASE 65) ]
TOTAL THIS MO.    17    CLEAR  (SCALE 0-3)  12
DPTR FM NORMAL   -27    PTCLDY (SCALE 4-7)   9
TOTAL FM JUL 1  1034    CLOUDY (SCALE 8-10)  6
DPTR FM NORMAL  -454

[CDD (BASE 65) ]
TOTAL THIS MO.   126
DPTR FM NORMAL     9    [PRESSURE DATA]
TOTAL FM JAN 1   251    HIGHEST SLP M ON M
DPTR FM NORMAL    62    LOWEST  SLP 29.67 ON 27

[REMARKS]
