000
CXUS54 KSHV 221300
CF6LFK
PRELIMINARY LOCAL CLIMATOLOGICAL DATA (WS FORM: F-6)

                                          STATION:   LUFKIN
                                          MONTH:     MAY
                                          YEAR:      2015
                                          LATITUDE:   31 14 N
                                          LONGITUDE:  94 45 W

  TEMPERATURE IN F:       :PCPN:    SNOW:  WIND      :SUNSHINE: SKY     :PK WND
================================================================================
1   2   3   4   5  6A  6B    7    8   9   10  11  12  13   14  15   16   17  18
                                     12Z  AVG MX 2MIN
DY MAX MIN AVG DEP HDD CDD  WTR  SNW DPTH SPD SPD DIR MIN PSBL S-S WX    SPD DR
================================================================================

 1  86  57  72   2   0   7 0.00  0.0    0  1.8  9 350   M    M   4 18     12 310
 2  86  59  73   2   0   8 0.00  0.0    0  3.2 10 190   M    M   2 18     12 190
 3  85  58  72   1   0   7 0.00  0.0    0  4.7 15 160   M    M   1 18     23 140
 4  86  60  73   2   0   8 0.00  0.0    0  5.7 15 120   M    M   1 1      20 160
 5  87  65  76   4   0  11 0.03  0.0    0 10.7 22 140   M    M   5 138    30 140
 6  78  69  74   2   0   9 0.03  0.0    0  7.7 21 150   M    M   6 3      25 140
 7  88  70  79   7   0  14 0.02  0.0    0  7.7 20 150   M    M   7 138    25 140
 8  89  76  83  11   0  18    T  0.0    0  9.4 16 160   M    M   8 8      22 170
 9  90  77  84  11   0  19    T  0.0    0 11.6 23 160   M    M   8 8      30 180
10  90  77  84  11   0  19 0.30  0.0    0 12.7 23 150   M    M   8 138    30 150
11  78  67  73   0   0   8 3.32  0.0    0  6.1 20 130   M    M   6 138    24 260
12  76  67  72  -1   0   7 0.29  0.0    0  5.8 14  30   M    M   8 1      18  30
13  77  68  73  -1   0   8 0.98  0.0    0  7.5 15 120   M    M   9 18     20 290
14  89  69  79   5   0  14 0.09  0.0    0  4.9 16 230   M    M   6 123    25 240
15  84  71  78   4   0  13 0.14  0.0    0  5.0 13 230   M    M   6 138    18 240
16  90  73  82   8   0  17 0.00  0.0    0 10.4 22 160   M    M   6 138    29 150
17  84  72  78   3   0  13 0.82  0.0    0  7.6 22 170   M    M   8 138    28 170
18  81  70  76   1   0  11 2.07  0.0    0  5.3 16 340   M    M   5 138    23 330
19  88  69  79   4   0  14 0.66  0.0    0  5.8 24 170   M    M   6 13     32 180
20  91  74  83   8   0  18 0.46  0.0    0  3.7 12  60   M    M   6 138    14 360
21  77  64  71  -5   0   6 2.49  0.0    0  6.4 23  50   M    M   9 138    31  50
================================================================================
SM 1780 1432         0 249 11.70     0.0 143.7          M      125
================================================================================
AV 84.8 68.2                               6.8 FASTST   M    M   6    MAX(MPH)
                                 MISC ---->  # 24 170               # 32  180
================================================================================
NOTES:
# LAST OF SEVERAL OCCURRENCES

COLUMN 17 PEAK WIND IN M.P.H.

PRELIMINARY LOCAL CLIMATOLOGICAL DATA (WS FORM: F-6) , PAGE 2

                                          STATION:  LUFKIN
                                          MONTH:    MAY
                                          YEAR:     2015
                                          LATITUDE:   31 14 N
                                          LONGITUDE:  94 45 W

[TEMPERATURE DATA]      [PRECIPITATION DATA]       SYMBOLS USED IN COLUMN 16

AVERAGE MONTHLY: 76.5   TOTAL FOR MONTH:  11.70    1 = FOG OR MIST
DPTR FM NORMAL:   3.4   DPTR FM NORMAL:    8.67    2 = FOG REDUCING VISIBILITY
HIGHEST:    91 ON 20    GRTST 24HR  3.32 ON 11-11      TO 1/4 MILE OR LESS
LOWEST:     57 ON  1                               3 = THUNDER
                        SNOW, ICE PELLETS, HAIL    4 = ICE PELLETS
                        TOTAL MONTH:   0.0 INCH    5 = HAIL
                        GRTST 24HR     0.0         6 = FREEZING RAIN OR DRIZZLE
                        GRTST DEPTH:   0           7 = DUSTSTORM OR SANDSTORM:
                                                       VSBY 1/2 MILE OR LESS
                                                   8 = SMOKE OR HAZE
[NO. OF DAYS WITH]      [WEATHER - DAYS WITH]      9 = BLOWING SNOW
                                                   X = TORNADO
MAX 32 OR BELOW:   0    0.01 INCH OR MORE:  14
MAX 90 OR ABOVE:   4    0.10 INCH OR MORE:  10
MIN 32 OR BELOW:   0    0.50 INCH OR MORE:   6
MIN  0 OR BELOW:   0    1.00 INCH OR MORE:   3

[HDD (BASE 65) ]
TOTAL THIS MO.     0    CLEAR  (SCALE 0-3)   3
DPTR FM NORMAL    -1    PTCLDY (SCALE 4-7)  15
TOTAL FM JUL 1  1691    CLOUDY (SCALE 8-10)  3
DPTR FM NORMAL  -223

[CDD (BASE 65) ]
TOTAL THIS MO.   249
DPTR FM NORMAL    75    [PRESSURE DATA]
TOTAL FM JAN 1   552    HIGHEST SLP M ON M
DPTR FM NORMAL   202    LOWEST  SLP 29.83 ON  9

[REMARKS]
