000
CXUS54 KSHV 231300
CF6LFK
PRELIMINARY LOCAL CLIMATOLOGICAL DATA (WS FORM: F-6)

                                          STATION:   LUFKIN
                                          MONTH:     APRIL
                                          YEAR:      2014
                                          LATITUDE:   31 14 N
                                          LONGITUDE:  94 45 W

  TEMPERATURE IN F:       :PCPN:    SNOW:  WIND      :SUNSHINE: SKY     :PK WND
================================================================================
1   2   3   4   5  6A  6B    7    8   9   10  11  12  13   14  15   16   17  18
                                     12Z  AVG MX 2MIN
DY MAX MIN AVG DEP HDD CDD  WTR  SNW DPTH SPD SPD DIR MIN PSBL S-S WX    SPD DR
================================================================================

 1  81  63  72   9   0   7    T  0.0    0  8.7 16 170   M    M   8 8      22 170
 2  84  69  77  14   0  12    T  0.0    0 11.9 23 190   M    M   9 18     31 190
 3  80  73  77  13   0  12 0.00  0.0    0 12.4 22 160   M    M   9 18     31 190
 4  75  57  66   2   0   1 0.04  0.0    0  9.8 21 340   M    M   3 138    34 340
 5  70  54  62  -2   3   0 0.00  0.0    0  8.0 15  90   M    M   5        19  20
 6  59  52  56  -8   9   0 2.36  0.0    0  8.5 20 290   M    M  10 1238   26 290
 7  69  50  60  -4   5   0 0.00  0.0    0  5.8 15 290   M    M   8 1      20 290
 8  72  47  60  -5   5   0 0.00  0.0    0  8.1 24 320   M    M   2        36 330
 9  80  41  61  -4   4   0 0.00  0.0    0  3.5 10 170   M    M   0        15 180
10  84  53  69   4   0   4 0.00  0.0    0 10.5 23 150   M    M   0        29 150
11  83  58  71   6   0   6 0.00  0.0    0  9.9 21 190   M    M   3 1      27 200
12  85  61  73   7   0   8 0.00  0.0    0 10.8 24 150   M    M   6        30 150
13  77  68  73   7   0   8 0.01  0.0    0  9.8 22 140   M    M   9 8      28 140
14  76  45  61  -5   4   0 0.26  0.0    0  9.9 21 340   M    M   8 138    31 360
15  65  40  53 -13  12   0 0.00  0.0    0  6.3 16  30   M    M   0        25  20
16  69  38  54 -13  11   0 0.00  0.0    0  6.8 15 150   M    M   0        19 140
17  73  50  62  -5   3   0 0.00  0.0    0  7.0 13 110   M    M   4        17  90
18  81  57  69   2   0   4 0.00  0.0    0  5.0 14  90   M    M   5        17  60
19  83  53  68   1   0   3 0.00  0.0    0  3.7 12 110   M    M   1 18     15 100
20  85  55  70   2   0   5 0.00  0.0    0  4.8 15 140   M    M   2 18     21 150
21  83  60  72   4   0   7 0.00  0.0    0  6.2 14 250   M    M   6 8      18 250
22  87  64  76   8   0  11 0.09  0.0    0  3.6 10 350   M    M   3 12     17  10
================================================================================
SM 1701 1208        56  88  2.76     0.0 171.0          M      101
================================================================================
AV 77.3 54.9                               7.8 FASTST   M    M   5    MAX(MPH)
                                 MISC ---->  # 24 320               # 36  330
================================================================================
NOTES:
# LAST OF SEVERAL OCCURRENCES

COLUMN 17 PEAK WIND IN M.P.H.

PRELIMINARY LOCAL CLIMATOLOGICAL DATA (WS FORM: F-6) , PAGE 2

                                          STATION:  LUFKIN
                                          MONTH:    APRIL
                                          YEAR:     2014
                                          LATITUDE:   31 14 N
                                          LONGITUDE:  94 45 W

[TEMPERATURE DATA]      [PRECIPITATION DATA]       SYMBOLS USED IN COLUMN 16

AVERAGE MONTHLY: 66.1   TOTAL FOR MONTH:   2.76    1 = FOG OR MIST
DPTR FM NORMAL:   0.6   DPTR FM NORMAL:    0.58    2 = FOG REDUCING VISIBILITY
HIGHEST:    87 ON 22    GRTST 24HR  2.36 ON  6- 6      TO 1/4 MILE OR LESS
LOWEST:     38 ON 16                               3 = THUNDER
                        SNOW, ICE PELLETS, HAIL    4 = ICE PELLETS
                        TOTAL MONTH:   0.0 INCH    5 = HAIL
                        GRTST 24HR     0.0         6 = FREEZING RAIN OR DRIZZLE
                        GRTST DEPTH:   0           7 = DUSTSTORM OR SANDSTORM:
                                                       VSBY 1/2 MILE OR LESS
                                                   8 = SMOKE OR HAZE
[NO. OF DAYS WITH]      [WEATHER - DAYS WITH]      9 = BLOWING SNOW
                                                   X = TORNADO
MAX 32 OR BELOW:   0    0.01 INCH OR MORE:   5
MAX 90 OR ABOVE:   0    0.10 INCH OR MORE:   2
MIN 32 OR BELOW:   0    0.50 INCH OR MORE:   1
MIN  0 OR BELOW:   0    1.00 INCH OR MORE:   1

[HDD (BASE 65) ]
TOTAL THIS MO.    56    CLEAR  (SCALE 0-3)  10
DPTR FM NORMAL    -6    PTCLDY (SCALE 4-7)   7
TOTAL FM JUL 1  2109    CLOUDY (SCALE 8-10)  5
DPTR FM NORMAL   203

[CDD (BASE 65) ]
TOTAL THIS MO.    88
DPTR FM NORMAL    13    [PRESSURE DATA]
TOTAL FM JAN 1   123    HIGHEST SLP M ON M
DPTR FM NORMAL   -12    LOWEST  SLP 29.67 ON 13

[REMARKS]
