000
CXUS54 KLCH 211210
CF6LFT
PRELIMINARY LOCAL CLIMATOLOGICAL DATA (WS FORM: F-6)

                                          STATION:   LAFAYETTE
                                          MONTH:     APRIL
                                          YEAR:      2014
                                          LATITUDE:   30 12 N
                                          LONGITUDE:  92  0 W

  TEMPERATURE IN F:       :PCPN:    SNOW:  WIND      :SUNSHINE: SKY     :PK WND
================================================================================
1   2   3   4   5  6A  6B    7    8   9   10  11  12  13   14  15   16   17  18
                                     12Z  AVG MX 2MIN
DY MAX MIN AVG DEP HDD CDD  WTR  SNW DPTH SPD SPD DIR MIN PSBL S-S WX    SPD DR
================================================================================

 1  79  61  70   4   0   5 0.00  0.0    0  7.2 16 180   M    M   4 1      22 120
 2  80  65  73   7   0   8 0.00  0.0    0  8.7 18 170   M    M   8        25 200
 3  79  71  75   9   0  10 0.00  0.0    0 12.0 23 170   M    M   9        32 180
 4  78  59  69   3   0   4 0.33  0.0    0  8.2 26 360   M    M   7 13     34 330
 5  67  59  63  -3   2   0 0.10  0.0    0  8.8 17  30   M    M  10 13     23  40
 6  74  57  66  -1   0   1 0.52  0.0    0  8.3 22 200   M    M  10 13     30 210
 7  71  55  63  -4   2   0 0.00  0.0    0  9.2 16 310   M    M   4 13     20 310
 8  72  48  60  -7   5   0 0.11    M    0 10.4 31 350   M    M   3 3      38 360
 9  72  46  59  -8   6   0 0.00  0.0    0  5.5 15 310   M    M   0        20 310
10  72  49  61  -7   4   0 0.00  0.0    0  7.0 20 200   M    M   0 1      25 200
11  77  56  67  -1   0   2 0.00  0.0    0  5.2 15 200   M    M   4 18     22 180
12  80  58  69   1   0   4 0.00  0.0    0  6.5 17 200   M    M   5 12     23 200
13  79  69  74   6   0   9 0.03  0.0    0 11.6 22 170   M    M   7 1      31 170
14  81  49  65  -3   0   0 0.80    M    0 13.8 31 330   M    M   9 13     39 330
15  60  43  52 -17  13   0 0.00    M    0 16.2 32  20   M    M   3 1      38  30
16  65  39  52 -17  13   0 0.00  0.0    0  3.9 12 190   M    M   0        15 120
17  64  47  56 -13   9   0 0.00  0.0    0  4.4  9  20   M    M   6        13  60
18  78  60  69  -1   0   4 0.00  0.0    0  6.9 18 360   M    M   6 1      22  10
19  80  55  68  -2   0   3 0.00  0.0    0  2.5 13  10   M    M   0 1      17  10
20  83  55  69  -1   0   4 0.00  0.0    0  2.7 12 170   M    M   0        16 180
================================================================================
SM 1491 1101        54  54  1.89     0.0 159.0          M       95
================================================================================
AV 74.6 55.0                               7.9 FASTST   M    M   5    MAX(MPH)
                                 MISC ---->  # 32  20               # 39  330
================================================================================
NOTES:
# LAST OF SEVERAL OCCURRENCES

COLUMN 17 PEAK WIND IN M.P.H.

PRELIMINARY LOCAL CLIMATOLOGICAL DATA (WS FORM: F-6) , PAGE 2

                                          STATION:  LAFAYETTE
                                          MONTH:    APRIL
                                          YEAR:     2014
                                          LATITUDE:   30 12 N
                                          LONGITUDE:  92  0 W

[TEMPERATURE DATA]      [PRECIPITATION DATA]       SYMBOLS USED IN COLUMN 16

AVERAGE MONTHLY: 64.8   TOTAL FOR MONTH:   1.89    1 = FOG OR MIST
DPTR FM NORMAL:  -2.9   DPTR FM NORMAL:   -0.66    2 = FOG REDUCING VISIBILITY
HIGHEST:    83 ON 20    GRTST 24HR  0.80 ON 14-14      TO 1/4 MILE OR LESS
LOWEST:     39 ON 16                               3 = THUNDER
                        SNOW, ICE PELLETS, HAIL    4 = ICE PELLETS
                        TOTAL MONTH:   0.0 INCH    5 = HAIL
                        GRTST 24HR     0.0         6 = FREEZING RAIN OR DRIZZLE
                        GRTST DEPTH:   0           7 = DUSTSTORM OR SANDSTORM:
                                                       VSBY 1/2 MILE OR LESS
                                                   8 = SMOKE OR HAZE
[NO. OF DAYS WITH]      [WEATHER - DAYS WITH]      9 = BLOWING SNOW
                                                   X = TORNADO
MAX 32 OR BELOW:   0    0.01 INCH OR MORE:   6
MAX 90 OR ABOVE:   0    0.10 INCH OR MORE:   5
MIN 32 OR BELOW:   0    0.50 INCH OR MORE:   2
MIN  0 OR BELOW:   0    1.00 INCH OR MORE:   0

[HDD (BASE 65) ]
TOTAL THIS MO.    54    CLEAR  (SCALE 0-3)   6
DPTR FM NORMAL    19    PTCLDY (SCALE 4-7)  10
TOTAL FM JUL 1  1949    CLOUDY (SCALE 8-10)  4
DPTR FM NORMAL   534

[CDD (BASE 65) ]
TOTAL THIS MO.    54
DPTR FM NORMAL   -36    [PRESSURE DATA]
TOTAL FM JAN 1    92    HIGHEST SLP M ON M
DPTR FM NORMAL   -93    LOWEST  SLP 29.64 ON  6

[REMARKS]
