000
CXUS54 KLCH 231429
CF6LFT
PRELIMINARY LOCAL CLIMATOLOGICAL DATA (WS FORM: F-6)

                                          STATION:   LAFAYETTE
                                          MONTH:     FEBRUARY
                                          YEAR:      2017
                                          LATITUDE:   30 12 N
                                          LONGITUDE:  92  0 W

  TEMPERATURE IN F:       :PCPN:    SNOW:  WIND      :SUNSHINE: SKY     :PK WND
================================================================================
1   2   3   4   5  6A  6B    7    8   9   10  11  12  13   14  15   16   17  18
                                     12Z  AVG MX 2MIN
DY MAX MIN AVG DEP HDD CDD  WTR  SNW DPTH SPD SPD DIR MIN PSBL S-S WX    SPD DR
================================================================================

 1  77  58  68  14   0   3 0.00  0.0    0  7.9 18 200   M    M   3        22 190
 2  79  53  66  12   0   1 0.00  0.0    0  5.3 16 360   M    M   7 12     19 360
 3  61  47  54   0  11   0 0.00  0.0    0 12.6 20  30   M    M   7 1      24  20
 4  63  43  53  -1  12   0 0.00  0.0    0  4.6 10  60   M    M   3        14  50
 5  78  55  67  13   0   2 0.00  0.0    0  7.8 18 190   M    M   5 1      23 180
 6  78  64  71  17   0   6 0.00  0.0    0  8.5 20 200   M    M   7 1      27 200
 7  80  68  74  20   0   9 0.02  0.0    0 14.4 31 240   M    M   9 13     41 250
 8  80  67  74  20   0   9 0.00  0.0    0 11.8 23 220   M    M   7 1      29 210
 9  70  51  61   6   4   0 0.00  0.0    0  9.9 29  20   M    M   0        37  30
10  75  48  62   7   3   0 0.00  0.0    0  7.4 21 190   M    M   4        29 190
11  80  70  75  20   0  10    T  0.0    0 11.7 22 190   M    M  10        28 190
12  83  69  76  21   0  11 0.00  0.0    0  6.7 15 230   M    M   7 1      20 230
13  72  61  67  12   0   2 0.00  0.0    0  5.4 14  30   M    M   9 1      16  40
14  75  56  66  10   0   1 0.02  0.0    0  8.6 25 290   M    M   9 18     34 300
15  61  50  56   0   9   0    M  0.0    0 11.6 22 300   M    M   7 18     27 300
16  68  41  55  -1  10   0 0.00  0.0    0  3.0 12 200   M    M   0        14 200
17  63  47  55  -1  10   0 0.02    M    0  3.9 13 140   M    M   4 1      19 140
18  76  53  65   9   0   0    M  0.0    0  2.6  9 180   M    M   6 12     14 140
19  81  65  73  16   0   8    M  0.0    0  4.7 10 140   M    M   8 1      17 150
20  79  62  71  14   0   6    M  0.0    0  7.6 17 170   M    M   9 13     28 130
21  71  60  66   9   0   1 0.06  0.0    0  4.0 18 310   M    M   5 13     23 320
22  76  59  68  11   0   3 0.00  0.0    0  5.2 12  30   M    M   6 1      17 360
================================================================================
SM 1626 1247        59  72  0.12     0.0 165.2          M      132
================================================================================
AV 73.9 56.7                               7.5 FASTST   M    M   6    MAX(MPH)
                                 MISC ---->  # 31 240               # 41  250
================================================================================
NOTES:
# LAST OF SEVERAL OCCURRENCES

COLUMN 17 PEAK WIND IN M.P.H.

PRELIMINARY LOCAL CLIMATOLOGICAL DATA (WS FORM: F-6) , PAGE 2

                                          STATION:  LAFAYETTE
                                          MONTH:    FEBRUARY
                                          YEAR:     2017
                                          LATITUDE:   30 12 N
                                          LONGITUDE:  92  0 W

[TEMPERATURE DATA]      [PRECIPITATION DATA]       SYMBOLS USED IN COLUMN 16

AVERAGE MONTHLY: 65.3   TOTAL FOR MONTH:   0.12    1 = FOG OR MIST
DPTR FM NORMAL:  10.1   DPTR FM NORMAL:   -3.47    2 = FOG REDUCING VISIBILITY
HIGHEST:    83 ON 12    GRTST 24HR  0.06 ON 21-21      TO 1/4 MILE OR LESS
LOWEST:     41 ON 16                               3 = THUNDER
                        SNOW, ICE PELLETS, HAIL    4 = ICE PELLETS
                        TOTAL MONTH:   0.0 INCH    5 = HAIL
                        GRTST 24HR     0.0         6 = FREEZING RAIN OR DRIZZLE
                        GRTST DEPTH:   0           7 = DUSTSTORM OR SANDSTORM:
                                                       VSBY 1/2 MILE OR LESS
                                                   8 = SMOKE OR HAZE
[NO. OF DAYS WITH]      [WEATHER - DAYS WITH]      9 = BLOWING SNOW
                                                   X = TORNADO
MAX 32 OR BELOW:   0    0.01 INCH OR MORE:   4
MAX 90 OR ABOVE:   0    0.10 INCH OR MORE:   0
MIN 32 OR BELOW:   0    0.50 INCH OR MORE:   0
MIN  0 OR BELOW:   0    1.00 INCH OR MORE:   0

[HDD (BASE 65) ]
TOTAL THIS MO.    59    CLEAR  (SCALE 0-3)   3
DPTR FM NORMAL  -170    PTCLDY (SCALE 4-7)  14
TOTAL FM JUL 1   569    CLOUDY (SCALE 8-10)  5
DPTR FM NORMAL  -616

[CDD (BASE 65) ]
TOTAL THIS MO.    72
DPTR FM NORMAL    50    [PRESSURE DATA]
TOTAL FM JAN 1   157    HIGHEST SLP M ON M
DPTR FM NORMAL   121    LOWEST  SLP 29.74 ON 14

[REMARKS]
