000
CXUS55 KBOU 231122
CF6LIC
PRELIMINARY LOCAL CLIMATOLOGICAL DATA (WS FORM: F-6)

                                          STATION:   LIMON CO
                                          MONTH:     JULY
                                          YEAR:      2016
                                          LATITUDE:   39 10 N
                                          LONGITUDE: 103 42 W

  TEMPERATURE IN F:       :PCPN:    SNOW:  WIND      :SUNSHINE: SKY     :PK WND
================================================================================
1   2   3   4   5  6A  6B    7    8   9   10  11  12  13   14  15   16   17  18
                                     12Z  AVG MX 2MIN
DY MAX MIN AVG DEP HDD CDD  WTR  SNW DPTH SPD SPD DIR MIN PSBL S-S WX    SPD DR
================================================================================

 1  74  58  66   M   0   1 0.03    M    M  9.4 18 150   M    M   8 13     25 180
 2  78  53  66   M   0   1 0.02    M    M  4.3 16 340   M    M   6 12     20 320
 3  87  55  71   M   0   6 0.00    M    M  6.4 17 320   M    M   3 12     23 320
 4  91  52  72   M   0   7 0.00    M    M  6.5 16 150   M    M   0        22 150
 5  91  54  73   M   0   8    T    M    M 10.0 35 360   M    M   0        41 360
 6  94  48  71   M   0   6 0.00    M    M 10.4 23 190   M    M   0        30 190
 7  90  51  71   M   0   6 0.06    M    M 11.6 22 120   M    M   0 13     30 120
 8  86  56  71   M   0   6 0.03    M    M 11.8 29 190   M    M   1 3      38 200
 9  94  47  71   M   0   6 0.00    M    M  9.2 25 140   M    M   0        29 130
10  98  51  75   M   0  10 0.00    M    M  9.3 22 210   M    M   1 1      30 190
11  88  50  69   M   0   4 0.07    M    M 11.4 28 360   M    M   1 3      33 360
12  87  47  67   M   0   2 0.00    M    M 10.9 23 150   M    M   0        32 150
13  90  56  73   M   0   8 0.02    M    M  7.3 23 130   M    M   1 123    29 120
14  88  56  72   M   0   7    T    M    M  8.5 30 120   M    M   2 3      38 120
15  91  51  71   M   0   6 0.00    M    M 11.6 31  70   M    M   1        38  70
16  99  54  77   M   0  12 0.00    M    M 11.5 23 210   M    M   3 1      32 190
17  91  55  73   M   0   8 0.12    M    M 12.0 30 160   M    M   1 3      38 160
18  92  51  72   M   0   7    T    M    M  8.9 23 190   M    M   1        30 130
19  95  56  76   M   0  11    T    M    M  9.1 30 310   M    M   2 3      41 310
20  98  56  77   M   0  12 0.07    M    M  9.3 31 280   M    M   1 3      40 270
21  97  56  77   M   0  12 0.00    M    M  5.7 20 310   M    M   0 3      23 310
22  97  57  77   M   0  12 0.00    M    M  6.8 28 200   M    M   1 3      35 200
================================================================================
SM 1996 1170         0 158  0.42    M    201.9          M       33
================================================================================
AV 90.7 53.2                               9.2 FASTST   M    M   2    MAX(MPH)
                                 MISC ---->  # 35 360               # 41  360
================================================================================
NOTES:
# LAST OF SEVERAL OCCURRENCES

COLUMN 17 PEAK WIND IN M.P.H.

PRELIMINARY LOCAL CLIMATOLOGICAL DATA (WS FORM: F-6) , PAGE 2

                                          STATION:  LIMON CO
                                          MONTH:    JULY
                                          YEAR:     2016
                                          LATITUDE:   39 10 N
                                          LONGITUDE: 103 42 W

[TEMPERATURE DATA]      [PRECIPITATION DATA]       SYMBOLS USED IN COLUMN 16

AVERAGE MONTHLY: 72.0   TOTAL FOR MONTH:   0.42    1 = FOG OR MIST
DPTR FM NORMAL:     M   DPTR FM NORMAL:       M    2 = FOG REDUCING VISIBILITY
HIGHEST:    99 ON 16    GRTST 24HR  0.12 ON 17-17      TO 1/4 MILE OR LESS
LOWEST:     47 ON 12, 9                            3 = THUNDER
                        SNOW, ICE PELLETS, HAIL    4 = ICE PELLETS
                        TOTAL MONTH:    M          5 = HAIL
                        GRTST 24HR    M  ON   M    6 = FREEZING RAIN OR DRIZZLE
                        GRTST DEPTH:  M  ON   M    7 = DUSTSTORM OR SANDSTORM:
                                                       VSBY 1/2 MILE OR LESS
                                                   8 = SMOKE OR HAZE
[NO. OF DAYS WITH]      [WEATHER - DAYS WITH]      9 = BLOWING SNOW
                                                   X = TORNADO
MAX 32 OR BELOW:   0    0.01 INCH OR MORE:   8
MAX 90 OR ABOVE:  15    0.10 INCH OR MORE:   1
MIN 32 OR BELOW:   0    0.50 INCH OR MORE:   0
MIN  0 OR BELOW:   0    1.00 INCH OR MORE:   0

[HDD (BASE 65) ]
TOTAL THIS MO.     0    CLEAR  (SCALE 0-3)  19
DPTR FM NORMAL     M    PTCLDY (SCALE 4-7)   2
TOTAL FM JUL 1     0    CLOUDY (SCALE 8-10)  1
DPTR FM NORMAL     M

[CDD (BASE 65) ]
TOTAL THIS MO.   158
DPTR FM NORMAL     M    [PRESSURE DATA]
TOTAL FM JAN 1   257    HIGHEST SLP M ON M
DPTR FM NORMAL     M    LOWEST  SLP 29.45 ON 10

[REMARKS]
