000
CXUS55 KPIH 301200
CF6LLJ

PRELIMINARY LOCAL CLIMATOLOGICAL DATA (WS FORM: F-6)

                                          STATION:   CHALLIS ID
                                          MONTH:     MAY
                                          YEAR:      2016
                                          LATITUDE:   44 31 N
                                          LONGITUDE: 114 13 W

  TEMPERATURE IN F:       :PCPN:    SNOW:  WIND      :SUNSHINE: SKY     :PK WND
================================================================================
1   2   3   4   5  6A  6B    7    8   9   10  11  12  13   14  15   16   17  18
                                     12Z  AVG MX 2MIN
DY MAX MIN AVG DEP HDD CDD  WTR  SNW DPTH SPD SPD DIR MIN PSBL S-S WX    SPD DR
================================================================================

 1  67  32  50   3  15   0 0.00    M    M  4.7 13 330   M    M   1        17 340
 2  71  32  52   4  13   0 0.00    M    M  2.1  9 120   M    M   0        12  80
 3  76  35  56   8   9   0 0.00    M    M  4.7 16 150   M    M   0        23 170
 4  76  37  57   9   8   0 0.00    M    M  3.9 20 180   M    M   0        25 180
 5  81  40  61  12   4   0 0.00    M    M  5.3 26 160   M    M   0        33 170
 6  63  49  56   7   9   0 0.19    M    M  4.9 13 320   M    M   8 1      17 310
 7  68  48  58   9   7   0 0.00    M    M  6.7 20  40   M    M   5        25  30
 8  74  39  57   7   8   0 0.01    M    M  7.2 21 260   M    M   4        26 270
 9  59  38  49  -1  16   0    T    M    M 10.5 32 340   M    M   5        39 340
10  52  35  44  -6  21   0    T    M    M  7.2 20  20   M    M   7        25  20
11  64  27  46  -5  19   0 0.00    M    M  3.1 10 140   M    M   0        13  50
12  75  34  55   4  10   0 0.00    M    M  4.8 25 260   M    M   1        30 280
13  81  38  60   9   5   0 0.00    M    M  4.7 22 300   M    M   0        31 230
14  71  45  58   6   7   0    T    M    M  8.5 25  30   M    M   2        32  30
15  55  43  49  -3  16   0 0.27    M    M  4.9 17 180   M    M   9 13     23 190
16  59  44  52   0  13   0 0.07    M    M  6.3 17 150   M    M   8 13     23 150
17  71  39  55   3  10   0 0.00    M    M  4.4 12 320   M    M   2        17 280
18  77  40  59   6   6   0 0.00    M    M  3.7 20 220   M    M   1        22 210
19  59  44  52  -1  13   0 0.09    M    M  6.6 23 270   M    M   5        27 260
20  48  39  44  -9  21   0 0.24    M    M  2.8 13 310   M    M   8        17 320
21  58  41  50  -4  15   0 0.35    M    M  7.4 28 190   M    M   6 13     34 190
22  56  41  49  -5  16   0    T    M    M  8.2 32 270   M    M   8        38 270
23  59  38  49  -5  16   0 0.00    M    M  4.7 17 290   M    M   8        23 250
24  62  31  47  -7  18   0 0.02    M    M  3.1 20 230   M    M   5        28 230
25  64  41  53  -2  12   0 0.01    M    M  2.4 15 310   M    M   7        20 320
26  70  37  54  -1  11   0    T    M    M  4.3 22 150   M    M   2        29 150
27  68  44  56   1   9   0    T    M    M  7.5 25 240   M    M   6        36 220
28  68  38  53  -2  12   0 0.00    M    M  3.5 10 270   M    M   1        14 270
29  74  35  55  -1  10   0 0.00    M    M  5.1 31 250   M    M   1        42 250
================================================================================
SM 1926 1124       349   0  1.25    M    153.2          M      110
================================================================================
AV 66.4 38.8                               5.3 FASTST   M    M   4    MAX(MPH)
                                 MISC ---->  # 32 340               # 42  250
================================================================================
NOTES:
# LAST OF SEVERAL OCCURRENCES
PRECIPITATION SUSPECT DURING FREEZING/FROZEN EVENTS

COLUMN 17 PEAK WIND IN M.P.H.

PRELIMINARY LOCAL CLIMATOLOGICAL DATA (WS FORM: F-6) , PAGE 2

                                          STATION:  CHALLIS ID
                                          MONTH:    MAY
                                          YEAR:     2016
                                          LATITUDE:   44 31 N
                                          LONGITUDE: 114 13 W

[TEMPERATURE DATA]      [PRECIPITATION DATA]       SYMBOLS USED IN COLUMN 16

AVERAGE MONTHLY: 52.6   TOTAL FOR MONTH:   1.25    1 = FOG OR MIST
DPTR FM NORMAL:   0.9   DPTR FM NORMAL:   -0.12    2 = FOG REDUCING VISIBILITY
HIGHEST:    81 ON 13, 5 GRTST 24HR  0.55 ON 20-21      TO 1/4 MILE OR LESS
LOWEST:     27 ON 11                               3 = THUNDER
                        SNOW, ICE PELLETS, HAIL    4 = ICE PELLETS
                        TOTAL MONTH:    M          5 = HAIL
                        GRTST 24HR    M  ON   M    6 = FREEZING RAIN OR DRIZZLE
                        GRTST DEPTH:  M  ON   M    7 = DUSTSTORM OR SANDSTORM:
                                                       VSBY 1/2 MILE OR LESS
                                                   8 = SMOKE OR HAZE
[NO. OF DAYS WITH]      [WEATHER - DAYS WITH]      9 = BLOWING SNOW
                                                   X = TORNADO
MAX 32 OR BELOW:   0    0.01 INCH OR MORE:   9
MAX 90 OR ABOVE:   0    0.10 INCH OR MORE:   4
MIN 32 OR BELOW:   4    0.50 INCH OR MORE:   0
MIN  0 OR BELOW:   0    1.00 INCH OR MORE:   0

[HDD (BASE 65) ]
TOTAL THIS MO.   349    CLEAR  (SCALE 0-3)  14
DPTR FM NORMAL   -38    PTCLDY (SCALE 4-7)  13
TOTAL FM JUL 1  7606    CLOUDY (SCALE 8-10)  2
DPTR FM NORMAL  -372

[CDD (BASE 65) ]
TOTAL THIS MO.     0
DPTR FM NORMAL     0    [PRESSURE DATA]
TOTAL FM JAN 1     0    HIGHEST SLP M ON M
DPTR FM NORMAL     0    LOWEST  SLP 29.52 ON  8

[REMARKS]
