000
CXUS54 KLZK 011430
CF6LLQ
PRELIMINARY LOCAL CLIMATOLOGICAL DATA (WS FORM: F-6)

                                          STATION:   Monticello
                                          MONTH:     FEBRUARY
                                          YEAR:      2015
                                          LATITUDE:   33 37 N
                                          LONGITUDE:  91 45 W

  TEMPERATURE IN F:       :PCPN:    SNOW:  WIND      :SUNSHINE: SKY     :PK WND
================================================================================
1   2   3   4   5  6A  6B    7    8   9   10  11  12  13   14  15   16   17  18
                                     12Z  AVG MX 2MIN
DY MAX MIN AVG DEP HDD CDD  WTR  SNW DPTH SPD SPD DIR MIN PSBL S-S WX    SPD DR
================================================================================

 1  62  37  50   5  15   0 0.50    M    0 12.2 18 290   M    M   8 1      29 290
 2  40  27  34 -11  31   0 0.00  0.0    0  5.6 16 320   M    M   4        26 320
 3  50  27  39  -6  26   0 0.00  0.0    0  3.3 10 150   M    M   0        14 160
 4  53  33  43  -2  22   0 0.01  0.0    0  3.8 10 150   M    M   6 1      14 150
 5  44  26  35 -11  30   0 0.00  0.0    0  8.1 20  50   M    M   4        29  50
 6  56  22  39  -7  26   0 0.00  0.0    0  4.3 12 210   M    M   0        15 190
 7  67  42  55   9  10   0 0.00  0.0    0 10.0 21 220   M    M   0        28 210
 8  65  54  60  14   5   0    T  0.0    0  7.7 15 210   M    M   7        21 210
 9  66  40  53   7  12   0    T    M    0  6.8 17  40   M    M   0 18     22  50
10  52  33  43  -4  22   0 0.00  0.0    0  6.2 18  50   M    M   1        23  50
11  64  31  48   1  17   0 0.00    M    0  1.3 12  50   M    M   0 1      15  50
12  46  30  38  -9  27   0 0.00  0.0    0  8.0 15  20   M    M   0        23  20
13  49  25  37 -10  28   0 0.00  0.0    0  2.9 12  60   M    M   0        14  50
14  71  31  51   3  14   0 0.00  0.0    0  6.7 22  50   M    M   0        29  50
15  43  28  36 -12  29   0 0.00  0.0    0 10.2 18  60   M    M   3        26  40
16  41  26  34 -14  31   0    T    M    0  8.0 16  50   M    M   9 16     26 330
17  34  20  27 -21  38   0    M    M    0  3.0  9 220   M    M   4 1      13  20
18  41  26  34 -14  31   0    M    M    0  7.7 16 290   M    M   2 1      24 300
19  36  20  28 -21  37   0 0.00  0.0    0  4.9 13  50   M    M   3        17  40
20  56  27  42  -7  23   0    M  0.0    0  8.2 17 180   M    M  10 1      27 160
21  64  39  52   3  13   0 1.33  0.0    0 10.4 23 200   M    M  10 13     31 220
22  44  31  38 -12  27   0 0.68    M    0 10.5 22  40   M    M  10 168    30  50
23  31  23  27 -23  38   0 0.21    T    0  7.7 20  40   M    M  10 46     27  20
24  41  23  32 -18  33   0 0.00  0.0    0  3.5 10 220   M    M   5        13 220
25  34  31  33 -17  32   0 0.60  3.0    0  2.2  7 290   M    M   8 126     9  80
26  37  29  33 -18  32   0 0.00  0.0    3  5.3 10 360   M    M   8 128    17  10
27  34  24  29 -22  36   0 0.00  0.0    2  9.7 20  60   M    M   6        23  50
28  47  28  38 -13  27   0    T  0.0    0  8.1 15  50   M    M   9        19 130
================================================================================
SM 1368  833       712   0  3.33     3.0 186.3          M      127
================================================================================
AV 48.9 29.8                               6.7 FASTST   M    M   5    MAX(MPH)
                                 MISC ---->  # 23 200               # 31  220
================================================================================
NOTES:
# LAST OF SEVERAL OCCURRENCES

COLUMN 17 PEAK WIND IN M.P.H.

PRELIMINARY LOCAL CLIMATOLOGICAL DATA (WS FORM: F-6) , PAGE 2

                                          STATION:  Monticello
                                          MONTH:    FEBRUARY
                                          YEAR:     2015
                                          LATITUDE:   33 37 N
                                          LONGITUDE:  91 45 W

[TEMPERATURE DATA]      [PRECIPITATION DATA]       SYMBOLS USED IN COLUMN 16

AVERAGE MONTHLY: 39.3   TOTAL FOR MONTH:   3.33    1 = FOG OR MIST
DPTR FM NORMAL:  -8.5   DPTR FM NORMAL:   -1.65    2 = FOG REDUCING VISIBILITY
HIGHEST:    71 ON 14    GRTST 24HR  1.33 ON 21-21      TO 1/4 MILE OR LESS
LOWEST:     20 ON 19,17                            3 = THUNDER
                        SNOW, ICE PELLETS, HAIL    4 = ICE PELLETS
                        TOTAL MONTH:   3.0 INCHES  5 = HAIL
                        GRTST 24HR   3.0 ON 25-25  6 = FREEZING RAIN OR DRIZZLE
                        GRTST DEPTH:   3 ON 26     7 = DUSTSTORM OR SANDSTORM:
                                                       VSBY 1/2 MILE OR LESS
                                                   8 = SMOKE OR HAZE
[NO. OF DAYS WITH]      [WEATHER - DAYS WITH]      9 = BLOWING SNOW
                                                   X = TORNADO
MAX 32 OR BELOW:   1    0.01 INCH OR MORE:   6
MAX 90 OR ABOVE:   0    0.10 INCH OR MORE:   5
MIN 32 OR BELOW:  21    0.50 INCH OR MORE:   4
MIN  0 OR BELOW:   0    1.00 INCH OR MORE:   1

[HDD (BASE 65) ]
TOTAL THIS MO.   712    CLEAR  (SCALE 0-3)  12
DPTR FM NORMAL   227    PTCLDY (SCALE 4-7)   9
TOTAL FM JUL 1  2501    CLOUDY (SCALE 8-10)  7
DPTR FM NORMAL   274

[CDD (BASE 65) ]
TOTAL THIS MO.     0
DPTR FM NORMAL    -4    [PRESSURE DATA]
TOTAL FM JAN 1     0    HIGHEST SLP 30.61 ON 23
DPTR FM NORMAL    -5    LOWEST  SLP 29.73 ON  1

[REMARKS]
ALL SNOWFALL DATA IS FROM THE UNIVERSITY OF ARKANSAS AT MONTICELLO COOPERATIVE OBSERVER SITE
#FINAL-02-15#
