000
CXUS56 KMFR 161000
CF6LMT
PRELIMINARY LOCAL CLIMATOLOGICAL DATA (WS FORM: F-6)

                                          STATION:   KLAMATH FALLS OR
                                          MONTH:     OCTOBER
                                          YEAR:      2017
                                          LATITUDE:   42  9 N
                                          LONGITUDE: 121 44 W

  TEMPERATURE IN F:       :PCPN:    SNOW:  WIND      :SUNSHINE: SKY     :PK WND
================================================================================
1   2   3   4   5  6A  6B    7    8   9   10  11  12  13   14  15   16   17  18
                                     12Z  AVG MX 2MIN
DY MAX MIN AVG DEP HDD CDD  WTR  SNW DPTH SPD SPD DIR MIN PSBL S-S WX    SPD DR
================================================================================

 1  57  30  44  -9  21   0 0.00    M    M  9.1 25 340   M    M   1        30 340
 2  52  21  37 -15  28   0 0.00    M    M  6.0 23  50   M    M   4 1      29  60
 3  61  31  46  -6  19   0 0.00    M    M  9.6 20  70   M    M   0        26  40
 4  63  26  45  -7  20   0    T    M    M  3.0 10 350   M    M   1        13 350
 5  66  26  46  -5  19   0 0.00    M    M  1.9 12 280   M    M   0        13 290
 6  75  27  51   0  14   0 0.00    M    M  4.6 18 250   M    M   0        23 240
 7  67  36  52   2  13   0 0.00    M    M  8.0 24 280   M    M   0        28 290
 8  59  24  42  -8  23   0 0.00    M    M  7.8 20  60   M    M   0        28  70
 9  65  33  49  -1  16   0 0.00    M    M  7.5 20 170   M    M   0        25 160
10  64  24  44  -5  21   0 0.00    M    M  5.3 18 270   M    M   0 8      22 290
11  50  24  37 -12  28   0    T    M    M  9.6 25 290   M    M   3 8      31 300
12  55  16  36 -13  29   0 0.00    M    M  5.6 20 320   M    M   2 12     23 320
13  52  24  38 -10  27   0    T    M    M  9.3 25 290   M    M   3 1      30 280
14  60  23  42  -6  23   0 0.00    M    M  7.6 16  70   M    M   0        21  70
15  63  26  45  -2  20   0 0.00    M    M  2.9  9 330   M    M   0        11 320
================================================================================
SM  909  391       321   0    T     M     97.8          M       14
================================================================================
AV 60.6 26.1                               6.5 FASTST   M    M   1    MAX(MPH)
                                 MISC ---->  # 25 340               # 31  300
================================================================================
NOTES:
# LAST OF SEVERAL OCCURRENCES

COLUMN 17 PEAK WIND IN M.P.H.

PRELIMINARY LOCAL CLIMATOLOGICAL DATA (WS FORM: F-6) , PAGE 2

                                          STATION:  KLAMATH FALLS OR
                                          MONTH:    OCTOBER
                                          YEAR:     2017
                                          LATITUDE:   42  9 N
                                          LONGITUDE: 121 44 W

[TEMPERATURE DATA]      [PRECIPITATION DATA]       SYMBOLS USED IN COLUMN 16

AVERAGE MONTHLY: 43.3   TOTAL FOR MONTH:      T    1 = FOG OR MIST
DPTR FM NORMAL:  -6.7   DPTR FM NORMAL:   -0.25    2 = FOG REDUCING VISIBILITY
HIGHEST:    75 ON  6    GRTST 24HR    T  ON 13-13      TO 1/4 MILE OR LESS
LOWEST:     16 ON 12                               3 = THUNDER
                        SNOW, ICE PELLETS, HAIL    4 = ICE PELLETS
                        TOTAL MONTH:    M          5 = HAIL
                        GRTST 24HR    M  ON   M    6 = FREEZING RAIN OR DRIZZLE
                        GRTST DEPTH:  M  ON   M    7 = DUSTSTORM OR SANDSTORM:
                                                       VSBY 1/2 MILE OR LESS
                                                   8 = SMOKE OR HAZE
[NO. OF DAYS WITH]      [WEATHER - DAYS WITH]      9 = BLOWING SNOW
                                                   X = TORNADO
MAX 32 OR BELOW:   0    0.01 INCH OR MORE:   0
MAX 90 OR ABOVE:   0    0.10 INCH OR MORE:   0
MIN 32 OR BELOW:  13    0.50 INCH OR MORE:   0
MIN  0 OR BELOW:   0    1.00 INCH OR MORE:   0

[HDD (BASE 65) ]
TOTAL THIS MO.   321    CLEAR  (SCALE 0-3)  12
DPTR FM NORMAL    96    PTCLDY (SCALE 4-7)   3
TOTAL FM JUL 1   561    CLOUDY (SCALE 8-10)  0
DPTR FM NORMAL   -20

[CDD (BASE 65) ]
TOTAL THIS MO.     0
DPTR FM NORMAL     0    [PRESSURE DATA]
TOTAL FM JAN 1   420    HIGHEST SLP  0.00 ON M
DPTR FM NORMAL   251    LOWEST  SLP  0.00 ON 10

[REMARKS]
