000
CXUS53 KOAX 011000
CF6LNK
PRELIMINARY LOCAL CLIMATOLOGICAL DATA (WS FORM: F-6)

                                          STATION:   LINCOLN, NEBRASKA
                                          MONTH:     AUGUST
                                          YEAR:      2015
                                          LATITUDE:   40 50 N
                                          LONGITUDE:  96 45 W

  TEMPERATURE IN F:       :PCPN:    SNOW:  WIND      :SUNSHINE: SKY     :PK WND
================================================================================
1   2   3   4   5  6A  6B    7    8   9   10  11  12  13   14  15   16   17  18
                                     12Z  AVG MX 2MIN
DY MAX MIN AVG DEP HDD CDD  WTR  SNW DPTH SPD SPD DIR MIN PSBL S-S WX    SPD DR
================================================================================

 1  89  63  76  -1   0  11    T  0.0    0  6.5 25 320   M    M   1        37 320
 2  96  71  84   7   0  19 0.00  0.0    0  9.4 17 260   M    M   0        21 260
 3  86  67  77   0   0  12    T  0.0    0  8.1 16 120   M    M   2 3      19  50
 4  89  67  78   1   0  13 0.17  0.0    0 10.0 24  20   M    M   3 13     30  20
 5  83  70  77   0   0  12    T  0.0    0  6.2 12 120   M    M   6 18     19 200
 6  82  63  73  -4   0   8 0.03  0.0    0  6.4 20 190   M    M   1 1      25 190
 7  93  67  80   3   0  15    T  0.0    0  5.2 13  90   M    M   0 18     25 170
 8  88  69  79   2   0  14 0.36  0.0    0  7.4 20 260   M    M   4 13     28 150
 9  89  74  82   6   0  17 0.00  0.0    0  5.4 15 350   M    M   7 3      18 350
10  85  63  74  -2   0   9 0.00  0.0    0 10.6 18 360   M    M   2        23  10
11  87  58  73  -3   0   8 0.00  0.0    0  2.8 10  40   M    M   0        14 320
12  88  59  74  -2   0   9 0.00  0.0    0  5.5 14 230   M    M   0        18 170
13  90  62  76   0   0  11 0.00  0.0    0  8.7 20 240   M    M   0        23 240
14  92  68  80   4   0  15 0.00  0.0    0  8.1 14 140   M    M   0        20 180
15  92  64  78   2   0  13 0.00  0.0    0 11.5 23 170   M    M   0        28 190
16  94  69  82   6   0  17 0.00  0.0    0 11.4 22 170   M    M   1        26 200
17  78  68  73  -3   0   8 1.72  0.0    0  6.4 17 160   M    M   9 13     20 190
18  75  56  66  -9   0   1 0.36  0.0    0 10.3 29 310   M    M   6 13     36 310
19  77  53  65 -10   0   0 0.08  0.0    0 13.0 28 320   M    M   1        37 320
20  85  52  69  -6   0   4 0.00  0.0    0  8.1 18 190   M    M   1        23 180
21  86  64  75   0   0  10 0.00  0.0    0 16.4 26 180   M    M   0        33 170
22  91  65  78   3   0  13 0.01  0.0    0 14.5 28 190   M    M   7 38     36 190
23  76  50  63 -11   2   0 0.00  0.0    0 11.0 23 330   M    M   0        27 320
24  82  46  64 -10   1   0 0.00  0.0    0  4.1 14 250   M    M   0        17 290
25  82  51  67  -7   0   2 0.00  0.0    0  4.3 12  60   M    M   0        14  50
26  85  55  70  -4   0   5 0.00  0.0    0  7.8 15 170   M    M   0        20 180
27  87  66  77   4   0  12 0.31  0.0    0 14.8 33 160   M    M   2 13     43 160
28  80  64  72  -1   0   7 0.74  0.0    0 11.4 20 330   M    M   8 13     25 310
29  74  61  68  -5   0   3    T  0.0    0  8.0 15 360   M    M   7 1      17  20
30  78  62  70  -3   0   5 0.00  0.0    0  7.6 16 170   M    M   6 1      19 160
31  88  62  75   3   0  10 0.00  0.0    0  7.8 18 180   M    M   0 128    22 180
================================================================================
SM 2647 1929         3 283  3.78     0.0 268.7          M       74
================================================================================
AV 85.4 62.2                               8.7 FASTST   M    M   2    MAX(MPH)
                                 MISC ---->  # 33 160               # 43  160
================================================================================
NOTES:
# LAST OF SEVERAL OCCURRENCES

COLUMN 17 PEAK WIND IN M.P.H.

PRELIMINARY LOCAL CLIMATOLOGICAL DATA (WS FORM: F-6) , PAGE 2

                                          STATION:  LINCOLN, NEBRASKA
                                          MONTH:    AUGUST
                                          YEAR:     2015
                                          LATITUDE:   40 50 N
                                          LONGITUDE:  96 45 W

[TEMPERATURE DATA]      [PRECIPITATION DATA]       SYMBOLS USED IN COLUMN 16

AVERAGE MONTHLY: 73.8   TOTAL FOR MONTH:   3.78    1 = FOG OR MIST
DPTR FM NORMAL:  -1.5   DPTR FM NORMAL:    0.29    2 = FOG REDUCING VISIBILITY
HIGHEST:    96 ON  2    GRTST 24HR  1.98 ON 17-18      TO 1/4 MILE OR LESS
LOWEST:     46 ON 24                               3 = THUNDER
                        SNOW, ICE PELLETS, HAIL    4 = ICE PELLETS
                        TOTAL MONTH:   0.0 INCH    5 = HAIL
                        GRTST 24HR     0.0         6 = FREEZING RAIN OR DRIZZLE
                        GRTST DEPTH:   0           7 = DUSTSTORM OR SANDSTORM:
                                                       VSBY 1/2 MILE OR LESS
                                                   8 = SMOKE OR HAZE
[NO. OF DAYS WITH]      [WEATHER - DAYS WITH]      9 = BLOWING SNOW
                                                   X = TORNADO
MAX 32 OR BELOW:   0    0.01 INCH OR MORE:   9
MAX 90 OR ABOVE:   7    0.10 INCH OR MORE:   6
MIN 32 OR BELOW:   0    0.50 INCH OR MORE:   2
MIN  0 OR BELOW:   0    1.00 INCH OR MORE:   1

[HDD (BASE 65) ]
TOTAL THIS MO.     3    CLEAR  (SCALE 0-3)  21
DPTR FM NORMAL    -2    PTCLDY (SCALE 4-7)   8
TOTAL FM JUL 1     4    CLOUDY (SCALE 8-10)  2
DPTR FM NORMAL    -2

[CDD (BASE 65) ]
TOTAL THIS MO.   283
DPTR FM NORMAL   -41    [PRESSURE DATA]
TOTAL FM JAN 1   981    HIGHEST SLP 30.23 ON 11
DPTR FM NORMAL   -54    LOWEST  SLP 29.69 ON 18

[REMARKS]
#FINAL-08-15#
