000
CXUS54 KLZK 271130
CF6LRF
PRELIMINARY LOCAL CLIMATOLOGICAL DATA (WS FORM: F-6)

                                          STATION:   Jacksonville/Little Rock AFB
                                          MONTH:     JUNE
                                          YEAR:      2017
                                          LATITUDE:   34 55 N
                                          LONGITUDE:  92  9 W

  TEMPERATURE IN F:       :PCPN:    SNOW:  WIND      :SUNSHINE: SKY     :PK WND
================================================================================
1   2   3   4   5  6A  6B    7    8   9   10  11  12  13   14  15   16   17  18
                                     12Z  AVG MX 2MIN
DY MAX MIN AVG DEP HDD CDD  WTR  SNW DPTH SPD SPD DIR MIN PSBL S-S WX    SPD DR
================================================================================

 1  85  65  75   1   0  10 0.00  0.0    0  2.9 20 150   M    M   1        30 130
 2  82  62  72  -2   0   7 0.21  0.0    0  4.3 16 140   M    M   1 1      23 140
 3  85  67  76   1   0  11 0.42  0.0    0  3.9 10 100   M    M   3 123     M  M
 4  82  70  76   1   0  11 0.18  0.0    0  3.0  7 130   M    M   5 13      M  M
 5  81  69  75   0   0  10 0.21  0.0    0  3.3  7 320   M    M   5 13      M  M
 6  88  66  77   1   0  12 0.00  0.0    0  5.8 12  50   M    M   1         M  M
 7  83  60  72  -4   0   7 0.00  0.0    0  4.9 13  60   M    M   1         M  M
 8  82  56  69  -7   0   4 0.00  0.0    0  4.2 12 350   M    M   0        18 350
 9  84  54  69  -7   0   4 0.00  0.0    0  1.7  6 140   M    M   0         M  M
10  87  57  72  -5   0   7    T  0.0    0  4.1 12 140   M    M   1 8      17 140
11  90  64  77   0   0  12 0.00  0.0    0  4.0 10 180   M    M   1        17 180
12  92  73  83   6   0  18    T  0.0    0  5.3  9 150   M    M   5 1       M  M
13  90  69  80   3   0  15 0.00  0.0    0  4.8 10 110   M    M   3         M  M
14  92  74  83   6   0  18 0.00  0.0    0  7.3 12 160   M    M   3        16 180
15  90  71  81   3   0  16 0.06  0.0    0  4.4  8 230   M    M   1 3       M  M
16  93  72  83   5   0  18    T  0.0    0  5.4  9 290   M    M   2         M  M
17  90  71  81   3   0  16    T  0.0    0  5.0 10 190   M    M   2         M  M
18   M   M   M   M   M   M 0.99    M    0  5.3 15 230   M    M   4 13      M  M
19  88  65  77  -2   0  12 0.09  0.0    0  3.0  7  30   M    M   4 13      M  M
20  90  66  78  -1   0  13 0.00  0.0    0  2.3  6 100   M    M   1         M  M
21  88  66  77  -2   0  12 0.01  0.0    0  6.7 17  80   M    M   1        22  80
22  85  74  80   1   0  15 0.79  0.0    0  8.9 10 130   M    M   8 13      M  M
23  90  70  80   1   0  15 0.34  0.0    0  7.2 12 250   M    M   5 13      M  M
24  82  68  75  -5   0  10 0.00  0.0    0  4.4  8 350   M    M   3         M  M
25  85  64  75  -5   0  10 0.00  0.0    0  2.6  9  80   M    M   2 8       M  M
26  85  64  75  -5   0  10    T  0.0    0  3.3  8 110   M    M   4         M  M
================================================================================
SM 2169 1657         0 293  3.30     0.0 118.0          M       67
================================================================================
AV 86.8 66.3                               4.5 FASTST   M    M   3    MAX(MPH)
                                 MISC ---->  # 20 150               # 30  130
================================================================================
NOTES:
# LAST OF SEVERAL OCCURRENCES

COLUMN 17 PEAK WIND IN M.P.H.

PRELIMINARY LOCAL CLIMATOLOGICAL DATA (WS FORM: F-6) , PAGE 2

                                          STATION:  Jacksonville/Little Rock AFB
                                          MONTH:    JUNE
                                          YEAR:     2017
                                          LATITUDE:   34 55 N
                                          LONGITUDE:  92  9 W

[TEMPERATURE DATA]      [PRECIPITATION DATA]       SYMBOLS USED IN COLUMN 16

AVERAGE MONTHLY: 76.5   TOTAL FOR MONTH:   3.30    1 = FOG OR MIST
DPTR FM NORMAL:  -0.7   DPTR FM NORMAL:   -0.11    2 = FOG REDUCING VISIBILITY
HIGHEST:    93 ON 16    GRTST 24HR  0.99 ON 18-18      TO 1/4 MILE OR LESS
LOWEST:     54 ON  9                               3 = THUNDER
                        SNOW, ICE PELLETS, HAIL    4 = ICE PELLETS
                        TOTAL MONTH:   0.0 INCH    5 = HAIL
                        GRTST 24HR     0.0         6 = FREEZING RAIN OR DRIZZLE
                        GRTST DEPTH:   0           7 = DUSTSTORM OR SANDSTORM:
                                                       VSBY 1/2 MILE OR LESS
                                                   8 = SMOKE OR HAZE
[NO. OF DAYS WITH]      [WEATHER - DAYS WITH]      9 = BLOWING SNOW
                                                   X = TORNADO
MAX 32 OR BELOW:   0    0.01 INCH OR MORE:  10
MAX 90 OR ABOVE:   9    0.10 INCH OR MORE:   7
MIN 32 OR BELOW:   0    0.50 INCH OR MORE:   2
MIN  0 OR BELOW:   0    1.00 INCH OR MORE:   0

[HDD (BASE 65) ]
TOTAL THIS MO.     0    CLEAR  (SCALE 0-3)  17
DPTR FM NORMAL   -11    PTCLDY (SCALE 4-7)   9
TOTAL FM JUL 1  2204    CLOUDY (SCALE 8-10)  0
DPTR FM NORMAL  -976

[CDD (BASE 65) ]
TOTAL THIS MO.   293
DPTR FM NORMAL   -34    [PRESSURE DATA]
TOTAL FM JAN 1   570    HIGHEST SLP M ON M
DPTR FM NORMAL   -11    LOWEST  SLP M ON M

[REMARKS]
