000
CXUS56 KTFX 311205
CF6LWT
PRELIMINARY LOCAL CLIMATOLOGICAL DATA (WS FORM: F-6)

                                          STATION:   LEWISTOWN MT
                                          MONTH:     JULY
                                          YEAR:      2015
                                          LATITUDE:   47  2 N
                                          LONGITUDE: 109 28 W

  TEMPERATURE IN F:       :PCPN:    SNOW:  WIND      :SUNSHINE: SKY     :PK WND
================================================================================
1   2   3   4   5  6A  6B    7    8   9   10  11  12  13   14  15   16   17  18
                                     12Z  AVG MX 2MIN
DY MAX MIN AVG DEP HDD CDD  WTR  SNW DPTH SPD SPD DIR MIN PSBL S-S WX    SPD DR
================================================================================

 1  87  55  71   9   0   6    T    M    0  6.1 33 360   M    M   2 8      41 360
 2  82  55  69   7   0   4 0.00    M    0  6.7 12  20   M    M   1 8      17 290
 3  92  55  74  11   0   9 0.00    M    0  5.9 12 360   M    M   2 8      15 350
 4  91  58  75  12   0  10 0.00    M    0  9.0 32  10   M    M   0        41 360
 5  71  51  61  -2   4   0 0.16    M    0  6.6 28  10   M    M   9 18     38  10
 6  74  51  63  -1   2   0 0.00    M    0  4.0 10  90   M    M   5 1      13  80
 7  76  47  62  -2   3   0 0.02    M    0  6.7 20  10   M    M   2        24  10
 8  82  45  64   0   1   0 0.00    M    0  4.7 12 110   M    M   1        16 130
 9  89  49  69   5   0   4 0.00    M    0  5.2 10 130   M    M   0        16 360
10  88  54  71   6   0   6 0.14    M    0  7.3 28 180   M    M   4 3      33 190
11  82  60  71   6   0   6 0.13    M    0  4.2 24  16   M    M   M        30 160
12  84  62  73   8   0   8 0.00    M    0  9.8 16 290   M    M   M        30 290
13  86  50  68   3   0   3 0.11    M    0  8.0 37 170   M    M   M        38 170
14  83  55  69   3   0   4 0.02    M    0  4.0 18 210   M    M   M        20 170
15  74  55  65  -1   0   0 0.00    M    0  4.0 18 230   M    M   M        18 230
16  80  47  64  -2   1   0 0.00    M    0  9.0 39 219   M    M   1        39 226
17  74  46  60  -6   5   0 0.04    M    0 15.4 33 300   M    M   5 1      47 300
18  76  51  64  -2   1   0 0.01    M    0 10.0 22 280   M    M   5        27 280
19  81  51  66   0   0   1 0.00    M    0  8.7 20 310   M    M   4        29 300
20  89  53  71   4   0   6    T    M    0  8.6 25 160   M    M   2 3      31 160
21  90  55  73   6   0   8 0.04    M    0  8.4 29 230   M    M   1 3      35 250
22  84  52  68   1   0   3    T    M    0  6.8 31 180   M    M   2        40 180
23  76  56  66  -1   0   1 0.13    M    0  7.0 29 230   M    M   5        38 230
24  87  48  68   1   0   3 0.00    M    0  9.1 25 250   M    M   2        42 190
25  88  52  70   3   0   5 0.02    M    0  5.7 25 230   M    M   1 3      32 230
26  87  53  70   3   0   5 0.04    M    0  8.5 28 170   M    M   1 3      37 160
27  64  48  56 -11   9   0 0.77    M    0 10.8 29 240   M    M   9 123    34 240
28  72  50  61  -6   4   0 0.26    M    0 17.1 29 300   M    M   7        37 290
29  79  44  62  -5   3   0 0.00    M    0  6.7 17 300   M    M   1        27 270
30  85  50  68   1   0   3 0.00    M    0  5.8 14 350   M    M   0        18 350
================================================================================
SM 2453 1558        33  95  1.89    M    229.8          M       72
================================================================================
AV 81.8 51.9                               7.7 FASTST   M    M   3    MAX(MPH)
                                 MISC ---->  # 39 219               # 47  300
================================================================================
NOTES:
# LAST OF SEVERAL OCCURRENCES

COLUMN 17 PEAK WIND IN M.P.H.

PRELIMINARY LOCAL CLIMATOLOGICAL DATA (WS FORM: F-6) , PAGE 2

                                          STATION:  LEWISTOWN MT
                                          MONTH:    JULY
                                          YEAR:     2015
                                          LATITUDE:   47  2 N
                                          LONGITUDE: 109 28 W

[TEMPERATURE DATA]      [PRECIPITATION DATA]       SYMBOLS USED IN COLUMN 16

AVERAGE MONTHLY: 66.9   TOTAL FOR MONTH:   1.89    1 = FOG OR MIST
DPTR FM NORMAL:   1.5   DPTR FM NORMAL:    0.01    2 = FOG REDUCING VISIBILITY
HIGHEST:    92 ON  3    GRTST 24HR  1.03 ON 27-28      TO 1/4 MILE OR LESS
LOWEST:     44 ON 29                               3 = THUNDER
                        SNOW, ICE PELLETS, HAIL    4 = ICE PELLETS
                        TOTAL MONTH:    M          5 = HAIL
                        GRTST 24HR    M  ON   M    6 = FREEZING RAIN OR DRIZZLE
                        GRTST DEPTH:   0           7 = DUSTSTORM OR SANDSTORM:
                                                       VSBY 1/2 MILE OR LESS
                                                   8 = SMOKE OR HAZE
[NO. OF DAYS WITH]      [WEATHER - DAYS WITH]      9 = BLOWING SNOW
                                                   X = TORNADO
MAX 32 OR BELOW:   0    0.01 INCH OR MORE:  14
MAX 90 OR ABOVE:   3    0.10 INCH OR MORE:   7
MIN 32 OR BELOW:   0    0.50 INCH OR MORE:   1
MIN  0 OR BELOW:   0    1.00 INCH OR MORE:   0

[HDD (BASE 65) ]
TOTAL THIS MO.    33    CLEAR  (SCALE 0-3)  16
DPTR FM NORMAL   -37    PTCLDY (SCALE 4-7)   7
TOTAL FM JUL 1    33    CLOUDY (SCALE 8-10)  2
DPTR FM NORMAL   -37

[CDD (BASE 65) ]
TOTAL THIS MO.    95
DPTR FM NORMAL     7    [PRESSURE DATA]
TOTAL FM JAN 1   170    HIGHEST SLP M ON M
DPTR FM NORMAL    60    LOWEST  SLP 29.66 ON  4

[REMARKS]
