000
CXUS53 KILX 240900
CF6LWV
PRELIMINARY LOCAL CLIMATOLOGICAL DATA (WS FORM: F-6)

                                          STATION:   LAWRENCEVILLE IL AIRPORT
                                          MONTH:     MAY
                                          YEAR:      2015
                                          LATITUDE:   38 45 N
                                          LONGITUDE:  87 36 W

  TEMPERATURE IN F:       :PCPN:    SNOW:  WIND      :SUNSHINE: SKY     :PK WND
================================================================================
1   2   3   4   5  6A  6B    7    8   9   10  11  12  13   14  15   16   17  18
                                     12Z  AVG MX 2MIN
DY MAX MIN AVG DEP HDD CDD  WTR  SNW DPTH SPD SPD DIR MIN PSBL S-S WX    SPD DR
================================================================================

 1  72  38  55  -7  10   0 0.00    M    M  6.5 17  10   M    M   0        23  60
 2  75  49  62   0   3   0 0.00    M    M  4.6 18 210   M    M   0        23 190
 3  81  56  69   7   0   4    T    M    M  9.3 22 200   M    M   2 8      32 200
 4  85  54  70   8   0   5 0.00    M    M  8.4 20 220   M    M   3        23 230
 5  86  58  72   9   0   7 0.00    M    M  9.7 20 230   M    M   2        24 230
 6  87  59  73  10   0   8 0.00    M    M  5.1 15 170   M    M   1        23 180
 7  87  58  73  10   0   8 0.00    M    M  8.6 22 170   M    M   1 18     29 170
 8  89  62  76  12   0  11 0.11    M    M 11.3 29 250   M    M   5 1      33 250
 9  72  64  68   4   0   3 0.49    M    M  6.0 20 150   M    M   7 13     26 280
10  82  64  73   9   0   8 0.36    M    M  7.4 29 260   M    M   4 13     37 280
11  74  58  66   1   0   1 0.37    M    M 10.1 22 230   M    M   4 13     29 230
12  68  49  59  -6   6   0 0.00    M    M 10.5 22 300   M    M   1        28 280
13  70  47  59  -6   6   0 0.00    M    M  7.1 15  20   M    M   0        20  40
14  71  52  62  -4   3   0    T    M    M   M   M   M   M    M   0         M  M
15  84  59  72   6   0   7 0.05    M    M  8.7 29 240   M    M   4        34 240
16  74  66  70   4   0   5 0.72    M    M  7.6 20 180   M    M   8 1      24 170
17  79  65  72   6   0   7 0.01    M    M 13.7 28 190   M    M   5 1      32 190
18  81  62  72   5   0   7 0.02    M    M  8.8 17 200   M    M   5 1      21 210
19  68  52  60  -7   5   0 0.00    M    M  8.8 18 330   M    M   0        22 350
20  56  48  52 -15  13   0 0.12    M    M 10.0 17  40   M    M   6 1      24  50
21  61  46  54 -14  11   0 0.00    M    M  9.9 18 350   M    M   7 1      23 340
22  75  46  61  -7   4   0 0.00    M    M  7.1 15 220   M    M   0        18 240
23  79  58  69   1   0   4 0.00    M    M  5.6 16 200   M    M   1        20 150
================================================================================
SM 1756 1270        61  85  2.25    M    184.8          M       66
================================================================================
AV 76.3 55.2                               8.4 FASTST   M    M   3    MAX(MPH)
                                 MISC ---->  # 29 250               # 37  280
================================================================================
NOTES:
# LAST OF SEVERAL OCCURRENCES

COLUMN 17 PEAK WIND IN M.P.H.

PRELIMINARY LOCAL CLIMATOLOGICAL DATA (WS FORM: F-6) , PAGE 2

                                          STATION:  LAWRENCEVILLE IL AIRPORT
                                          MONTH:    MAY
                                          YEAR:     2015
                                          LATITUDE:   38 45 N
                                          LONGITUDE:  87 36 W

[TEMPERATURE DATA]      [PRECIPITATION DATA]       SYMBOLS USED IN COLUMN 16

AVERAGE MONTHLY: 65.8   TOTAL FOR MONTH:   2.25    1 = FOG OR MIST
DPTR FM NORMAL:   0.9   DPTR FM NORMAL:   -2.28    2 = FOG REDUCING VISIBILITY
HIGHEST:    89 ON  8    GRTST 24HR  0.74 ON 15-16      TO 1/4 MILE OR LESS
LOWEST:     38 ON  1                               3 = THUNDER
                        SNOW, ICE PELLETS, HAIL    4 = ICE PELLETS
                        TOTAL MONTH:    M          5 = HAIL
                        GRTST 24HR    M  ON   M    6 = FREEZING RAIN OR DRIZZLE
                        GRTST DEPTH:  M  ON   M    7 = DUSTSTORM OR SANDSTORM:
                                                       VSBY 1/2 MILE OR LESS
                                                   8 = SMOKE OR HAZE
[NO. OF DAYS WITH]      [WEATHER - DAYS WITH]      9 = BLOWING SNOW
                                                   X = TORNADO
MAX 32 OR BELOW:   0    0.01 INCH OR MORE:   9
MAX 90 OR ABOVE:   0    0.10 INCH OR MORE:   6
MIN 32 OR BELOW:   0    0.50 INCH OR MORE:   1
MIN  0 OR BELOW:   0    1.00 INCH OR MORE:   0

[HDD (BASE 65) ]
TOTAL THIS MO.    61    CLEAR  (SCALE 0-3)  12
DPTR FM NORMAL   -12    PTCLDY (SCALE 4-7)  11
TOTAL FM JUL 1  5315    CLOUDY (SCALE 8-10)  0
DPTR FM NORMAL   651

[CDD (BASE 65) ]
TOTAL THIS MO.    85
DPTR FM NORMAL    17    [PRESSURE DATA]
TOTAL FM JAN 1    92    HIGHEST SLP M ON M
DPTR FM NORMAL    -2    LOWEST  SLP 29.90 ON 11

[REMARKS]
