000
CXUS53 KILX 162300
CF6LWV
PRELIMINARY LOCAL CLIMATOLOGICAL DATA (WS FORM: F-6)

                                          STATION:   LAWRENCEVILLE IL AIRPORT
                                          MONTH:     JANUARY
                                          YEAR:      2017
                                          LATITUDE:   38 45 N
                                          LONGITUDE:  87 36 W

  TEMPERATURE IN F:       :PCPN:    SNOW:  WIND      :SUNSHINE: SKY     :PK WND
================================================================================
1   2   3   4   5  6A  6B    7    8   9   10  11  12  13   14  15   16   17  18
                                     12Z  AVG MX 2MIN
DY MAX MIN AVG DEP HDD CDD  WTR  SNW DPTH SPD SPD DIR MIN PSBL S-S WX    SPD DR
================================================================================

 1  47  26  37   6  28   0 0.00    M    M  6.2 12  50   M    M   5 1      15 120
 2  55  42  49  18  16   0 0.13    M    M  4.7 14 110   M    M  10 12     16 100
 3  54  29  42  11  23   0 0.05    M    M 12.5 29 300   M    M  10 12     35 310
 4  30  20  25  -6  40   0 0.00    M    M 13.1 25 310   M    M   1        31 310
 5  23   6  15 -16  50   0 0.02    M    M  7.0 15 340   M    M   9 1      17 340
 6  13   5   9 -22  56   0    T    M    M  7.6 16 330   M    M   3        18 320
 7  17   0   9 -22  56   0 0.00    M    M  6.3 13 280   M    M   0        16 290
 8  22   1  12 -19  53   0 0.00    M    M  5.6 14 160   M    M   1        17 170
 9  39  18  29  -2  36   0 0.00    M    M 14.0 24 170   M    M   4        31 170
10  58  33  46  15  19   0 0.06    M    M 21.7 39 210   M    M   8 1      50 200
11  64  29  47  16  18   0 0.06    M    M 13.8 29 200   M    M   6 1      37 200
12  65  31  48  17  17   0 0.19    M    M 17.7 30 310   M    M   9 1      35 300
13  34  28  31   0  34   0 0.30    M    M 11.0 21  30   M    M   9 16     25  40
14  38  33  36   5  29   0 0.31    M    M  6.1 13 340   M    M  10 1      15 340
15  39  34  37   6  28   0 0.17    M    M  6.6 10  30   M    M  10 1      13  30
================================================================================
SM  598  335       503   0  1.29    M    153.9          M       95
================================================================================
AV 39.9 22.3                              10.3 FASTST   M    M   6    MAX(MPH)
                                 MISC ---->  # 39 210               # 50  200
================================================================================
NOTES:
# LAST OF SEVERAL OCCURRENCES

COLUMN 17 PEAK WIND IN M.P.H.

PRELIMINARY LOCAL CLIMATOLOGICAL DATA (WS FORM: F-6) , PAGE 2

                                          STATION:  LAWRENCEVILLE IL AIRPORT
                                          MONTH:    JANUARY
                                          YEAR:     2017
                                          LATITUDE:   38 45 N
                                          LONGITUDE:  87 36 W

[TEMPERATURE DATA]      [PRECIPITATION DATA]       SYMBOLS USED IN COLUMN 16

AVERAGE MONTHLY: 31.1   TOTAL FOR MONTH:   1.29    1 = FOG OR MIST
DPTR FM NORMAL:   0.1   DPTR FM NORMAL:   -0.06    2 = FOG REDUCING VISIBILITY
HIGHEST:    65 ON 12    GRTST 24HR  0.61 ON 13-14      TO 1/4 MILE OR LESS
LOWEST:      0 ON  7                               3 = THUNDER
                        SNOW, ICE PELLETS, HAIL    4 = ICE PELLETS
                        TOTAL MONTH:    M          5 = HAIL
                        GRTST 24HR    M  ON   M    6 = FREEZING RAIN OR DRIZZLE
                        GRTST DEPTH:  M  ON   M    7 = DUSTSTORM OR SANDSTORM:
                                                       VSBY 1/2 MILE OR LESS
                                                   8 = SMOKE OR HAZE
[NO. OF DAYS WITH]      [WEATHER - DAYS WITH]      9 = BLOWING SNOW
                                                   X = TORNADO
MAX 32 OR BELOW:   5    0.01 INCH OR MORE:   9
MAX 90 OR ABOVE:   0    0.10 INCH OR MORE:   5
MIN 32 OR BELOW:  11    0.50 INCH OR MORE:   0
MIN  0 OR BELOW:   1    1.00 INCH OR MORE:   0

[HDD (BASE 65) ]
TOTAL THIS MO.   503    CLEAR  (SCALE 0-3)   4
DPTR FM NORMAL    -7    PTCLDY (SCALE 4-7)   4
TOTAL FM JUL 1  2129    CLOUDY (SCALE 8-10)  7
DPTR FM NORMAL  -180

[CDD (BASE 65) ]
TOTAL THIS MO.     0
DPTR FM NORMAL     0    [PRESSURE DATA]
TOTAL FM JAN 1     0    HIGHEST SLP M ON M
DPTR FM NORMAL     0    LOWEST  SLP 29.66 ON 10

[REMARKS]
