000
CXUS53 KGID 250730
CF6LXN
PRELIMINARY LOCAL CLIMATOLOGICAL DATA (WS FORM: F-6)

                                          STATION:   LEXINGTON
                                          MONTH:     NOVEMBER
                                          YEAR:      2014
                                          LATITUDE:   40 47 N
                                          LONGITUDE:  99 46 W

  TEMPERATURE IN F:       :PCPN:    SNOW:  WIND      :SUNSHINE: SKY     :PK WND
================================================================================
1   2   3   4   5  6A  6B    7    8   9   10  11  12  13   14  15   16   17  18
                                     12Z  AVG MX 2MIN
DY MAX MIN AVG DEP HDD CDD  WTR  SNW DPTH SPD SPD DIR MIN PSBL S-S WX    SPD DR
================================================================================

 1  55  30  43   M  22   0 0.00    M    M 17.5 25 180   M    M   0        32 180
 2  73  40  57   M   8   0 0.00    M    M 12.8 18 170   M    M   0        24 170
 3  60  33  47   M  18   0 0.00    M    M 11.4 20 330   M    M   5        31 330
 4  62  26  44   M  21   0 0.00    M    M  8.6 16 260   M    M   0        20 260
 5  69  37  53   M  12   0 0.00    M    M 13.2 29 310   M    M   0        36 310
 6  60  27  44   M  21   0 0.00    M    M  7.8 12 170   M    M   0         M  M
 7  74  34  54   M  11   0 0.00    M    M 13.9 29 350   M    M   0        37 350
 8  61  30  46   M  19   0 0.00    M    M  9.2 14 340   M    M   0         M  M
 9  74  32  53   M  12   0 0.00    M    M  6.6 12 170   M    M   0         M  M
10  58  18  38   M  27   0    T    M    M 19.3 31 340   M    M   6        40 350
11  22  10  16   M  49   0    T    M    M 15.9 25 350   M    M   5        33 350
12  21   8  15   M  50   0 0.00    M    M 17.8 24 330   M    M   3        31 330
13  26   3  15   M  50   0 0.00    M    M  6.6 10 310   M    M   0 8       M  M
14  32   5  19   M  46   0 0.00    M    M 12.0 18 170   M    M   8        25 170
15  28   9  19   M  46   0    M    M    M 13.3 22 340   M    M   7        28 340
16  36  -1  18   M  47   0 0.00    M    M 14.0 27 340   M    M   1        31 340
17  25   0  13   M  52   0 0.00    M    M 13.0 29 310   M    M   5        33 310
18  52  -2  25   M  40   0 0.00    M    M  7.8 16 300   M    M   1        24 280
19  38  13  26   M  39   0 0.00    M    M  7.6 20 340   M    M   4        22 350
20  40  10  25   M  40   0 0.00    M    M  4.0  8 140   M    M   0         M  M
21  52  21  37   M  28   0 0.00    M    M  8.4 13 170   M    M   1        20 200
22  64  18  41   M  24   0 0.00    M    M  6.2 14 200   M    M   2 12      M  M
23  49  31  40   M  25   0 0.00    M    M 17.7 30 340   M    M   3        41 340
24  45  19  32   M  33   0 0.00    M    M 15.8 28 330   M    M   1        37 330
================================================================================
SM 1176  451       740   0    T     M    280.4          M       52
================================================================================
AV 49.0 18.8                              11.7 FASTST   M    M   2    MAX(MPH)
                                 MISC ---->    31   M                 41    M
================================================================================
NOTES:
# LAST OF SEVERAL OCCURRENCES

COLUMN 17 PEAK WIND IN M.P.H.

PRELIMINARY LOCAL CLIMATOLOGICAL DATA (WS FORM: F-6) , PAGE 2

                                          STATION:  LEXINGTON
                                          MONTH:    NOVEMBER
                                          YEAR:     2014
                                          LATITUDE:   40 47 N
                                          LONGITUDE:  99 46 W

[TEMPERATURE DATA]      [PRECIPITATION DATA]       SYMBOLS USED IN COLUMN 16

AVERAGE MONTHLY: 33.9   TOTAL FOR MONTH:      T    1 = FOG OR MIST
DPTR FM NORMAL:     M   DPTR FM NORMAL:       M    2 = FOG REDUCING VISIBILITY
HIGHEST:    74 ON  9, 7 GRTST 24HR    T  ON 11-11      TO 1/4 MILE OR LESS
LOWEST:     -2 ON 18                               3 = THUNDER
                        SNOW, ICE PELLETS, HAIL    4 = ICE PELLETS
                        TOTAL MONTH:    M          5 = HAIL
                        GRTST 24HR    M  ON   M    6 = FREEZING RAIN OR DRIZZLE
                        GRTST DEPTH:  M  ON   M    7 = DUSTSTORM OR SANDSTORM:
                                                       VSBY 1/2 MILE OR LESS
                                                   8 = SMOKE OR HAZE
[NO. OF DAYS WITH]      [WEATHER - DAYS WITH]      9 = BLOWING SNOW
                                                   X = TORNADO
MAX 32 OR BELOW:   6    0.01 INCH OR MORE:   0
MAX 90 OR ABOVE:   0    0.10 INCH OR MORE:   0
MIN 32 OR BELOW:  20    0.50 INCH OR MORE:   0
MIN  0 OR BELOW:   3    1.00 INCH OR MORE:   0

[HDD (BASE 65) ]
TOTAL THIS MO.   740    CLEAR  (SCALE 0-3)  17
DPTR FM NORMAL     M    PTCLDY (SCALE 4-7)   7
TOTAL FM JUL 1  1210    CLOUDY (SCALE 8-10)  0
DPTR FM NORMAL     M

[CDD (BASE 65) ]
TOTAL THIS MO.     0
DPTR FM NORMAL     M    [PRESSURE DATA]
TOTAL FM JAN 1   887    HIGHEST SLP M ON M
DPTR FM NORMAL     M    LOWEST  SLP M ON M

[REMARKS]
