000
CXUS55 KEAX 220736
CF6LXT
PRELIMINARY LOCAL CLIMATOLOGICAL DATA (WS FORM: F-6)

                                          STATION:   Lee`s Summit MO
                                          MONTH:     JANUARY
                                          YEAR:      2017
                                          LATITUDE:   38 57 N
                                          LONGITUDE:  94 22 W

  TEMPERATURE IN F:       :PCPN:    SNOW:  WIND      :SUNSHINE: SKY     :PK WND
================================================================================
1   2   3   4   5  6A  6B    7    8   9   10  11  12  13   14  15   16   17  18
                                     12Z  AVG MX 2MIN
DY MAX MIN AVG DEP HDD CDD  WTR  SNW DPTH SPD SPD DIR MIN PSBL S-S WX    SPD DR
================================================================================

 1  44  22  33   4  32   0 0.00    M    M  8.0 14  80   M    M   3        16  80
 2  50  38  44  15  21   0 0.06    M    M  6.5 13 130   M    M  10 12     16 130
 3  46  17  32   3  33   0 0.00    M    M 16.0 24 340   M    M   6 1      31 340
 4  23  11  17 -12  48   0 0.04    M    M  8.9 16 340   M    M   3 1      28 340
 5  16   4  10 -19  55   0 0.02    M    M  9.4 17 330   M    M   6 1      22 320
 6  14  -1   7 -22  58   0 0.00    M    M  4.6 10 290   M    M   0        14 320
 7  24   5  15 -14  50   0 0.00    M    M  6.7 12 340   M    M   0        15 350
 8  34   8  21  -8  44   0 0.00    M    M 10.6 21 160   M    M   2        27 150
 9  48  26  37   8  28   0 0.00  0.0    0 15.2 25 190   M    M   1        35 200
10  59  35  47  18  18   0    T    M    0 15.9 35 240   M    M   1        45 240
11  65  26  46  17  19   0 0.00  0.0    0 16.1 29 220   M    M   3        40 210
12  30  19  25  -4  40   0    T    M    0 10.9 16  20   M    M   5 168    21 360
13  27  20  24  -5  41   0    T    M    0 10.1 20  70   M    M   6 6      27  60
14  30  25  28  -1  37   0 0.00  0.0    0  5.7  9  70   M    M  10 18     11  20
15  33  29  31   2  34   0 0.17    M    0  7.5 14  80   M    M  10 1268   17  80
16  57  33  45  16  20   0 0.37    M    0 11.3 20 210   M    M  10 128    25 250
17  39  32  36   7  29   0 0.00  0.0    0  8.1 15 280   M    M   8 18     22 320
18  49  30  40  11  25   0 0.00  0.0    0  6.7 14 170   M    M   6 12     16 170
19  49  42  46  17  19   0 0.00    M    M  5.1 16 140   M    M  10 1      26 110
20  53  43  48  19  17   0 0.00    M    M  5.8 12 160   M    M   9 128    15 140
21  56  39  48  19  17   0 0.03    M    M  8.7 18 220   M    M   6 12     23 220
================================================================================
SM  846  503       685   0  0.69     0.0 197.8          M      115
================================================================================
AV 40.3 24.0                               9.4 FASTST   M    M   5    MAX(MPH)
                                 MISC ---->  # 35 240               # 45  240
================================================================================
NOTES:
# LAST OF SEVERAL OCCURRENCES

COLUMN 17 PEAK WIND IN M.P.H.

PRELIMINARY LOCAL CLIMATOLOGICAL DATA (WS FORM: F-6) , PAGE 2

                                          STATION:  Lee`s Summit MO
                                          MONTH:    JANUARY
                                          YEAR:     2017
                                          LATITUDE:   38 57 N
                                          LONGITUDE:  94 22 W

[TEMPERATURE DATA]      [PRECIPITATION DATA]       SYMBOLS USED IN COLUMN 16

AVERAGE MONTHLY: 32.1   TOTAL FOR MONTH:   0.69    1 = FOG OR MIST
DPTR FM NORMAL:   3.1   DPTR FM NORMAL:   -0.13    2 = FOG REDUCING VISIBILITY
HIGHEST:    65 ON 11    GRTST 24HR  0.47 ON 15-16      TO 1/4 MILE OR LESS
LOWEST:     -1 ON  6                               3 = THUNDER
                        SNOW, ICE PELLETS, HAIL    4 = ICE PELLETS
                        TOTAL MONTH:   0.0 INCH    5 = HAIL
                        GRTST 24HR     0.0         6 = FREEZING RAIN OR DRIZZLE
                        GRTST DEPTH:   0           7 = DUSTSTORM OR SANDSTORM:
                                                       VSBY 1/2 MILE OR LESS
                                                   8 = SMOKE OR HAZE
[NO. OF DAYS WITH]      [WEATHER - DAYS WITH]      9 = BLOWING SNOW
                                                   X = TORNADO
MAX 32 OR BELOW:   7    0.01 INCH OR MORE:   6
MAX 90 OR ABOVE:   0    0.10 INCH OR MORE:   2
MIN 32 OR BELOW:  15    0.50 INCH OR MORE:   0
MIN  0 OR BELOW:   1    1.00 INCH OR MORE:   0

[HDD (BASE 65) ]
TOTAL THIS MO.   685    CLEAR  (SCALE 0-3)   7
DPTR FM NORMAL   -71    PTCLDY (SCALE 4-7)   8
TOTAL FM JUL 1  2211    CLOUDY (SCALE 8-10)  6
DPTR FM NORMAL  -522

[CDD (BASE 65) ]
TOTAL THIS MO.     0
DPTR FM NORMAL     0    [PRESSURE DATA]
TOTAL FM JAN 1     0    HIGHEST SLP  0.00 ON M
DPTR FM NORMAL     0    LOWEST  SLP  0.00 ON M

[REMARKS]
