000
CXUS56 KHNX 271146
CF6MAE
PRELIMINARY LOCAL CLIMATOLOGICAL DATA (WS FORM: F-6)

                                          STATION:   MADERA CA AIRPORT
                                          MONTH:     DECEMBER
                                          YEAR:      2014
                                          LATITUDE:   36 58 N
                                          LONGITUDE: 120  7 W

  TEMPERATURE IN F:       :PCPN:    SNOW:  WIND      :SUNSHINE: SKY     :PK WND
================================================================================
1   2   3   4   5  6A  6B    7    8   9   10  11  12  13   14  15   16   17  18
                                     12Z  AVG MX 2MIN
DY MAX MIN AVG DEP HDD CDD  WTR  SNW DPTH SPD SPD DIR MIN PSBL S-S WX    SPD DR
================================================================================

 1  74  46  60  12   5   0 0.00  0.0    0  6.2 13 170   M    M   1        16 150
 2  61  48  55   8  10   0 0.49  0.0    0  6.7 17 150   M    M   5 1      26 310
 3  75  57  66  19   0   1 0.03  0.0    0 14.2 21 150   M    M   8        29 150
 4  69  56  63  16   2   0 0.02  0.0    0  8.1 14 140   M    M   7        16 140
 5  66  54  60  13   5   0 0.00  0.0    0  7.8 15 120   M    M   4        18 120
 6  73  53  63  17   2   0    T  0.0    0  3.1  8  80   M    M   3         9  90
 7  68  47  58  12   7   0 0.00  0.0    0   M   M   M   M    M   1 128     M  M
 8  67  39  53   7  12   0 0.00  0.0    0  2.0  8 250   M    M   5 128     9 250
 9  54  46  50   4  15   0 0.00  0.0    0  3.8  9 330   M    M  10 12     11 340
10  56  50  53   7  12   0 0.00  0.0    0  6.2 17 110   M    M   6 128    21 110
11  65  51  58  12   7   0 0.22  0.0    0 13.6 25 150   M    M   3 18     33 150
12  52  48  50   4  15   0 1.32  0.0    0  5.0 10  50   M    M  10 18     14 140
13   M   M   M   M   M   M 0.00  0.0    0  3.0  9 260   M    M   8 12      M  M
14  53  42  48   3  17   0 0.00  0.0    0  4.9 10 120   M    M   5 128    13 120
15  55  42  49   4  16   0 0.26  0.0    0  8.7 15 130   M    M   6 12     19  30
16  63  44  54   9  11   0 0.31  0.0    0  9.7 15 140   M    M   4 1      19 140
17  58  46  52   7  13   0 0.18  0.0    0  4.3 10 110   M    M   5 1      12 110
18  61  45  53   8  12   0 0.00  0.0    0  5.8 13 110   M    M   2 8      15 110
19  58  41  50   5  15   0 0.03  0.0    0  5.1 16 120   M    M   4 8      20 160
20  62  51  57  12   8   0 0.01  0.0    0  3.9  9 330   M    M   9 18     12 130
21  62  48  55  10  10   0 0.00  0.0    0  1.2  7 300   M    M   9 12     16 240
22  61  49  55  11  10   0 0.01  0.0    0  7.7 12 300   M    M   9 12     15 300
23  65  42  54  10  11   0 0.00  0.0    0  1.7  8 170   M    M   3 12     10 160
24  60  46  53   9  12   0    T  0.0    0   M   M   M   M    M   2 128     M  M
25  56  36  46   2  19   0 0.00  0.0    0   M   M   M   M    M   0         M  M
26  53  31  42  -2  23   0 0.00  0.0    0  2.5 12  90   M    M   0 18     13  90
================================================================================
SM 1547 1158       269   1  2.88     0.0 135.2          M      129
================================================================================
AV 61.9 46.3                               5.9 FASTST   M    M   5    MAX(MPH)
                                 MISC ---->  # 25 150               # 33  150
================================================================================
NOTES:
# LAST OF SEVERAL OCCURRENCES

COLUMN 17 PEAK WIND IN M.P.H.

PRELIMINARY LOCAL CLIMATOLOGICAL DATA (WS FORM: F-6) , PAGE 2

                                          STATION:  MADERA CA AIRPORT
                                          MONTH:    DECEMBER
                                          YEAR:     2014
                                          LATITUDE:   36 58 N
                                          LONGITUDE: 120  7 W

[TEMPERATURE DATA]      [PRECIPITATION DATA]       SYMBOLS USED IN COLUMN 16

AVERAGE MONTHLY: 54.1   TOTAL FOR MONTH:   2.88    1 = FOG OR MIST
DPTR FM NORMAL:   8.6   DPTR FM NORMAL:    1.54    2 = FOG REDUCING VISIBILITY
HIGHEST:    75 ON  3    GRTST 24HR  1.54 ON 11-12      TO 1/4 MILE OR LESS
LOWEST:     31 ON 26                               3 = THUNDER
                        SNOW, ICE PELLETS, HAIL    4 = ICE PELLETS
                        TOTAL MONTH:   0.0 INCH    5 = HAIL
                        GRTST 24HR     0.0         6 = FREEZING RAIN OR DRIZZLE
                        GRTST DEPTH:   0           7 = DUSTSTORM OR SANDSTORM:
                                                       VSBY 1/2 MILE OR LESS
                                                   8 = SMOKE OR HAZE
[NO. OF DAYS WITH]      [WEATHER - DAYS WITH]      9 = BLOWING SNOW
                                                   X = TORNADO
MAX 32 OR BELOW:   0    0.01 INCH OR MORE:  11
MAX 90 OR ABOVE:   0    0.10 INCH OR MORE:   6
MIN 32 OR BELOW:   1    0.50 INCH OR MORE:   1
MIN  0 OR BELOW:   0    1.00 INCH OR MORE:   1

[HDD (BASE 65) ]
TOTAL THIS MO.   269    CLEAR  (SCALE 0-3)   9
DPTR FM NORMAL  -237    PTCLDY (SCALE 4-7)  11
TOTAL FM JUL 1   585    CLOUDY (SCALE 8-10)  6
DPTR FM NORMAL  -387

[CDD (BASE 65) ]
TOTAL THIS MO.     1
DPTR FM NORMAL     1    [PRESSURE DATA]
TOTAL FM JAN 1  2953    HIGHEST SLP M ON M
DPTR FM NORMAL  1430    LOWEST  SLP 29.59 ON 11

[REMARKS]
