000
CXUS54 KMAF 301100
CF6MAF
PRELIMINARY LOCAL CLIMATOLOGICAL DATA (WS FORM: F-6)

                                          STATION:   Midland International Airport
                                          MONTH:     MARCH
                                          YEAR:      2015
                                          LATITUDE:   31 57 N
                                          LONGITUDE: 102 11 W

  TEMPERATURE IN F:       :PCPN:    SNOW:  WIND      :SUNSHINE: SKY     :PK WND
================================================================================
1   2   3   4   5  6A  6B    7    8   9   10  11  12  13   14  15   16   17  18
                                     12Z  AVG MX 2MIN
DY MAX MIN AVG DEP HDD CDD  WTR  SNW DPTH SPD SPD DIR MIN PSBL S-S WX    SPD DR
================================================================================

 1  38  30  34 -18  31   0 0.00  0.0    T  9.1 17  60   M    M  10 1      20  60
 2  38  32  35 -17  30   0 0.00  0.0    0  8.4 15  50   M    M  10 12     18  60
 3  61  38  50  -2  15   0 0.00  0.0    0  6.5 17 190   M    M   7 12     21 180
 4  54  24  39 -14  26   0 0.13    T    0 14.4 31  30   M    M   8 16     36  50
 5  43  24  34 -19  31   0 0.00  0.0    0  8.0 23  20   M    M   4        27  20
 6  57  24  41 -12  24   0 0.00  0.0    0  7.1 15 180   M    M   0        18 180
 7  61  31  46  -7  19   0 0.00  0.0    0  9.9 22 150   M    M   0        23 150
 8  66  44  55   1  10   0 0.00  0.0    0  5.8 14 140   M    M   3        16 130
 9  56  40  48  -6  17   0 0.01    M    0  7.8 17  30   M    M   9 12     20  30
10  69  36  53  -1  12   0 0.00  0.0    0  4.2 13 240   M    M   4 12     16 240
11  71  40  56   2   9   0 0.00  0.0    0  5.7 16  90   M    M   1 1      20  80
12  70  37  54  -1  11   0 0.00  0.0    0  3.7 12  90   M    M   0 1      17  70
13  73  38  56   1   9   0 0.00  0.0    0  6.4 17  30   M    M   2 1      24  40
14  70  41  56   1   9   0 0.00  0.0    0 11.5 25  30   M    M   3        32  20
15  69  33  51  -4  14   0 0.00  0.0    0  5.7 14 120   M    M   0        17 110
16  75  41  58   2   7   0 0.00  0.0    0  7.2 18 150   M    M   1        22 180
17  60  48  54  -2  11   0 0.33    M    0  9.4 23  50   M    M   7 18     27  50
18  65  45  55  -1  10   0 0.00  0.0    0  7.5 18 230   M    M   6        25 230
19  77  54  66  10   0   1 0.01  0.0    0 10.9 20  30   M    M   4 1      24 240
20  61  47  54  -2  11   0 0.51  0.0    0 12.1 25  20   M    M   7 13     30  20
21  55  50  53  -4  12   0 0.66  0.0    0  5.9 26  50   M    M   9 1      30  60
22  78  50  64   7   1   0 0.00  0.0    0  7.4 14 250   M    M   3 1      17 260
23  83  48  66   9   0   1 0.00  0.0    0 11.7 22 230   M    M   0        28 240
24  84  56  70  12   0   5 0.00  0.0    0  7.9 15 230   M    M   0        19 190
25  84  51  68  10   0   3 0.00  0.0    0 15.1 46  20   M    M   0 8      55  20
26  63  41  52  -6  13   0 0.00    M    0 12.6 36  30   M    M   1 8      44  30
27  78  40  59   1   6   0 0.00  0.0    0 11.3 18 240   M    M   0        23 210
28  87  51  69  10   0   4 0.00  0.0    0 10.3 17 260   M    M   0        21 250
29  91  53  72  13   0   7 0.00  0.0    0 11.0 30  50   M    M   0        36  50
================================================================================
SM 1937 1187       338  21  1.65    T    254.5          M       99
================================================================================
AV 66.8 40.9                               8.8 FASTST   M    M   3    MAX(MPH)
                                 MISC ---->  # 46  20               # 55   20
================================================================================
NOTES:
# LAST OF SEVERAL OCCURRENCES

COLUMN 17 PEAK WIND IN M.P.H.

PRELIMINARY LOCAL CLIMATOLOGICAL DATA (WS FORM: F-6) , PAGE 2

                                          STATION:  Midland International Airport
                                          MONTH:    MARCH
                                          YEAR:     2015
                                          LATITUDE:   31 57 N
                                          LONGITUDE: 102 11 W

[TEMPERATURE DATA]      [PRECIPITATION DATA]       SYMBOLS USED IN COLUMN 16

AVERAGE MONTHLY: 53.9   TOTAL FOR MONTH:   1.65    1 = FOG OR MIST
DPTR FM NORMAL:  -1.5   DPTR FM NORMAL:    1.09    2 = FOG REDUCING VISIBILITY
HIGHEST:    91 ON 29    GRTST 24HR  0.66 ON 21-21      TO 1/4 MILE OR LESS
LOWEST:     24 ON  6, 5                            3 = THUNDER
                        SNOW, ICE PELLETS, HAIL    4 = ICE PELLETS
                        TOTAL MONTH:    T          5 = HAIL
                        GRTST 24HR    T  ON  4- 4  6 = FREEZING RAIN OR DRIZZLE
                        GRTST DEPTH:   T           7 = DUSTSTORM OR SANDSTORM:
                                                       VSBY 1/2 MILE OR LESS
                                                   8 = SMOKE OR HAZE
[NO. OF DAYS WITH]      [WEATHER - DAYS WITH]      9 = BLOWING SNOW
                                                   X = TORNADO
MAX 32 OR BELOW:   0    0.01 INCH OR MORE:   6
MAX 90 OR ABOVE:   1    0.10 INCH OR MORE:   4
MIN 32 OR BELOW:   6    0.50 INCH OR MORE:   2
MIN  0 OR BELOW:   0    1.00 INCH OR MORE:   0

[HDD (BASE 65) ]
TOTAL THIS MO.   338    CLEAR  (SCALE 0-3)  17
DPTR FM NORMAL    44    PTCLDY (SCALE 4-7)   8
TOTAL FM JUL 1  2488    CLOUDY (SCALE 8-10)  4
DPTR FM NORMAL   -43

[CDD (BASE 65) ]
TOTAL THIS MO.    21
DPTR FM NORMAL     9    [PRESSURE DATA]
TOTAL FM JAN 1    22    HIGHEST SLP M ON M
DPTR FM NORMAL     8    LOWEST  SLP 29.71 ON 25

[REMARKS]
