000
CXUS54 KMAF 281100
CF6MAF
PRELIMINARY LOCAL CLIMATOLOGICAL DATA (WS FORM: F-6)

                                          STATION:   Midland International Airport
                                          MONTH:     AUGUST
                                          YEAR:      2015
                                          LATITUDE:   31 57 N
                                          LONGITUDE: 102 11 W

  TEMPERATURE IN F:       :PCPN:    SNOW:  WIND      :SUNSHINE: SKY     :PK WND
================================================================================
1   2   3   4   5  6A  6B    7    8   9   10  11  12  13   14  15   16   17  18
                                     12Z  AVG MX 2MIN
DY MAX MIN AVG DEP HDD CDD  WTR  SNW DPTH SPD SPD DIR MIN PSBL S-S WX    SPD DR
================================================================================

 1  98  73  86   4   0  21 0.00  0.0    0  8.9 26 130   M    M   0 8      32 130
 2 100  72  86   4   0  21 0.00  0.0    0  8.5 23 150   M    M   1        42 150
 3  99  71  85   3   0  20 0.05  0.0    0 12.7 40 310   M    M   4 38     50 310
 4 101  70  86   4   0  21    T  0.0    0  7.0 14 180   M    M   0        20 150
 5 103  76  90   8   0  25 0.00  0.0    0 10.0 20 180   M    M   0        23 180
 6 103  78  91   9   0  26 0.00  0.0    0 11.5 18 140   M    M   0        25 150
 7 103  74  89   7   0  24 0.00  0.0    0 12.5 22 130   M    M   0        27 140
 8 103  76  90   8   0  25 0.00  0.0    0 13.3 21 160   M    M   0        26 160
 9 104  81  93  11   0  28 0.00  0.0    0 11.0 21 160   M    M   1 3      24 160
10 103  76  90   8   0  25 0.00  0.0    0 10.5 23 140   M    M   0        28 150
11 100  71  86   4   0  21 0.00  0.0    0  9.0 20 140   M    M   0        24  90
12 101  72  87   5   0  22 0.00  0.0    0  7.3 24 130   M    M   2 38     29 130
13 103  74  89   7   0  24 0.00  0.0    0  5.1 16 120   M    M   0 8      19 130
14 104  72  88   6   0  23 0.13  0.0    0 10.7 39  60   M    M   1 13     55  70
15  96  71  84   2   0  19 0.00  0.0    0  8.0 17 120   M    M   0 18     20 130
16  97  73  85   3   0  20 0.00  0.0    0  8.7 17 110   M    M   1        21 110
17  97  72  85   4   0  20 0.00  0.0    0  9.6 17 160   M    M   2        26 100
18  99  73  86   5   0  21 0.02  0.0    0 12.8 26 160   M    M   1 38     37 200
19  86  66  76  -5   0  11 0.00  0.0    0 15.6 29  30   M    M   1 8      37  30
20  92  63  78  -3   0  13 0.00  0.0    0 10.6 32 150   M    M   4        39 160
21  97  72  85   4   0  20 0.00  0.0    0 11.8 24  10   M    M   0        28  10
22 101  76  89   8   0  24 0.00  0.0    0 11.5 22 200   M    M   1        29 200
23  95  69  82   1   0  17 0.79  0.0    0  9.7 35  10   M    M   2 18     39  10
24  91  65  78  -2   0  13    T  0.0    0  7.1 16 100   M    M   1        20  70
25  97  71  84   4   0  19 0.00  0.0    0  8.1 30 140   M    M   1        39 130
26  96  70  83   3   0  18 0.00  0.0    0  7.2 17 140   M    M   0        23 150
27  96  70  83   3   0  18 0.00  0.0    0  7.7 16 160   M    M   0        20 180
================================================================================
SM 2665 1947         0 559  0.99     0.0 266.4          M       23
================================================================================
AV 98.7 72.1                               9.9 FASTST   M    M   1    MAX(MPH)
                                 MISC ---->  # 40 310               # 55   70
================================================================================
NOTES:
# LAST OF SEVERAL OCCURRENCES

COLUMN 17 PEAK WIND IN M.P.H.

PRELIMINARY LOCAL CLIMATOLOGICAL DATA (WS FORM: F-6) , PAGE 2

                                          STATION:  Midland International Airport
                                          MONTH:    AUGUST
                                          YEAR:     2015
                                          LATITUDE:   31 57 N
                                          LONGITUDE: 102 11 W

[TEMPERATURE DATA]      [PRECIPITATION DATA]       SYMBOLS USED IN COLUMN 16

AVERAGE MONTHLY: 85.4   TOTAL FOR MONTH:   0.99    1 = FOG OR MIST
DPTR FM NORMAL:   4.0   DPTR FM NORMAL:   -0.59    2 = FOG REDUCING VISIBILITY
HIGHEST:   104 ON 14, 9 GRTST 24HR  0.79 ON 23-23      TO 1/4 MILE OR LESS
LOWEST:     63 ON 20                               3 = THUNDER
                        SNOW, ICE PELLETS, HAIL    4 = ICE PELLETS
                        TOTAL MONTH:   0.0 INCH    5 = HAIL
                        GRTST 24HR     0.0         6 = FREEZING RAIN OR DRIZZLE
                        GRTST DEPTH:   0           7 = DUSTSTORM OR SANDSTORM:
                                                       VSBY 1/2 MILE OR LESS
                                                   8 = SMOKE OR HAZE
[NO. OF DAYS WITH]      [WEATHER - DAYS WITH]      9 = BLOWING SNOW
                                                   X = TORNADO
MAX 32 OR BELOW:   0    0.01 INCH OR MORE:   4
MAX 90 OR ABOVE:  26    0.10 INCH OR MORE:   2
MIN 32 OR BELOW:   0    0.50 INCH OR MORE:   1
MIN  0 OR BELOW:   0    1.00 INCH OR MORE:   0

[HDD (BASE 65) ]
TOTAL THIS MO.     0    CLEAR  (SCALE 0-3)  25
DPTR FM NORMAL     0    PTCLDY (SCALE 4-7)   2
TOTAL FM JUL 1     0    CLOUDY (SCALE 8-10)  0
DPTR FM NORMAL     0

[CDD (BASE 65) ]
TOTAL THIS MO.   559
DPTR FM NORMAL   115    [PRESSURE DATA]
TOTAL FM JAN 1  1986    HIGHEST SLP M ON M
DPTR FM NORMAL   160    LOWEST  SLP 29.57 ON 18

[REMARKS]
