000
CXUS56 KHNX 301146
CF6MCE
PRELIMINARY LOCAL CLIMATOLOGICAL DATA (WS FORM: F-6)

                                          STATION:   MERCED CA AIRPORT
                                          MONTH:     MAY
                                          YEAR:      2016
                                          LATITUDE:   37 16 N
                                          LONGITUDE: 120 36 W

  TEMPERATURE IN F:       :PCPN:    SNOW:  WIND      :SUNSHINE: SKY     :PK WND
================================================================================
1   2   3   4   5  6A  6B    7    8   9   10  11  12  13   14  15   16   17  18
                                     12Z  AVG MX 2MIN
DY MAX MIN AVG DEP HDD CDD  WTR  SNW DPTH SPD SPD DIR MIN PSBL S-S WX    SPD DR
================================================================================

 1  85  51  68   5   0   3    T  0.0    0  7.0 17 220   M    M   2        23 220
 2  86  52  69   5   0   4    T  0.0    0  5.4 14 340   M    M   0        24 330
 3  86  54  70   6   0   5 0.00  0.0    0  4.6 10 340   M    M   0        14 330
 4  80  60  70   6   0   5 0.00  0.0    0  7.0 13 280   M    M   0        18 270
 5  73  56  65   1   0   0 0.00  0.0    0  6.2 16 330   M    M   7        20 320
 6  66  51  59  -6   6   0 0.06  0.0    0  4.3 10 270   M    M   6 1      13 290
 7  69  51  60  -5   5   0 0.05  0.0    0  3.7 13 320   M    M   6 18     17 320
 8  76  53  65   0   0   0    T  0.0    0  6.7 13 320   M    M   7 1      25 240
 9  82  53  68   3   0   3 0.00  0.0    0  6.4 13 330   M    M   1        19 320
10  84  53  69   3   0   4 0.00  0.0    0  6.3 13 340   M    M   0 1      22 300
11  89  54  72   6   0   7 0.00  0.0    0  6.0 13 320   M    M   0        23 290
12  92  57  75   9   0  10 0.00  0.0    0  7.3 14 320   M    M   0        26 270
13  87  57  72   6   0   7 0.00  0.0    0 10.5 20 330   M    M   0        24 340
14  80  51  66   0   0   1 0.00  0.0    0 12.0 20 340   M    M   0        26 360
15  82  52  67   0   0   2 0.00  0.0    0 10.2 18 320   M    M   0        26 280
16  86  54  70   3   0   5 0.00  0.0    0  9.8 22 320   M    M   0        28 300
17  91  58  75   8   0  10 0.00  0.0    0  7.0 16 310   M    M   0        29 240
18  95  54  75   8   0  10 0.00  0.0    0  5.5 17 330   M    M   0 8      29 290
19  86  55  71   3   0   6 0.00  0.0    0  7.7 21 260   M    M   0        28 260
20  70  51  61  -7   4   0 0.00  0.0    0  8.3 20 230   M    M   2        27 220
21  72  46  59  -9   6   0 0.00  0.0    0  5.3 23 310   M    M   1        29 310
22  74  46  60  -8   5   0 0.00  0.0    0  8.1 21 340   M    M   0        27 350
23  76  48  62  -6   3   0 0.00  0.0    0  7.4 15 310   M    M   2 8      22  10
24  77  51  64  -5   1   0 0.00  0.0    0  6.6 16 230   M    M   1 8      23 240
25  81  53  67  -2   0   2 0.00  0.0    0  8.7 16 330   M    M   0        23 300
26  83  54  69   0   0   4 0.00  0.0    0  5.3 10 300   M    M   0        18 330
27  89  53  71   2   0   6 0.00  0.0    0  7.7 18 340   M    M   0        26 290
28  90  60  75   5   0  10 0.00  0.0    0  8.9 16 330   M    M   0        31 330
29  93  58  76   6   0  11 0.00  0.0    0  8.6 17 340   M    M   0        29 340
================================================================================
SM 2380 1546        30 115  0.11     0.0 208.5          M       35
================================================================================
AV 82.1 53.3                               7.2 FASTST   M    M   1    MAX(MPH)
                                 MISC ---->  # 23 310               # 31  330
================================================================================
NOTES:
# LAST OF SEVERAL OCCURRENCES

COLUMN 17 PEAK WIND IN M.P.H.

PRELIMINARY LOCAL CLIMATOLOGICAL DATA (WS FORM: F-6) , PAGE 2

                                          STATION:  MERCED CA AIRPORT
                                          MONTH:    MAY
                                          YEAR:     2016
                                          LATITUDE:   37 16 N
                                          LONGITUDE: 120 36 W

[TEMPERATURE DATA]      [PRECIPITATION DATA]       SYMBOLS USED IN COLUMN 16

AVERAGE MONTHLY: 67.7   TOTAL FOR MONTH:   0.11    1 = FOG OR MIST
DPTR FM NORMAL:   1.0   DPTR FM NORMAL:   -0.46    2 = FOG REDUCING VISIBILITY
HIGHEST:    95 ON 18    GRTST 24HR  0.06 ON  6- 6      TO 1/4 MILE OR LESS
LOWEST:     46 ON 22,21                            3 = THUNDER
                        SNOW, ICE PELLETS, HAIL    4 = ICE PELLETS
                        TOTAL MONTH:   0.0 INCH    5 = HAIL
                        GRTST 24HR     0.0         6 = FREEZING RAIN OR DRIZZLE
                        GRTST DEPTH:   0           7 = DUSTSTORM OR SANDSTORM:
                                                       VSBY 1/2 MILE OR LESS
                                                   8 = SMOKE OR HAZE
[NO. OF DAYS WITH]      [WEATHER - DAYS WITH]      9 = BLOWING SNOW
                                                   X = TORNADO
MAX 32 OR BELOW:   0    0.01 INCH OR MORE:   2
MAX 90 OR ABOVE:   5    0.10 INCH OR MORE:   0
MIN 32 OR BELOW:   0    0.50 INCH OR MORE:   0
MIN  0 OR BELOW:   0    1.00 INCH OR MORE:   0

[HDD (BASE 65) ]
TOTAL THIS MO.    30    CLEAR  (SCALE 0-3)  25
DPTR FM NORMAL   -23    PTCLDY (SCALE 4-7)   4
TOTAL FM JUL 1  2266    CLOUDY (SCALE 8-10)  0
DPTR FM NORMAL  -508

[CDD (BASE 65) ]
TOTAL THIS MO.   115
DPTR FM NORMAL    15    [PRESSURE DATA]
TOTAL FM JAN 1   144    HIGHEST SLP M ON M
DPTR FM NORMAL    25    LOWEST  SLP 29.67 ON 19

[REMARKS]
