000
CXAK56 PAFG 201209
CF6MCG
PRELIMINARY LOCAL CLIMATOLOGICAL DATA (WS FORM: F-6)

                                          STATION:   MCGRATH AK
                                          MONTH:     NOVEMBER
                                          YEAR:      2017
                                          LATITUDE:   62 57 N
                                          LONGITUDE: 155 36 W

  TEMPERATURE IN F:       :PCPN:    SNOW:  WIND      :SUNSHINE: SKY     :PK WND
================================================================================
1   2   3   4   5  6A  6B    7    8   9   10  11  12  13   14  15   16   17  18
                                     12Z  AVG MX 2MIN
DY MAX MIN AVG DEP HDD CDD  WTR  SNW DPTH SPD SPD DIR MIN PSBL S-S WX    SPD DR
================================================================================

 1  33  20  27  14  38   0 0.00  0.0    0  1.1  6 320   M    M   1 1       7 320
 2  31  23  27  14  38   0 0.05  1.4    0  1.3  8 140   M    M   9 1       9 140
 3  36  23  30  18  35   0    T    T    1  1.7 12 250   M    M   5 1      16 270
 4  27  22  25  14  40   0 0.07  1.2    2  2.4  8 120   M    M   8 1       M  M
 5  34  19  27  16  38   0 0.01  0.5    3  2.5  9 360   M    M   7 1      13  30
 6  27  12  20  10  45   0 0.00  0.0    3  2.0  7 120   M    M   6 128     9 160
 7  19  11  15   6  50   0    T  0.1    2  2.8  9 170   M    M   7 128    11 170
 8  32  19  26  17  39   0 0.02  0.3    2  5.8 13 200   M    M   8 1      18 220
 9  34  22  28  20  37   0 0.09  1.2    3  9.5 23 200   M    M   9 18     35 200
10  27  11  19  11  46   0 0.02  0.5    4  4.1 12 340   M    M   9 1      16 350
11  23   3  13   6  52   0 0.00  0.0    M  2.8 12 190   M    M   8 18     20 180
12  33  22  28  21  37   0 0.01  0.6    5  7.7 17 300   M    M   9 18     23 290
13  28  10  19  13  46   0 0.00  0.0    5  5.0 16 330   M    M   5        21 330
14  12   0   6   0  59   0 0.00  0.0    5  1.3  8 310   M    M   0         9 290
15  17   5  11   6  54   0 0.07  0.7    6  1.4  7 140   M    M   9 1       9 150
16  25  17  21  16  44   0 0.12  2.0    7  1.8  6  10   M    M  10 1       7 130
17  30  16  23  19  42   0    T  0.1    7  6.2 16 340   M    M  10 1      24 340
18  22   7  15  11  50   0 0.29  3.0    9  2.8 12  80   M    M   7 18     16 120
19  12   3   8   4  57   0 0.44  4.9    9  4.6 13  20   M    M   9 18     19  20
================================================================================
SM  502  265       847   0  1.19    16.5  66.8          M      136
================================================================================
AV 26.4 14.0                               3.5 FASTST   M    M   7    MAX(MPH)
                                 MISC ---->  # 23 200               # 35  200
================================================================================
NOTES:
# LAST OF SEVERAL OCCURRENCES

COLUMN 17 PEAK WIND IN M.P.H.

PRELIMINARY LOCAL CLIMATOLOGICAL DATA (WS FORM: F-6) , PAGE 2

                                          STATION:  MCGRATH AK
                                          MONTH:    NOVEMBER
                                          YEAR:     2017
                                          LATITUDE:   62 57 N
                                          LONGITUDE: 155 36 W

[TEMPERATURE DATA]      [PRECIPITATION DATA]       SYMBOLS USED IN COLUMN 16

AVERAGE MONTHLY: 20.2   TOTAL FOR MONTH:   1.19    1 = FOG OR MIST
DPTR FM NORMAL:  12.2   DPTR FM NORMAL:    0.28    2 = FOG REDUCING VISIBILITY
HIGHEST:    36 ON  3    GRTST 24HR  0.44 ON 19-19      TO 1/4 MILE OR LESS
LOWEST:      0 ON 14                               3 = THUNDER
                        SNOW, ICE PELLETS, HAIL    4 = ICE PELLETS
                        TOTAL MONTH:  16.5 INCHES  5 = HAIL
                        GRTST 24HR   4.9 ON 19-19  6 = FREEZING RAIN OR DRIZZLE
                        GRTST DEPTH:   9 ON 19,18  7 = DUSTSTORM OR SANDSTORM:
                                                       VSBY 1/2 MILE OR LESS
                                                   8 = SMOKE OR HAZE
[NO. OF DAYS WITH]      [WEATHER - DAYS WITH]      9 = BLOWING SNOW
                                                   X = TORNADO
MAX 32 OR BELOW:  14    0.01 INCH OR MORE:  11
MAX 90 OR ABOVE:   0    0.10 INCH OR MORE:   3
MIN 32 OR BELOW:  19    0.50 INCH OR MORE:   0
MIN  0 OR BELOW:   1    1.00 INCH OR MORE:   0

[HDD (BASE 65) ]
TOTAL THIS MO.   847    CLEAR  (SCALE 0-3)   2
DPTR FM NORMAL  -238    PTCLDY (SCALE 4-7)   8
TOTAL FM JUL 1  2687    CLOUDY (SCALE 8-10)  9
DPTR FM NORMAL  -738

[CDD (BASE 65) ]
TOTAL THIS MO.     0
DPTR FM NORMAL     0    [PRESSURE DATA]
TOTAL FM JAN 1    37    HIGHEST SLP M ON M
DPTR FM NORMAL    17    LOWEST  SLP 29.34 ON 12

[REMARKS]
