000
CXUS53 KGLD 270800
CF6MCK
PRELIMINARY LOCAL CLIMATOLOGICAL DATA (WS FORM: F-6)

                                          STATION:   MCCOOK NE
                                          MONTH:     SEPTEMBER
                                          YEAR:      2016
                                          LATITUDE:   40 13 N
                                          LONGITUDE: 100 35 W

  TEMPERATURE IN F:       :PCPN:    SNOW:  WIND      :SUNSHINE: SKY     :PK WND
================================================================================
1   2   3   4   5  6A  6B    7    8   9   10  11  12  13   14  15   16   17  18
                                     12Z  AVG MX 2MIN
DY MAX MIN AVG DEP HDD CDD  WTR  SNW DPTH SPD SPD DIR MIN PSBL S-S WX    SPD DR
================================================================================

 1  82  59  71   1   0   6 0.00    M    M  8.1 17 120   M    M   4 12     24 120
 2  81  57  69  -1   0   4 0.00    M    M 12.4 22 150   M    M   5        31 150
 3  88  63  76   6   0  11 4.33    M    M 12.8 36 170   M    M   9 1238   46 180
 4  91  64  78   9   0  13 0.30    M    M 14.8 32 180   M    M   3 13     49 180
 5  92  67  80  11   0  15 0.43    M    M 10.2 25 270   M    M   1 138    36 280
 6  79  66  73   4   0   8 0.00    M    M  9.1 21 190   M    M   3        28 190
 7  78  62  70   2   0   5 0.00    M    M  4.6 16  40   M    M   7 1      19  50
 8  79  58  69   1   0   4 0.00    M    M  7.9 16  90   M    M   5 1      19  70
 9  78  50  64  -3   1   0 0.00    M    M 12.0 29  30   M    M   6 1      39 360
10  78  43  61  -6   4   0 0.00    M    M  9.1 14 170   M    M   0        20 240
11  87  50  69   2   0   4 0.00    M    M  9.5 16 200   M    M   0        22 160
12  72  58  65  -1   0   0 0.00    M    M 13.0 26 360   M    M   4 13     32 360
13  63  52  58  -8   7   0    T    M    M 11.6 21  10   M    M   9        26  10
14  65  53  59  -6   6   0 0.00    M    M  7.4 15 150   M    M   9        18 150
15  84  55  70   5   0   5    T    M    M  7.7 40 310   M    M   5 3      55 310
16  80  48  64   0   1   0 0.00    M    M 10.3 21 330   M    M   0        26 340
17  80  43  62  -2   3   0 0.57    M    M  7.5 33 260   M    M   3 13     43 260
18  90  46  68   5   0   3 0.00    M    M  6.2 15 260   M    M   0 1      19 260
19  86  53  70   7   0   5 0.00    M    M  8.9 16  40   M    M   0        20  30
20  95  57  76  14   0  11 0.00    M    M  8.5 17 190   M    M   0 12     24 180
21  88  69  79  17   0  14 0.00    M    M  7.2 16 180   M    M   0 8      22 170
22  79  60  70   9   0   5 0.00    M    M  9.1 17  50   M    M   4 18     20  50
23  90  62  76  15   0  11 0.00    M    M 16.2 31 160   M    M   0 1      42 150
24  79  53  66   6   0   1    T    M    M  8.7 24 340   M    M   1 8      31 190
25  75  41  58  -2   7   0 0.00    M    M 13.4 29 340   M    M   0        41 330
26  80  35  58  -2   7   0 0.00    M    M  7.6 17 320   M    M   0 8      30 330
================================================================================
SM 2119 1424        36 125  5.63    M    253.8          M       78
================================================================================
AV 81.5 54.8                               9.8 FASTST   M    M   3    MAX(MPH)
                                 MISC ---->  # 40 310               # 55  310
================================================================================
NOTES:
# LAST OF SEVERAL OCCURRENCES

COLUMN 17 PEAK WIND IN M.P.H.

PRELIMINARY LOCAL CLIMATOLOGICAL DATA (WS FORM: F-6) , PAGE 2

                                          STATION:  MCCOOK NE
                                          MONTH:    SEPTEMBER
                                          YEAR:     2016
                                          LATITUDE:   40 13 N
                                          LONGITUDE: 100 35 W

[TEMPERATURE DATA]      [PRECIPITATION DATA]       SYMBOLS USED IN COLUMN 16

AVERAGE MONTHLY: 68.1   TOTAL FOR MONTH:   5.63    1 = FOG OR MIST
DPTR FM NORMAL:   2.9   DPTR FM NORMAL:    4.38    2 = FOG REDUCING VISIBILITY
HIGHEST:    95 ON 20    GRTST 24HR  4.62 ON  3- 4      TO 1/4 MILE OR LESS
LOWEST:     35 ON 26                               3 = THUNDER
                        SNOW, ICE PELLETS, HAIL    4 = ICE PELLETS
                        TOTAL MONTH:    M          5 = HAIL
                        GRTST 24HR    M  ON   M    6 = FREEZING RAIN OR DRIZZLE
                        GRTST DEPTH:  M  ON   M    7 = DUSTSTORM OR SANDSTORM:
                                                       VSBY 1/2 MILE OR LESS
                                                   8 = SMOKE OR HAZE
[NO. OF DAYS WITH]      [WEATHER - DAYS WITH]      9 = BLOWING SNOW
                                                   X = TORNADO
MAX 32 OR BELOW:   0    0.01 INCH OR MORE:   4
MAX 90 OR ABOVE:   5    0.10 INCH OR MORE:   4
MIN 32 OR BELOW:   0    0.50 INCH OR MORE:   2
MIN  0 OR BELOW:   0    1.00 INCH OR MORE:   1

[HDD (BASE 65) ]
TOTAL THIS MO.    36    CLEAR  (SCALE 0-3)  14
DPTR FM NORMAL   -50    PTCLDY (SCALE 4-7)   9
TOTAL FM JUL 1    38    CLOUDY (SCALE 8-10)  3
DPTR FM NORMAL   -60

[CDD (BASE 65) ]
TOTAL THIS MO.   125
DPTR FM NORMAL    32    [PRESSURE DATA]
TOTAL FM JAN 1  1165    HIGHEST SLP M ON M
DPTR FM NORMAL   221    LOWEST  SLP 29.59 ON  4

[REMARKS]
