000
CXUS53 KGLD 260800
CF6MCK
PRELIMINARY LOCAL CLIMATOLOGICAL DATA (WS FORM: F-6)
STATION: MCCOOK NE
MONTH: APRIL
YEAR: 2024
LATITUDE: 40 13 N
LONGITUDE: 100 35 W
TEMPERATURE IN F: :PCPN: SNOW: WIND :SUNSHINE: SKY :PK WND
================================================================================
1 2 3 4 5 6A 6B 7 8 9 10 11 12 13 14 15 16 17 18
12Z AVG MX 2MIN
DY MAX MIN AVG DEP HDD CDD WTR SNW DPTH SPD SPD DIR MIN PSBL S-S WX SPD DR
================================================================================
1 M M M M M M M M M M M M M M 0 M M
2 M M M M M M M M M M M M M M 0 M M
3 M M M M M M 0.00 M M M M M M M 0 M M
4 70 M M M M M 0.00 M M 10.7 16 120 M M 0 24 120
5 76 38 57 9 8 0 0.00 M M 17.8 29 130 M M 0 8 39 130
6 74 46 60 12 5 0 0.00 M M 26.1 46 260 M M 5 38 70 260
7 59 37 48 0 17 0 T M M 31.0 52 310 M M 6 70 310
8 65 30 48 -1 17 0 0.00 M M 13.5 30 310 M M 0 42 300
9 70 30 50 1 15 0 0.00 M M 6.7 14 250 M M 0 19 270
10 71 38 55 6 10 0 0.00 M M 14.9 33 350 M M 2 45 360
11 66 32 49 0 16 0 0.00 M M 13.3 29 330 M M 0 50 340
12 79 26 53 3 12 0 0.00 M M 10.6 24 180 M M 0 31 160
13 89 51 70 20 0 5 0.00 M M 6.5 16 170 M M 0 26 180
14 91 47 69 19 0 4 0.00 M M 10.1 20 60 M M 0 27 70
15 91 55 73 23 0 8 0.00 M M 19.1 37 140 M M 0 53 150
16 69 44 57 7 8 0 M M M 17.4 46 320 M M 4 62 320
17 78 38 58 7 7 0 T M M 14.1 40 10 M M 1 52 10
18 55 36 46 -5 19 0 0.00 M M 16.8 40 20 M M 7 51 20
19 50 37 44 -7 21 0 0.00 M M 6.8 16 50 M M 10 20 50
20 45 33 39 -13 26 0 T M M 5.1 16 50 M M 10 21 50
21 63 26 45 -7 20 0 0.00 M M 9.3 16 190 M M 0 1 25 170
22 77 40 59 7 6 0 0.00 M M 9.8 21 190 M M 0 29 190
23 73 45 59 7 6 0 T M M 11.1 24 20 M M 0 31 10
24 72 48 60 7 5 0 T M M 11.8 25 160 M M 9 37 160
25 71 53 62 9 3 0 1.62 M M 16.6 30 110 M M 10 13 38 110
================================================================================
SM 1554 830 221 17 1.62 M 299.1 M 64
================================================================================
AV 70.6 39.5 13.6 FASTST M M 3 MAX(MPH)
MISC ----> 52 310 # 70 260
================================================================================
NOTES:
# LAST OF SEVERAL OCCURRENCES
COLUMN 17 PEAK WIND IN M.P.H.
PRELIMINARY LOCAL CLIMATOLOGICAL DATA (WS FORM: F-6) , PAGE 2
STATION: MCCOOK NE
MONTH: APRIL
YEAR: 2024
LATITUDE: 40 13 N
LONGITUDE: 100 35 W
[TEMPERATURE DATA] [PRECIPITATION DATA] SYMBOLS USED IN COLUMN 16
AVERAGE MONTHLY: 55.1 TOTAL FOR MONTH: 1.62 1 = FOG OR MIST
DPTR FM NORMAL: 5.2 DPTR FM NORMAL: 0.16 2 = FOG REDUCING VISIBILITY
HIGHEST: 91 ON 15,14 GRTST 24HR 1.62 ON 25-25 TO 1/4 MILE OR LESS
LOWEST: 26 ON 21,12 3 = THUNDER
SNOW, ICE PELLETS, HAIL 4 = ICE PELLETS
TOTAL MONTH: M 5 = HAIL
GRTST 24HR M ON M 6 = FREEZING RAIN OR DRIZZLE
GRTST DEPTH: M ON M 7 = DUSTSTORM OR SANDSTORM:
VSBY 1/2 MILE OR LESS
8 = SMOKE OR HAZE
[NO. OF DAYS WITH] [WEATHER - DAYS WITH] 9 = BLOWING SNOW
X = TORNADO
MAX 32 OR BELOW: 0 0.01 INCH OR MORE: 1
MAX 90 OR ABOVE: 2 0.10 INCH OR MORE: 1
MIN 32 OR BELOW: 5 0.50 INCH OR MORE: 1
MIN 0 OR BELOW: 0 1.00 INCH OR MORE: 1
[HDD (BASE 65) ]
TOTAL THIS MO. 221 CLEAR (SCALE 0-3) 17
DPTR FM NORMAL -160 PTCLDY (SCALE 4-7) 4
TOTAL FM JUL 1 4568 CLOUDY (SCALE 8-10) 4
DPTR FM NORMAL -956
[CDD (BASE 65) ]
TOTAL THIS MO. 17
DPTR FM NORMAL 17 [PRESSURE DATA]
TOTAL FM JAN 1 17 HIGHEST SLP M ON M
DPTR FM NORMAL 17 LOWEST SLP 29.18 ON 6
[REMARKS]