000
CXUS53 KDMX 310920
CF6MCW
PRELIMINARY LOCAL CLIMATOLOGICAL DATA (WS FORM: F-6)

                                          STATION:   MASON CITY IA
                                          MONTH:     AUGUST
                                          YEAR:      2015
                                          LATITUDE:   43  9 N
                                          LONGITUDE:  93 20 W

  TEMPERATURE IN F:       :PCPN:    SNOW:  WIND      :SUNSHINE: SKY     :PK WND
================================================================================
1   2   3   4   5  6A  6B    7    8   9   10  11  12  13   14  15   16   17  18
                                     12Z  AVG MX 2MIN
DY MAX MIN AVG DEP HDD CDD  WTR  SNW DPTH SPD SPD DIR MIN PSBL S-S WX    SPD DR
================================================================================

 1  86  58  72   1   0   7 0.00  0.0    0  9.3 18 250   M    M   0        23 250
 2  89  61  75   4   0  10 0.00  0.0    0 14.3 22 280   M    M   0        28 240
 3  80  53  67  -4   0   2 0.00  0.0    0  8.4 18 320   M    M   0        22 280
 4  79  54  67  -4   0   2 0.00  0.0    0  3.5  9  50   M    M   0 1      11  40
 5  79  51  65  -6   0   0 0.00  0.0    0  4.6 12 160   M    M   2 12     15 120
 6  81  58  70   0   0   5 0.00  0.0    0  9.5 24 170   M    M   4        37 170
 7  84  64  74   4   0   9 0.00  0.0    0  7.8 16 300   M    M   5        20 310
 8  83  61  72   2   0   7    T  0.0    0  6.3 16 200   M    M   5 1      20 200
 9  81  64  73   3   0   8 0.25  0.0    0  5.0 17 180   M    M   6 1      19 180
10  82  61  72   2   0   7 0.00  0.0    0 10.5 20 330   M    M   3 12     24 340
11  83  58  71   1   0   6 0.00  0.0    0  7.4 16 350   M    M   1 8      22 320
12  83  53  68  -2   0   3 0.00  0.0    0  4.8 13 230   M    M   0 12     23 220
13  85  63  74   4   0   9 0.00  0.0    0 10.5 21 240   M    M   0        27 250
14  89  67  78   8   0  13 0.00  0.0    0  6.8 15 260   M    M   0        18 260
15  87  63  75   5   0  10 0.00  0.0    0  7.3 16 180   M    M   0 1      20 180
16  87  64  76   6   0  11 0.62  0.0    0  9.2 18 210   M    M   2 13     25 200
17  77  64  71   1   0   6 1.00  0.0    0  6.6 23  90   M    M   9 13     29  90
18  68  57  63  -6   2   0 0.43  0.0    0  9.3 20 220   M    M   9 1      26 140
19  66  53  60  -9   5   0    T  0.0    0 16.8 26 300   M    M  10 1      33 300
20  76  50  63  -6   2   0 0.00  0.0    0  9.4 18 300   M    M   0        24 310
21  82  56  69   0   0   4 0.00  0.0    0 12.7 28 200   M    M   2 1      35 200
22  81  60  71   2   0   6 0.91  0.0    0 16.2 29 160   M    M   5 13     38 160
23  71  52  62  -7   3   0 0.00  0.0    0 17.2 29 270   M    M   3        36 280
24  69  49  59  -9   6   0 0.00  0.0    0 14.6 29 300   M    M   0        36 290
25  73  46  60  -8   5   0    T    M    0 10.7 21 320   M    M   0        25 320
26  76  45  61  -7   4   0 0.00  0.0    0  3.2  8 280   M    M   0 8       9 120
27  71  48  60  -8   5   0    T  0.0    0  7.9 22 160   M    M   1 3      29 160
28  63  58  61  -7   4   0 1.94  0.0    0 11.0 21 100   M    M   9 13     29  80
29  74  59  67   0   0   2 0.00  0.0    0  4.6 12  20   M    M   8 1      14  20
30  75  53  64  -3   1   0 0.00  0.0    0  7.4 16 180   M    M   7 12     19 180
================================================================================
SM 2360 1703        37 127  5.15     0.0 272.8          M       91
================================================================================
AV 78.7 56.8                               9.1 FASTST   M    M   3    MAX(MPH)
                                 MISC ---->  # 29 160               # 38  160
================================================================================
NOTES:
# LAST OF SEVERAL OCCURRENCES

COLUMN 17 PEAK WIND IN M.P.H.

PRELIMINARY LOCAL CLIMATOLOGICAL DATA (WS FORM: F-6) , PAGE 2

                                          STATION:  MASON CITY IA
                                          MONTH:    AUGUST
                                          YEAR:     2015
                                          LATITUDE:   43  9 N
                                          LONGITUDE:  93 20 W

[TEMPERATURE DATA]      [PRECIPITATION DATA]       SYMBOLS USED IN COLUMN 16

AVERAGE MONTHLY: 67.7   TOTAL FOR MONTH:   5.15    1 = FOG OR MIST
DPTR FM NORMAL:  -1.7   DPTR FM NORMAL:    1.24    2 = FOG REDUCING VISIBILITY
HIGHEST:    89 ON 14, 2 GRTST 24HR  1.94 ON 28-28      TO 1/4 MILE OR LESS
LOWEST:     45 ON 26                               3 = THUNDER
                        SNOW, ICE PELLETS, HAIL    4 = ICE PELLETS
                        TOTAL MONTH:   0.0 INCH    5 = HAIL
                        GRTST 24HR     0.0         6 = FREEZING RAIN OR DRIZZLE
                        GRTST DEPTH:   0           7 = DUSTSTORM OR SANDSTORM:
                                                       VSBY 1/2 MILE OR LESS
                                                   8 = SMOKE OR HAZE
[NO. OF DAYS WITH]      [WEATHER - DAYS WITH]      9 = BLOWING SNOW
                                                   X = TORNADO
MAX 32 OR BELOW:   0    0.01 INCH OR MORE:   6
MAX 90 OR ABOVE:   0    0.10 INCH OR MORE:   6
MIN 32 OR BELOW:   0    0.50 INCH OR MORE:   4
MIN  0 OR BELOW:   0    1.00 INCH OR MORE:   2

[HDD (BASE 65) ]
TOTAL THIS MO.    37    CLEAR  (SCALE 0-3)  18
DPTR FM NORMAL    10    PTCLDY (SCALE 4-7)   8
TOTAL FM JUL 1    58    CLOUDY (SCALE 8-10)  4
DPTR FM NORMAL    22

[CDD (BASE 65) ]
TOTAL THIS MO.   127
DPTR FM NORMAL   -31    [PRESSURE DATA]
TOTAL FM JAN 1   510    HIGHEST SLP M ON M
DPTR FM NORMAL   -42    LOWEST  SLP 29.58 ON 18

[REMARKS]
