000
CXUS54 KMAF 271100
CF6MDD
PRELIMINARY LOCAL CLIMATOLOGICAL DATA (WS FORM: F-6)

                                          STATION:   Midland Airpark
                                          MONTH:     FEBRUARY
                                          YEAR:      2015
                                          LATITUDE:   32  2 N
                                          LONGITUDE: 102  6 W

  TEMPERATURE IN F:       :PCPN:    SNOW:  WIND      :SUNSHINE: SKY     :PK WND
================================================================================
1   2   3   4   5  6A  6B    7    8   9   10  11  12  13   14  15   16   17  18
                                     12Z  AVG MX 2MIN
DY MAX MIN AVG DEP HDD CDD  WTR  SNW DPTH SPD SPD DIR MIN PSBL S-S WX    SPD DR
================================================================================

 1  51  37  44   M  21   0 0.01    M    0  9.4 17  30   M    M   7 1      23  20
 2  53  31  42   M  23   0 0.00  0.0    0  9.0 16 190   M    M   2        24 190
 3  60  38  49   M  16   0 0.00  0.0    0  8.0 16 170   M    M   2 1      20 180
 4  76  32  54   M  11   0 0.00  0.0    0 12.6 28  30   M    M   6 18     40  30
 5  44  31  38   M  27   0 0.00  0.0    0  6.1 14 350   M    M   6 1      18  20
 6  71  32  52   M  13   0 0.00  0.0    0  5.8 12 210   M    M   0         M  M
 7  82  45  64   M   1   0 0.00  0.0    0 10.1 16 260   M    M   0        24 240
 8  79  51  65   M   0   0 0.00  0.0    0 10.3 20  50   M    M   0        24  50
 9  78  41  60   M   5   0 0.00  0.0    0  6.3 15 170   M    M   0        20 170
10  82  50  66   M   0   1 0.00  0.0    0  8.1 13 190   M    M   0         M  M
11  62  44  53   M  12   0 0.00  0.0    0 14.8 24  30   M    M   4        33  30
12  52  41  47   M  18   0 0.00  0.0    0  6.4 15 360   M    M  10        22  10
13  69  41  55   M  10   0 0.00  0.0    0  4.7 14 220   M    M   2         M  M
14  73  42  58   M   7   0 0.00  0.0    0  4.9 12 190   M    M   0        16 180
15  77  39  58   M   7   0 0.00  0.0    0 11.9 18  40   M    M   2        28  60
16  48  32  40   M  25   0 0.00  0.0    0 11.7 18  20   M    M   4        27  30
17  49  34  42   M  23   0 0.00  0.0    0  5.8 10 320   M    M   7        16  60
18  69  33  51   M  14   0 0.00  0.0    0  6.9 13 190   M    M   0        17 180
19  73  38  56   M   9   0 0.00  0.0    0  9.8 17 190   M    M   0        24 170
20  80  47  64   M   1   0 0.00  0.0    0 11.4 17 240   M    M   0        23 240
21  66  44  55   M  10   0 0.00  0.0    0  8.2 15 260   M    M   0        22 350
22  51  24  38   M  27   0 0.03    M    0 15.1 22  40   M    M   8 1      30  40
23  25  21  23   M  42   0 0.00  0.0    0  8.2 16  40   M    M  10 1      21  30
24  42  25  34   M  31   0 0.00  0.0    0  2.9  9 180   M    M   7 1       M  M
25  65  34  50   M  15   0 0.00  0.0    0  9.8 18 260   M    M   1        24 260
26  51  28  40   M  25   0 0.00  0.0    0 15.4 23  40   M    M   8        31  50
================================================================================
SM 1628  955       393   1  0.04     0.0 233.6          M       86
================================================================================
AV 62.6 36.7                               9.0 FASTST   M    M   3    MAX(MPH)
                                 MISC ---->    28   M                 40    M
================================================================================
NOTES:
# LAST OF SEVERAL OCCURRENCES

COLUMN 17 PEAK WIND IN M.P.H.

PRELIMINARY LOCAL CLIMATOLOGICAL DATA (WS FORM: F-6) , PAGE 2

                                          STATION:  Midland Airpark
                                          MONTH:    FEBRUARY
                                          YEAR:     2015
                                          LATITUDE:   32  2 N
                                          LONGITUDE: 102  6 W

[TEMPERATURE DATA]      [PRECIPITATION DATA]       SYMBOLS USED IN COLUMN 16

AVERAGE MONTHLY: 49.7   TOTAL FOR MONTH:   0.04    1 = FOG OR MIST
DPTR FM NORMAL:     M   DPTR FM NORMAL:       M    2 = FOG REDUCING VISIBILITY
HIGHEST:    82 ON 10, 7 GRTST 24HR  0.03 ON 22-22      TO 1/4 MILE OR LESS
LOWEST:     21 ON 23                               3 = THUNDER
                        SNOW, ICE PELLETS, HAIL    4 = ICE PELLETS
                        TOTAL MONTH:   0.0 INCH    5 = HAIL
                        GRTST 24HR     0.0         6 = FREEZING RAIN OR DRIZZLE
                        GRTST DEPTH:   0           7 = DUSTSTORM OR SANDSTORM:
                                                       VSBY 1/2 MILE OR LESS
                                                   8 = SMOKE OR HAZE
[NO. OF DAYS WITH]      [WEATHER - DAYS WITH]      9 = BLOWING SNOW
                                                   X = TORNADO
MAX 32 OR BELOW:   1    0.01 INCH OR MORE:   2
MAX 90 OR ABOVE:   0    0.10 INCH OR MORE:   0
MIN 32 OR BELOW:   9    0.50 INCH OR MORE:   0
MIN  0 OR BELOW:   0    1.00 INCH OR MORE:   0

[HDD (BASE 65) ]
TOTAL THIS MO.   393    CLEAR  (SCALE 0-3)  15
DPTR FM NORMAL     M    PTCLDY (SCALE 4-7)   8
TOTAL FM JUL 1  1925    CLOUDY (SCALE 8-10)  3
DPTR FM NORMAL     M

[CDD (BASE 65) ]
TOTAL THIS MO.     1
DPTR FM NORMAL     M    [PRESSURE DATA]
TOTAL FM JAN 1     1    HIGHEST SLP M ON M
DPTR FM NORMAL     M    LOWEST  SLP M ON M

[REMARKS]
