000
CXUS55 KCTP 260700
CF6MDT
PRELIMINARY LOCAL CLIMATOLOGICAL DATA (WS FORM: F-6)

                                          STATION:   HARRISBURG PA
                                          MONTH:     JULY
                                          YEAR:      2017
                                          LATITUDE:   40 11 N
                                          LONGITUDE:  76 46 W

  TEMPERATURE IN F:       :PCPN:    SNOW:  WIND      :SUNSHINE: SKY     :PK WND
================================================================================
1   2   3   4   5  6A  6B    7    8   9   10  11  12  13   14  15   16   17  18
                                     12Z  AVG MX 2MIN
DY MAX MIN AVG DEP HDD CDD  WTR  SNW DPTH SPD SPD DIR MIN PSBL S-S WX    SPD DR
================================================================================

 1  90  72  81   6   0  16 0.36  0.0    0  5.7 32 300   M    M   7 13     40 310
 2  89  70  80   5   0  15 0.00  0.0    0  5.3 15 240   M    M   4        20 270
 3  89  68  79   3   0  14    T  0.0    0  4.3 15 310   M    M   6        20 310
 4  88  72  80   4   0  15 0.00  0.0    0  3.7 13 110   M    M   7        16 100
 5  83  72  78   2   0  13    T  0.0    0  7.3 16 100   M    M   9        19 100
 6  75  69  72  -4   0   7 0.14  0.0    0  6.0 13 130   M    M  10 1      15 130
 7  87  70  79   3   0  14 1.06  0.0    0  5.1 29 320   M    M   6 13     35 320
 8  85  67  76   0   0  11    T  0.0    0  8.6 18 280   M    M   6        26 290
 9  82  65  74  -2   0   9 0.00  0.0    0  6.9 13 310   M    M   1        17 360
10  86  64  75  -1   0  10    T  0.0    0  3.9 15 230   M    M   6        22 260
11  89  71  80   4   0  15 0.03  0.0    0  5.5 25 250   M    M   9        33 260
12  88  71  80   4   0  15 0.00  0.0    0  6.0 15 280   M    M   8        21 270
13  89  74  82   6   0  17 0.00  0.0    0  4.2 22 270   M    M   8        33 260
14  85  73  79   3   0  14 1.72  0.0    0  4.8 20 310   M    M   9 13     23 310
15  84  69  77   1   0  12 0.00  0.0    0  8.4 18 330   M    M   5 1      23 330
16  85  66  76   0   0  11 0.00  0.0    0  4.6 12 300   M    M   3        13 310
17  87  69  78   2   0  13    T  0.0    0  4.9 15 190   M    M   7 3      20 190
18  90  68  79   3   0  14 0.00  0.0    0  4.5 15 150   M    M   6 18     19 150
19  93  72  83   7   0  18 0.05  0.0    0  3.8 24 340   M    M   3 13     30 340
20  91  74  83   7   0  18 0.00  0.0    0  4.8 14 250   M    M   5 18     20 220
21  91  76  84   8   0  19 0.00  0.0    0  4.6 12 310   M    M   6        17 340
22  89  75  82   6   0  17 0.01  0.0    0  5.8 15 260   M    M   8 138    21 240
23  89  72  81   5   0  16 4.71  0.0    0  5.5 15 300   M    M   9 13     20 340
24  87  70  79   3   0  14 0.64  0.0    0  6.9 23 300   M    M   6 13     28 320
25  78  66  72  -4   0   7 0.00  0.0    0  7.9 16 310   M    M   7        19 320
================================================================================
SM 2169 1755         0 344  8.72     0.0 139.0          M      161
================================================================================
AV 86.8 70.2                               5.6 FASTST   M    M   6    MAX(MPH)
                                 MISC ---->  # 32 300               # 40  310
================================================================================
NOTES:
# LAST OF SEVERAL OCCURRENCES

COLUMN 17 PEAK WIND IN M.P.H.

PRELIMINARY LOCAL CLIMATOLOGICAL DATA (WS FORM: F-6) , PAGE 2

                                          STATION:  HARRISBURG PA
                                          MONTH:    JULY
                                          YEAR:     2017
                                          LATITUDE:   40 11 N
                                          LONGITUDE:  76 46 W

[TEMPERATURE DATA]      [PRECIPITATION DATA]       SYMBOLS USED IN COLUMN 16

AVERAGE MONTHLY: 78.5   TOTAL FOR MONTH:   8.72    1 = FOG OR MIST
DPTR FM NORMAL:   2.6   DPTR FM NORMAL:    4.96    2 = FOG REDUCING VISIBILITY
HIGHEST:    93 ON 19    GRTST 24HR  4.71 ON 23-23      TO 1/4 MILE OR LESS
LOWEST:     64 ON 10                               3 = THUNDER
                        SNOW, ICE PELLETS, HAIL    4 = ICE PELLETS
                        TOTAL MONTH:   0.0 INCH    5 = HAIL
                        GRTST 24HR     0.0         6 = FREEZING RAIN OR DRIZZLE
                        GRTST DEPTH:   0           7 = DUSTSTORM OR SANDSTORM:
                                                       VSBY 1/2 MILE OR LESS
                                                   8 = SMOKE OR HAZE
[NO. OF DAYS WITH]      [WEATHER - DAYS WITH]      9 = BLOWING SNOW
                                                   X = TORNADO
MAX 32 OR BELOW:   0    0.01 INCH OR MORE:   9
MAX 90 OR ABOVE:   5    0.10 INCH OR MORE:   6
MIN 32 OR BELOW:   0    0.50 INCH OR MORE:   4
MIN  0 OR BELOW:   0    1.00 INCH OR MORE:   3

[HDD (BASE 65) ]
TOTAL THIS MO.     0    CLEAR  (SCALE 0-3)   2
DPTR FM NORMAL     0    PTCLDY (SCALE 4-7)  18
TOTAL FM JUL 1     0    CLOUDY (SCALE 8-10)  5
DPTR FM NORMAL     0

[CDD (BASE 65) ]
TOTAL THIS MO.   344
DPTR FM NORMAL    71    [PRESSURE DATA]
TOTAL FM JAN 1   686    HIGHEST SLP M ON M
DPTR FM NORMAL   135    LOWEST  SLP 29.69 ON 23

[REMARKS]
