000
CXUS55 KCTP 240700
CF6MDT
PRELIMINARY LOCAL CLIMATOLOGICAL DATA (WS FORM: F-6)

                                          STATION:   HARRISBURG PA
                                          MONTH:     NOVEMBER
                                          YEAR:      2017
                                          LATITUDE:   40 11 N
                                          LONGITUDE:  76 46 W

  TEMPERATURE IN F:       :PCPN:    SNOW:  WIND      :SUNSHINE: SKY     :PK WND
================================================================================
1   2   3   4   5  6A  6B    7    8   9   10  11  12  13   14  15   16   17  18
                                     12Z  AVG MX 2MIN
DY MAX MIN AVG DEP HDD CDD  WTR  SNW DPTH SPD SPD DIR MIN PSBL S-S WX    SPD DR
================================================================================

 1  49  35  42  -7  23   0 0.02  0.0    0  2.7  7 330   M    M  10 1      11  10
 2  69  46  58   9   7   0 0.00  0.0    0  1.7  9 150   M    M   8 128    13 160
 3  71  46  59  10   6   0 0.00  0.0    0  5.2 18 350   M    M   7 18     21 350
 4  58  37  48   0  17   0 0.32  0.0    0  3.9 10 120   M    M   8 1      13 120
 5  61  49  55   7  10   0 0.05  0.0    0  6.1 15 180   M    M  10 1      23 180
 6  65  43  54   6  11   0 0.07  0.0    0  7.9 22 330   M    M   8 1      28 320
 7  44  35  40  -7  25   0 0.50    T    0  6.4 10 310   M    M   7 14     15 330
 8  46  35  41  -6  24   0 0.00  0.0    0  5.0 10 310   M    M   8        13 320
 9  47  34  41  -6  24   0 0.01  0.0    0  2.7  7 310   M    M   8 1      10 310
10  45  24  35 -11  30   0    T    T    0 12.6 26 320   M    M   4 1      33 320
11  37  20  29 -17  36   0 0.00  0.0    0  4.1 12 330   M    M   5        14 310
12  46  26  36 -10  29   0    T  0.0    0  3.3  8 100   M    M   7        11 130
13  49  34  42  -3  23   0 0.06  0.0    0  3.2 10 280   M    M   7 1      12 290
14  47  37  42  -3  23   0 0.00  0.0    0  4.7 12 320   M    M  10 1      14 320
15  50  28  39  -5  26   0 0.00  0.0    0  4.6 12 130   M    M   5 1      14 130
16  56  44  50   6  15   0    T  0.0    0 11.9 29 310   M    M   8        35 320
17  49  33  41  -3  24   0 0.00  0.0    0 10.1 25 320   M    M   4        34 330
18  51  29  40  -3  25   0 1.16  0.0    0  3.5 14 130   M    M   9 1      16 130
19  59  38  49   6  16   0 0.04  0.0    0 18.3 37 280   M    M   7 1      49 270
20  48  36  42   0  23   0 0.00  0.0    0 11.3 23 300   M    M   3        29 320
21  57  28  43   1  22   0 0.00  0.0    0  4.0 13 180   M    M   4        21 190
22  52  34  43   1  22   0    T    M    0 12.2 30 300   M    M   7        37 300
23  42  27  35  -6  30   0 0.00  0.0    0  4.0 13 340   M    M   3        17 310
================================================================================
SM 1198  798       491   0  2.23    T    149.4          M      157
================================================================================
AV 52.1 34.7                               6.5 FASTST   M    M   7    MAX(MPH)
                                 MISC ---->  # 37 280               # 49  270
================================================================================
NOTES:
# LAST OF SEVERAL OCCURRENCES

COLUMN 17 PEAK WIND IN M.P.H.

PRELIMINARY LOCAL CLIMATOLOGICAL DATA (WS FORM: F-6) , PAGE 2

                                          STATION:  HARRISBURG PA
                                          MONTH:    NOVEMBER
                                          YEAR:     2017
                                          LATITUDE:   40 11 N
                                          LONGITUDE:  76 46 W

[TEMPERATURE DATA]      [PRECIPITATION DATA]       SYMBOLS USED IN COLUMN 16

AVERAGE MONTHLY: 43.4   TOTAL FOR MONTH:   2.23    1 = FOG OR MIST
DPTR FM NORMAL:  -2.0   DPTR FM NORMAL:   -0.15    2 = FOG REDUCING VISIBILITY
HIGHEST:    71 ON  3    GRTST 24HR  1.16 ON 18-18      TO 1/4 MILE OR LESS
LOWEST:     20 ON 11                               3 = THUNDER
                        SNOW, ICE PELLETS, HAIL    4 = ICE PELLETS
                        TOTAL MONTH:    T          5 = HAIL
                        GRTST 24HR    T  ON 10-10  6 = FREEZING RAIN OR DRIZZLE
                        GRTST DEPTH:   0           7 = DUSTSTORM OR SANDSTORM:
                                                       VSBY 1/2 MILE OR LESS
                                                   8 = SMOKE OR HAZE
[NO. OF DAYS WITH]      [WEATHER - DAYS WITH]      9 = BLOWING SNOW
                                                   X = TORNADO
MAX 32 OR BELOW:   0    0.01 INCH OR MORE:   9
MAX 90 OR ABOVE:   0    0.10 INCH OR MORE:   3
MIN 32 OR BELOW:   7    0.50 INCH OR MORE:   2
MIN  0 OR BELOW:   0    1.00 INCH OR MORE:   1

[HDD (BASE 65) ]
TOTAL THIS MO.   491    CLEAR  (SCALE 0-3)   0
DPTR FM NORMAL    41    PTCLDY (SCALE 4-7)  18
TOTAL FM JUL 1   701    CLOUDY (SCALE 8-10)  5
DPTR FM NORMAL  -161

[CDD (BASE 65) ]
TOTAL THIS MO.     0
DPTR FM NORMAL     0    [PRESSURE DATA]
TOTAL FM JAN 1  1214    HIGHEST SLP M ON M
DPTR FM NORMAL   212    LOWEST  SLP 29.14 ON 19

[REMARKS]
