000
CXUS53 KARX 300930
CF6MDZ
PRELIMINARY LOCAL CLIMATOLOGICAL DATA (WS FORM: F-6)

                                          STATION:   MEDFORD WI
                                          MONTH:     MARCH
                                          YEAR:      2017
                                          LATITUDE:   45  5 N
                                          LONGITUDE:  90 18 W

  TEMPERATURE IN F:       :PCPN:    SNOW:  WIND      :SUNSHINE: SKY     :PK WND
================================================================================
1   2   3   4   5  6A  6B    7    8   9   10  11  12  13   14  15   16   17  18
                                     12Z  AVG MX 2MIN
DY MAX MIN AVG DEP HDD CDD  WTR  SNW DPTH SPD SPD DIR MIN PSBL S-S WX    SPD DR
================================================================================

 1  32  14  23   M  42   0    M    M    3 12.1 20 360   M    M   8 1      27 360
 2  26   8  17   M  48   0 0.00  0.0    4  8.1 17 270   M    M   5        29 270
 3  18  -1   9   M  56   0 0.00  0.0    4  5.2 12 200   M    M   1         M  M
 4  33  14  24   M  41   0 0.00  0.0    4 10.6 18 130   M    M   8        28 150
 5  40  26  33   M  32   0 0.00  0.0    3 11.0 15 120   M    M   9        24 120
 6  53  40  47   M  18   0 0.23  0.0    0 12.2 20 140   M    M  10 123    29 140
 7  50  28  39   M  26   0    T    T    0 21.3 31 260   M    M   7 1      47 240
 8  34  19  27   M  38   0    T    T    T 24.8 39 270   M    M   6        51 270
 9  30  16  23   M  42   0 0.00  0.0    0  9.8 15 290   M    M   2        21 290
10  16   3  10   M  55   0 0.00  0.0    0 12.4 17 320   M    M   0        25 330
11  22   2  12   M  53   0 0.00  0.0    0  8.6 13 330   M    M   0        17 350
12  22   6  14   M  51   0    M    M    0  3.0  7 100   M    M   5         M  M
13  24   9  17   M  48   0    M    M    1  8.9 13  50   M    M   7        16  50
14  26   0  13   M  52   0 0.00  0.0    T  7.0 14 330   M    M   2        20 360
15  33   5  19   M  46   0 0.00  0.0    0  5.7 12 270   M    M   0        17 310
16  38   8  23   M  42   0    M    M    0  4.9 12 170   M    M   2         M  M
17  36  29  33   M  32   0    M    M    1  8.8 15 310   M    M  10 1      22 310
18  33  23  28   M  37   0 0.00  0.0    T  9.4 14 320   M    M   8        22 330
19  45  21  33   M  32   0 0.00  0.0    T  8.2 17 140   M    M   3        25 150
20  50  27  39   M  26   0    T  0.0    0  5.2 12 350   M    M   3         M  M
21  35  18  27   M  38   0 0.00  0.0    0 11.2 16 360   M    M   0        25 330
22  33  12  23   M  42   0 0.00  0.0    0  5.2  8 140   M    M   1         M  M
23  37  26  32   M  33   0 0.04  0.0    0 10.7 16 120   M    M  10        23 150
24  37  33  35   M  30   0 0.31  0.0    0  6.7 12  50   M    M  10 1       M  M
25  39  32  36   M  29   0    T  0.0    0 13.5 18  80   M    M  10 1      24  80
26  39  32  36   M  29   0 0.12  0.0    0  5.4 10  90   M    M  10 1      16  90
27  42  28  35   M  30   0 0.00  0.0    0  2.5  7  30   M    M   9 12      M  M
28  56  26  41   M  24   0 0.00  0.0    0  1.9  6  90   M    M   0 1       M  M
29  46  30  38   M  27   0 0.00  0.0    0  6.6  9 100   M    M   4         M  M
================================================================================
SM 1025  534      1099   0  0.70    T    260.9          M      150
================================================================================
AV 35.3 18.4                               9.0 FASTST   M    M   5    MAX(MPH)
                                 MISC ---->  # 39 270               # 51  270
================================================================================
NOTES:
# LAST OF SEVERAL OCCURRENCES

COLUMN 17 PEAK WIND IN M.P.H.

PRELIMINARY LOCAL CLIMATOLOGICAL DATA (WS FORM: F-6) , PAGE 2

                                          STATION:  MEDFORD WI
                                          MONTH:    MARCH
                                          YEAR:     2017
                                          LATITUDE:   45  5 N
                                          LONGITUDE:  90 18 W

[TEMPERATURE DATA]      [PRECIPITATION DATA]       SYMBOLS USED IN COLUMN 16

AVERAGE MONTHLY: 26.9   TOTAL FOR MONTH:   0.70    1 = FOG OR MIST
DPTR FM NORMAL:     M   DPTR FM NORMAL:       M    2 = FOG REDUCING VISIBILITY
HIGHEST:    56 ON 28    GRTST 24HR  0.31 ON 24-24      TO 1/4 MILE OR LESS
LOWEST:     -1 ON  3                               3 = THUNDER
                        SNOW, ICE PELLETS, HAIL    4 = ICE PELLETS
                        TOTAL MONTH:    T          5 = HAIL
                        GRTST 24HR    T  ON  8- 8  6 = FREEZING RAIN OR DRIZZLE
                        GRTST DEPTH:   4 ON  4, 3  7 = DUSTSTORM OR SANDSTORM:
                                                       VSBY 1/2 MILE OR LESS
                                                   8 = SMOKE OR HAZE
[NO. OF DAYS WITH]      [WEATHER - DAYS WITH]      9 = BLOWING SNOW
                                                   X = TORNADO
MAX 32 OR BELOW:   9    0.01 INCH OR MORE:   4
MAX 90 OR ABOVE:   0    0.10 INCH OR MORE:   3
MIN 32 OR BELOW:  27    0.50 INCH OR MORE:   0
MIN  0 OR BELOW:   2    1.00 INCH OR MORE:   0

[HDD (BASE 65) ]
TOTAL THIS MO.  1099    CLEAR  (SCALE 0-3)  12
DPTR FM NORMAL     M    PTCLDY (SCALE 4-7)   7
TOTAL FM JUL 1  6742    CLOUDY (SCALE 8-10) 10
DPTR FM NORMAL     M

[CDD (BASE 65) ]
TOTAL THIS MO.     0
DPTR FM NORMAL     M    [PRESSURE DATA]
TOTAL FM JAN 1     0    HIGHEST SLP M ON M
DPTR FM NORMAL     M    LOWEST  SLP M ON M

[REMARKS]
