000
CXUS54 KMEG 200746
CF6MEG
PRELIMINARY LOCAL CLIMATOLOGICAL DATA (WS FORM: F-6)

                                          STATION:   MEMPHIS/GERMANTOWN WFO
                                          MONTH:     JANUARY
                                          YEAR:      2018
                                          LATITUDE:   35  7 N
                                          LONGITUDE:  89 48 W

  TEMPERATURE IN F:       :PCPN:    SNOW:  WIND      :SUNSHINE: SKY     :PK WND
================================================================================
1   2   3   4   5  6A  6B    7    8   9   10  11  12  13   14  15   16   17  18
                                     12Z  AVG MX 2MIN
DY MAX MIN AVG DEP HDD CDD  WTR  SNW DPTH SPD SPD DIR MIN PSBL S-S WX    SPD DR
================================================================================

 1  22   9  16 -23  49   0    T    T    0   M   M   M   M    M   M         M  M
 2  25   8  17 -22  48   0 0.00  0.0    0   M   M   M   M    M   M         M  M
 3  36  14  25 -14  40   0 0.00  0.0    0   M   M   M   M    M   M         M  M
 4  30  16  23 -16  42   0 0.00  0.0    0   M   M   M   M    M   M         M  M
 5  42  13  28 -11  37   0 0.00  0.0    0   M   M   M   M    M   M         M  M
 6  37  21  29 -10  36   0 0.00  0.0    0   M   M   M   M    M   M         M  M
 7  48  27  38  -1  27   0 0.06  0.0    0   M   M   M   M    M   M         M  M
 8  45  41  43   4  22   0 0.49  0.0    0   M   M   M   M    M   M         M  M
 9  48  41  45   6  20   0 0.01  0.0    0   M   M   M   M    M   M         M  M
10  60  47  54  15  11   0 0.04  0.0    0   M   M   M   M    M   M         M  M
11  65  42  54  15  11   0 0.93  0.0    0   M   M   M   M    M   M 1       M  M
12  42  20  31  -8  34   0 1.05  1.5    T   M   M   M   M    M   M 146     M  M
13  30  18  24 -15  41   0    T    T    1   M   M   M   M    M   M         M  M
14  32  18  25 -14  40   0 0.00  0.0    1   M   M   M   M    M   M         M  M
15  44  24  34  -5  31   0 0.03  0.3    1   M   M   M   M    M   M         M  M
16  26   7  17 -22  48   0 0.11  2.0    2   M   M   M   M    M   M         M  M
17  24   4  14 -25  51   0 0.00  0.0    2   M   M   M   M    M   M         M  M
18  37  10  24 -15  41   0 0.00  0.0    2   M   M   M   M    M   M         M  M
19  44  25  35  -4  30   0 0.00  0.0    1   M   M   M   M    M   M         M  M
================================================================================
SM  737  405       659   0  2.72     3.8     M          M        M
================================================================================
AV 38.8 21.3                                 M FASTST   M    M   4    MAX(MPH)
                                 MISC ---->     M   M                  M    M
================================================================================
NOTES:
# LAST OF SEVERAL OCCURRENCES

COLUMN 17 PEAK WIND IN M.P.H.

PRELIMINARY LOCAL CLIMATOLOGICAL DATA (WS FORM: F-6) , PAGE 2

                                          STATION:  MEMPHIS/GERMANTOWN WFO
                                          MONTH:    JANUARY
                                          YEAR:     2018
                                          LATITUDE:   35  7 N
                                          LONGITUDE:  89 48 W

[TEMPERATURE DATA]      [PRECIPITATION DATA]       SYMBOLS USED IN COLUMN 16

AVERAGE MONTHLY: 30.1   TOTAL FOR MONTH:   2.72    1 = FOG OR MIST
DPTR FM NORMAL:  -8.9   DPTR FM NORMAL:    0.28    2 = FOG REDUCING VISIBILITY
HIGHEST:    65 ON 11    GRTST 24HR  1.05 ON 12-12      TO 1/4 MILE OR LESS
LOWEST:      4 ON 17                               3 = THUNDER
                        SNOW, ICE PELLETS, HAIL    4 = ICE PELLETS
                        TOTAL MONTH:   3.8 INCHES  5 = HAIL
                        GRTST 24HR   2.0 ON 16-16  6 = FREEZING RAIN OR DRIZZLE
                        GRTST DEPTH:   2 ON 18,17  7 = DUSTSTORM OR SANDSTORM:
                                                       VSBY 1/2 MILE OR LESS
                                                   8 = SMOKE OR HAZE
[NO. OF DAYS WITH]      [WEATHER - DAYS WITH]      9 = BLOWING SNOW
                                                   X = TORNADO
MAX 32 OR BELOW:   7    0.01 INCH OR MORE:   8
MAX 90 OR ABOVE:   0    0.10 INCH OR MORE:   4
MIN 32 OR BELOW:  15    0.50 INCH OR MORE:   2
MIN  0 OR BELOW:   0    1.00 INCH OR MORE:   1

[HDD (BASE 65) ]
TOTAL THIS MO.   659    CLEAR  (SCALE 0-3)   0
DPTR FM NORMAL   165    PTCLDY (SCALE 4-7)   0
TOTAL FM JUL 1  1882    CLOUDY (SCALE 8-10)  0
DPTR FM NORMAL    64

[CDD (BASE 65) ]
TOTAL THIS MO.     0
DPTR FM NORMAL     0    [PRESSURE DATA]
TOTAL FM JAN 1     0    HIGHEST SLP M ON M
DPTR FM NORMAL     0    LOWEST  SLP M ON M

[REMARKS]
