000
CXUS56 KPDT 181506
CF6MEH
PRELIMINARY LOCAL CLIMATOLOGICAL DATA (WS FORM: F-6)

                                          STATION:   MEACHAM OR
                                          MONTH:     NOVEMBER
                                          YEAR:      2017
                                          LATITUDE:   45 30 N
                                          LONGITUDE: 118 24 W

  TEMPERATURE IN F:       :PCPN:    SNOW:  WIND      :SUNSHINE: SKY     :PK WND
================================================================================
1   2   3   4   5  6A  6B    7    8   9   10  11  12  13   14  15   16   17  18
                                     12Z  AVG MX 2MIN
DY MAX MIN AVG DEP HDD CDD  WTR  SNW DPTH SPD SPD DIR MIN PSBL S-S WX    SPD DR
================================================================================

 1  53  40  47   9  18   0 0.00  0.0    0  4.4 12 280   M    M   7        24 290
 2  48  34  41   3  24   0 0.25  0.5    0  0.6  6 290   M    M  10 18     14 270
 3  37  28  33  -5  32   0 0.13    M    M  0.4  6 260   M    M   8 1      10 290
 4  35  26  31  -7  34   0 0.05  3.0    3  0.1  5 190   M    M  10 1       9 230
 5  38  26  32  -5  33   0 0.61  5.0    6  0.7  8 290   M    M   9 12     12 300
 6  33  12  23 -14  42   0 0.01    T    6  0.5  7 260   M    M   6 1      10 270
 7  35   6  21 -16  44   0 0.00  0.0    M  0.1  6 120   M    M   1 18     13 100
 8  40  32  36   0  29   0 0.01  0.0    M  1.6  9 120   M    M   7        18 120
 9  46  26  36   0  29   0 0.09    T    M  0.9  8 270   M    M   4 128    16 100
10  45  26  36   0  29   0 0.29  0.0    M  0.3  6 310   M    M   9 16     12 310
11  45  31  38   2  27   0 0.00  0.0    M  0.0  5 100   M    M   7 1       8 170
12  49  37  43   8  22   0 0.00  0.0    0  0.3  6 100   M    M   3         9  90
13  44  31  38   3  27   0 0.24  0.0    0  0.9  7 100   M    M   8 1      12  80
14  45  27  36   1  29   0 0.00  0.0    0  0.4 10 100   M    M   2 1      18 100
15  48  36  42   8  23   0 0.01  0.0    M  1.4  8 100   M    M   6        14 100
16  40  28  34   0  31   0 0.32  1.5    1  0.7  9 290   M    M   8 1      15 300
17  37  28  33  -1  32   0 0.01    T    M  2.7 12 270   M    M   9        20 250
================================================================================
SM  718  474       505   0  2.02    10.0  16.0          M      114
================================================================================
AV 42.2 27.9                               0.9 FASTST   M    M   7    MAX(MPH)
                                 MISC ---->  # 12 280               # 24  290
================================================================================
NOTES:
# LAST OF SEVERAL OCCURRENCES

COLUMN 17 PEAK WIND IN M.P.H.

PRELIMINARY LOCAL CLIMATOLOGICAL DATA (WS FORM: F-6) , PAGE 2

                                          STATION:  MEACHAM OR
                                          MONTH:    NOVEMBER
                                          YEAR:     2017
                                          LATITUDE:   45 30 N
                                          LONGITUDE: 118 24 W

[TEMPERATURE DATA]      [PRECIPITATION DATA]       SYMBOLS USED IN COLUMN 16

AVERAGE MONTHLY: 35.1   TOTAL FOR MONTH:   2.02    1 = FOG OR MIST
DPTR FM NORMAL:  -1.1   DPTR FM NORMAL:   -0.28    2 = FOG REDUCING VISIBILITY
HIGHEST:    53 ON  1    GRTST 24HR  0.61 ON  5- 5      TO 1/4 MILE OR LESS
LOWEST:      6 ON  7                               3 = THUNDER
                        SNOW, ICE PELLETS, HAIL    4 = ICE PELLETS
                        TOTAL MONTH:  10.0 INCHES  5 = HAIL
                        GRTST 24HR   5.0 ON  5- 5  6 = FREEZING RAIN OR DRIZZLE
                        GRTST DEPTH:   6 ON  6, 5  7 = DUSTSTORM OR SANDSTORM:
                                                       VSBY 1/2 MILE OR LESS
                                                   8 = SMOKE OR HAZE
[NO. OF DAYS WITH]      [WEATHER - DAYS WITH]      9 = BLOWING SNOW
                                                   X = TORNADO
MAX 32 OR BELOW:   0    0.01 INCH OR MORE:  12
MAX 90 OR ABOVE:   0    0.10 INCH OR MORE:   6
MIN 32 OR BELOW:  13    0.50 INCH OR MORE:   1
MIN  0 OR BELOW:   0    1.00 INCH OR MORE:   0

[HDD (BASE 65) ]
TOTAL THIS MO.   505    CLEAR  (SCALE 0-3)   2
DPTR FM NORMAL    14    PTCLDY (SCALE 4-7)   9
TOTAL FM JUL 1  1719    CLOUDY (SCALE 8-10)  6
DPTR FM NORMAL  -307

[CDD (BASE 65) ]
TOTAL THIS MO.     0
DPTR FM NORMAL     0    [PRESSURE DATA]
TOTAL FM JAN 1   105    HIGHEST SLP 30.15 ON 11
DPTR FM NORMAL    81    LOWEST  SLP 29.46 ON 16

[REMARKS]
