000
CXUS56 KPDT 231032
CF6MEH
PRELIMINARY LOCAL CLIMATOLOGICAL DATA (WS FORM: F-6)

                                          STATION:   MEACHAM OR
                                          MONTH:     JANUARY
                                          YEAR:      2018
                                          LATITUDE:   45 30 N
                                          LONGITUDE: 118 24 W

  TEMPERATURE IN F:       :PCPN:    SNOW:  WIND      :SUNSHINE: SKY     :PK WND
================================================================================
1   2   3   4   5  6A  6B    7    8   9   10  11  12  13   14  15   16   17  18
                                     12Z  AVG MX 2MIN
DY MAX MIN AVG DEP HDD CDD  WTR  SNW DPTH SPD SPD DIR MIN PSBL S-S WX    SPD DR
================================================================================

 1  35  13  24  -3  41   0 0.00  0.0    M  0.3  5 310   M    M   4 12      8 360
 2  33  10  22  -6  43   0 0.00  0.0    M  0.1  5 310   M    M   3 128     9 330
 3  41  19  30   2  35   0 0.00  0.0    M  0.4  7 300   M    M   4        11 320
 4  42  30  36   8  29   0 0.03  0.0    M  0.5  7 160   M    M   8        14 120
 5  44  33  39  11  26   0 0.22  0.0    M  0.1  5 230   M    M   8 1       9 200
 6  40  30  35   7  30   0 0.02  0.0    M  0.3  7 230   M    M   9 16     12 210
 7  40  30  35   7  30   0 0.00  0.0    M  0.0  5 190   M    M   9        11 200
 8  43  34  39  11  26   0 0.01  0.0    6  0.4  6 100   M    M   4        13 140
 9  40  33  37   9  28   0 0.89  0.0    M  1.6  8 300   M    M  10 1      17 280
10  36  30  33   4  32   0 0.01    T    M  1.9  9 270   M    M  10 1      17 290
11  42  33  38   9  27   0 0.79  0.0    M  1.4 10 310   M    M  10 1      21 280
12  43  30  37   8  28   0 0.17  0.0    M  0.0  6 300   M    M   9 1      11 270
13  49  30  40  11  25   0    T    T    M  0.0  3 190   M    M   5         7 220
14  48  33  41  12  24   0 0.00  0.0    M  0.3  5 220   M    M   0        11  90
15  47  35  41  12  24   0 0.00  0.0    M  1.1  7 130   M    M   1        15  70
16  44  33  39  10  26   0 0.22    T    M  0.4  9  70   M    M   6 1      12 290
17  41  34  38   9  27   0 0.00  0.0    M  1.8  7 220   M    M   3        18  40
18  42  32  37   8  28   0 0.60  3.0    6  0.5  7 260   M    M  10 1      14 270
19  36  22  29   0  36   0 0.08  0.5    6  0.0  5 270   M    M   7 1       8 310
20  35  19  27  -2  38   0 0.09  1.3    4  0.1  5 280   M    M   8 12      8 230
21  33  15  24  -5  41   0 0.33  3.0    6  0.3  7 110   M    M   5 12     13 100
22  37  22  30   1  35   0 0.08    M    M  0.4  6 270   M    M   7 1      10 280
================================================================================
SM  891  600       679   0  3.54     7.8  11.9          M      140
================================================================================
AV 40.5 27.3                               0.5 FASTST   M    M   6    MAX(MPH)
                                 MISC ---->  # 10 310               # 21  280
================================================================================
NOTES:
# LAST OF SEVERAL OCCURRENCES

COLUMN 17 PEAK WIND IN M.P.H.

PRELIMINARY LOCAL CLIMATOLOGICAL DATA (WS FORM: F-6) , PAGE 2

                                          STATION:  MEACHAM OR
                                          MONTH:    JANUARY
                                          YEAR:     2018
                                          LATITUDE:   45 30 N
                                          LONGITUDE: 118 24 W

[TEMPERATURE DATA]      [PRECIPITATION DATA]       SYMBOLS USED IN COLUMN 16

AVERAGE MONTHLY: 33.9   TOTAL FOR MONTH:   3.54    1 = FOG OR MIST
DPTR FM NORMAL:   5.3   DPTR FM NORMAL:    0.47    2 = FOG REDUCING VISIBILITY
HIGHEST:    49 ON 13    GRTST 24HR  0.89 ON  9- 9      TO 1/4 MILE OR LESS
LOWEST:     10 ON  2                               3 = THUNDER
                        SNOW, ICE PELLETS, HAIL    4 = ICE PELLETS
                        TOTAL MONTH:   7.8 INCHES  5 = HAIL
                        GRTST 24HR   3.0 ON 21-21  6 = FREEZING RAIN OR DRIZZLE
                        GRTST DEPTH:   6 ON 21,19  7 = DUSTSTORM OR SANDSTORM:
                                                       VSBY 1/2 MILE OR LESS
                                                   8 = SMOKE OR HAZE
[NO. OF DAYS WITH]      [WEATHER - DAYS WITH]      9 = BLOWING SNOW
                                                   X = TORNADO
MAX 32 OR BELOW:   0    0.01 INCH OR MORE:  14
MAX 90 OR ABOVE:   0    0.10 INCH OR MORE:   7
MIN 32 OR BELOW:  14    0.50 INCH OR MORE:   3
MIN  0 OR BELOW:   0    1.00 INCH OR MORE:   0

[HDD (BASE 65) ]
TOTAL THIS MO.   679    CLEAR  (SCALE 0-3)   4
DPTR FM NORMAL  -124    PTCLDY (SCALE 4-7)  10
TOTAL FM JUL 1  3998    CLOUDY (SCALE 8-10)  8
DPTR FM NORMAL  -454

[CDD (BASE 65) ]
TOTAL THIS MO.     0
DPTR FM NORMAL     0    [PRESSURE DATA]
TOTAL FM JAN 1     0    HIGHEST SLP 30.68 ON  1
DPTR FM NORMAL     0    LOWEST  SLP 29.59 ON  9

[REMARKS]
