000
CXUS54 KJAN 240800
CF6MEI
PRELIMINARY LOCAL CLIMATOLOGICAL DATA (WS FORM: F-6)

                                          STATION:   MERIDIAN
                                          MONTH:     APRIL
                                          YEAR:      2014
                                          LATITUDE:   32 19 N
                                          LONGITUDE:  88 45 W

  TEMPERATURE IN F:       :PCPN:    SNOW:  WIND      :SUNSHINE: SKY     :PK WND
================================================================================
1   2   3   4   5  6A  6B    7    8   9   10  11  12  13   14  15   16   17  18
                                     12Z  AVG MX 2MIN
DY MAX MIN AVG DEP HDD CDD  WTR  SNW DPTH SPD SPD DIR MIN PSBL S-S WX    SPD DR
================================================================================

 1  80  50  65   6   0   0    T  0.0    0  6.1 17 190   M    M   4 38     22 190
 2  80  53  67   8   0   2 0.00  0.0    0  8.0 16 170   M    M   5 1      23 180
 3  85  66  76  16   0  11 0.00  0.0    0 12.6 25 180   M    M   5        32 190
 4  70  54  62   2   3   0 1.12  0.0    0  8.1 29 300   M    M   8 13     38 300
 5  68  48  58  -2   7   0    T  0.0    0  8.1 14  40   M    M   4        18  20
 6  64  49  57  -3   8   0 3.89  0.0    0  7.4 33 330   M    M  10 13     40 330
 7  67  48  58  -2   7   0 1.61  0.0    0  8.1 29 240   M    M   8 13     39 240
 8  63  42  53  -8  12   0 0.47  0.0    0  3.3 21 240   M    M   4 123    31 240
 9  70  44  57  -4   8   0 0.00  0.0    0  4.5 13 340   M    M   0        17 340
10  77  40  59  -2   6   0 0.00  0.0    0  6.9 17 180   M    M   0 1      22 180
11  76  47  62   1   3   0 0.00  0.0    0  5.4 15 180   M    M   3        20 180
12  80  53  67   5   0   2 0.00  0.0    0  6.3 16 180   M    M   4 18     22 170
13  83  54  69   7   0   4 0.00  0.0    0  9.5 21 160   M    M   2        26 150
14  68  50  59  -3   6   0 2.69  0.0    0  8.2 24 340   M    M   9 13     32 180
15  56  38  47 -15  18   0 0.02  0.0    0 13.8 25 340   M    M   4 1      33 350
16  67  35  51 -12  14   0 0.00  0.0    0  4.4 16  80   M    M   0        21  80
17  68  40  54  -9  11   0 0.00  0.0    0  5.3 14 120   M    M   3        23 110
18  62  52  57  -6   8   0 0.07  0.0    0  7.8 16  50   M    M   8        22  50
19  79  46  63  -1   2   0 0.00  0.0    0  5.8 20 350   M    M   0 1      24 350
20  79  46  63  -1   2   0 0.00  0.0    0  2.4 12  80   M    M   0        15  40
21  80  49  65   1   0   0 0.00    M    0  4.1 13 200   M    M   1        20 200
22  71  56  64   0   1   0 0.03  0.0    0  1.4  8 210   M    M   7 12     10 140
23  81  51  66   1   0   1 0.00  0.0    0  2.9 12  50   M    M   2 12     14  20
================================================================================
SM 1674 1111       116  20  9.90     0.0 150.4          M       91
================================================================================
AV 72.8 48.3                               6.5 FASTST   M    M   4    MAX(MPH)
                                 MISC ---->  # 33 330               # 40  330
================================================================================
NOTES:
# LAST OF SEVERAL OCCURRENCES

COLUMN 17 PEAK WIND IN M.P.H.

PRELIMINARY LOCAL CLIMATOLOGICAL DATA (WS FORM: F-6) , PAGE 2

                                          STATION:  MERIDIAN
                                          MONTH:    APRIL
                                          YEAR:     2014
                                          LATITUDE:   32 19 N
                                          LONGITUDE:  88 45 W

[TEMPERATURE DATA]      [PRECIPITATION DATA]       SYMBOLS USED IN COLUMN 16

AVERAGE MONTHLY: 60.5   TOTAL FOR MONTH:   9.90    1 = FOG OR MIST
DPTR FM NORMAL:  -1.2   DPTR FM NORMAL:    6.15    2 = FOG REDUCING VISIBILITY
HIGHEST:    85 ON  3    GRTST 24HR  4.95 ON  6- 7      TO 1/4 MILE OR LESS
LOWEST:     35 ON 16                               3 = THUNDER
                        SNOW, ICE PELLETS, HAIL    4 = ICE PELLETS
                        TOTAL MONTH:   0.0 INCH    5 = HAIL
                        GRTST 24HR     0.0         6 = FREEZING RAIN OR DRIZZLE
                        GRTST DEPTH:   0           7 = DUSTSTORM OR SANDSTORM:
                                                       VSBY 1/2 MILE OR LESS
                                                   8 = SMOKE OR HAZE
[NO. OF DAYS WITH]      [WEATHER - DAYS WITH]      9 = BLOWING SNOW
                                                   X = TORNADO
MAX 32 OR BELOW:   0    0.01 INCH OR MORE:   8
MAX 90 OR ABOVE:   0    0.10 INCH OR MORE:   5
MIN 32 OR BELOW:   0    0.50 INCH OR MORE:   4
MIN  0 OR BELOW:   0    1.00 INCH OR MORE:   4

[HDD (BASE 65) ]
TOTAL THIS MO.   116    CLEAR  (SCALE 0-3)   8
DPTR FM NORMAL     2    PTCLDY (SCALE 4-7)  13
TOTAL FM JUL 1  2841    CLOUDY (SCALE 8-10)  2
DPTR FM NORMAL   323

[CDD (BASE 65) ]
TOTAL THIS MO.    20
DPTR FM NORMAL   -17    [PRESSURE DATA]
TOTAL FM JAN 1    29    HIGHEST SLP M ON M
DPTR FM NORMAL   -32    LOWEST  SLP 29.57 ON M

[REMARKS]
