000
CXUS54 KLZK 231130
CF6MEZ
PRELIMINARY LOCAL CLIMATOLOGICAL DATA (WS FORM: F-6)

                                          STATION:   Mena Airport
                                          MONTH:     JUNE
                                          YEAR:      2017
                                          LATITUDE:   34  9 N
                                          LONGITUDE:  94 15 W

  TEMPERATURE IN F:       :PCPN:    SNOW:  WIND      :SUNSHINE: SKY     :PK WND
================================================================================
1   2   3   4   5  6A  6B    7    8   9   10  11  12  13   14  15   16   17  18
                                     12Z  AVG MX 2MIN
DY MAX MIN AVG DEP HDD CDD  WTR  SNW DPTH SPD SPD DIR MIN PSBL S-S WX    SPD DR
================================================================================

 1  79  63  71   0   0   6 0.00  0.0    0  1.3  7  80   M    M   3         M  M
 2  82  66  74   3   0   9 0.01  0.0    0  2.1  6 100   M    M   7         M  M
 3  86  68  77   5   0  12 0.00  0.0    0  1.0  7 290   M    M   7         M  M
 4  81  68  75   3   0  10 0.00  0.0    0  1.3  8 300   M    M   8 3       M  M
 5  81  68  75   3   0  10 0.00  0.0    0  2.2  9  20   M    M   5 3       M  M
 6  90  64  77   5   0  12 0.00  0.0    0  3.2  9  20   M    M   3         M  M
 7  82  59  71  -1   0   6 0.00  0.0    0  3.5 10  40   M    M   0         M  M
 8  82  54  68  -5   0   3 0.00  0.0    0  0.5  5  60   M    M   0         M  M
 9  82  55  69  -4   0   4 0.00  0.0    0  0.6  4 190   M    M   1         M  M
10  84  59  72  -1   0   7 0.00  0.0    0  2.5  7 130   M    M   4         M  M
11  88  72  80   6   0  15 0.00  0.0    0  3.9  9 200   M    M   1         M  M
12  90  75  83   9   0  18 0.00  0.0    0  3.0  6 130   M    M   7         M  M
13  88  75  82   8   0  17 0.00  0.0    0  3.2  7 160   M    M   7         M  M
14  90  77  84  10   0  19 0.00  0.0    0  4.6  8 220   M    M   5         M  M
15  90  77  84  10   0  19 0.00  0.0    0  3.8  8 260   M    M   3         M  M
16  95  70  83   8   0  18 0.00  0.0    0  4.7 15 320   M    M   2        28 320
17  86  77  82   7   0  17 0.00  0.0    0  2.6 13 230   M    M   3 3      25 230
18  81  70  76   1   0  11 0.10  0.0    0  3.5 10 270   M    M   7 3       M  M
19  88  68  78   3   0  13 0.02  0.0    0  4.1  9  20   M    M   5 3       M  M
20  91  63  77   1   0  12 0.00  0.0    0  2.6  9  70   M    M   0         9 100
21  88  61  75  -1   0  10 0.00  0.0    0  6.0 14  90   M    M   3        22  90
22  82  73  78   2   0  13 0.00  0.0    0  4.2 15  80   M    M   8         M  M
================================================================================
SM 1886 1482         0 261  0.13     0.0  64.4          M       89
================================================================================
AV 85.7 67.4                               2.9 FASTST   M    M   4    MAX(MPH)
                                 MISC ---->  # 15 320               # 28  320
================================================================================
NOTES:
# LAST OF SEVERAL OCCURRENCES

COLUMN 17 PEAK WIND IN M.P.H.

PRELIMINARY LOCAL CLIMATOLOGICAL DATA (WS FORM: F-6) , PAGE 2

                                          STATION:  Mena Airport
                                          MONTH:    JUNE
                                          YEAR:     2017
                                          LATITUDE:   34  9 N
                                          LONGITUDE:  94 15 W

[TEMPERATURE DATA]      [PRECIPITATION DATA]       SYMBOLS USED IN COLUMN 16

AVERAGE MONTHLY: 76.6   TOTAL FOR MONTH:   0.13    1 = FOG OR MIST
DPTR FM NORMAL:   3.0   DPTR FM NORMAL:   -3.48    2 = FOG REDUCING VISIBILITY
HIGHEST:    95 ON 16    GRTST 24HR  0.10 ON 18-18      TO 1/4 MILE OR LESS
LOWEST:     54 ON  8                               3 = THUNDER
                        SNOW, ICE PELLETS, HAIL    4 = ICE PELLETS
                        TOTAL MONTH:   0.0 INCH    5 = HAIL
                        GRTST 24HR     0.0         6 = FREEZING RAIN OR DRIZZLE
                        GRTST DEPTH:   0           7 = DUSTSTORM OR SANDSTORM:
                                                       VSBY 1/2 MILE OR LESS
                                                   8 = SMOKE OR HAZE
[NO. OF DAYS WITH]      [WEATHER - DAYS WITH]      9 = BLOWING SNOW
                                                   X = TORNADO
MAX 32 OR BELOW:   0    0.01 INCH OR MORE:   3
MAX 90 OR ABOVE:   6    0.10 INCH OR MORE:   1
MIN 32 OR BELOW:   0    0.50 INCH OR MORE:   0
MIN  0 OR BELOW:   0    1.00 INCH OR MORE:   0

[HDD (BASE 65) ]
TOTAL THIS MO.     0    CLEAR  (SCALE 0-3)   9
DPTR FM NORMAL     0    PTCLDY (SCALE 4-7)  12
TOTAL FM JUL 1  1911    CLOUDY (SCALE 8-10)  1
DPTR FM NORMAL -1721

[CDD (BASE 65) ]
TOTAL THIS MO.   261
DPTR FM NORMAL    68    [PRESSURE DATA]
TOTAL FM JAN 1   558    HIGHEST SLP M ON M
DPTR FM NORMAL   219    LOWEST  SLP M ON M

[REMARKS]
