000
CXUS54 KLZK 181036
CF6MEZ
PRELIMINARY LOCAL CLIMATOLOGICAL DATA (WS FORM: F-6)

                                          STATION:   Mena Airport
                                          MONTH:     DECEMBER
                                          YEAR:      2014
                                          LATITUDE:   34  9 N
                                          LONGITUDE:  94 15 W

  TEMPERATURE IN F:       :PCPN:    SNOW:  WIND      :SUNSHINE: SKY     :PK WND
================================================================================
1   2   3   4   5  6A  6B    7    8   9   10  11  12  13   14  15   16   17  18
                                     12Z  AVG MX 2MIN
DY MAX MIN AVG DEP HDD CDD  WTR  SNW DPTH SPD SPD DIR MIN PSBL S-S WX    SPD DR
================================================================================

 1  68  36  52   8  13   0 0.03    M    0  4.8 12 210   M    M  10        17 210
 2  48  36  42  -2  23   0 0.00  0.0    0  2.1  6 230   M    M   9         M  M
 3  46  43  45   2  20   0 0.07    M    0  3.3  7  80   M    M  10         M  M
 4  54  46  50   7  15   0 0.08    M    0  0.3  4  80   M    M  10         M  M
 5  70  54  62  19   3   0 0.82  0.0    0  3.6 12 260   M    M  10 3      18 210
 6  61  50  56  14   9   0 0.00  0.0    0  6.0 10 320   M    M   7         M  M
 7  50  45  48   6  17   0 0.00  0.0    0  4.3  9 100   M    M   9         M  M
 8  59  36  48   6  17   0 0.00  0.0    0  2.5  8 270   M    M   3         M  M
 9  63  36  50   8  15   0 0.00  0.0    0  2.5  9 350   M    M   0         M  M
10  55  30  43   2  22   0 0.00  0.0    0  0.8  5  70   M    M   4         M  M
11  50  41  46   5  19   0 0.05    M    0  0.9  4  70   M    M  10         M  M
12  48  45  47   6  18   0 0.56    M    0  2.1  6  80   M    M  10 3       M  M
13  59  46  53  13  12   0 0.06    M    0  0.5  6 230   M    M  10         M  M
14  66  46  56  16   9   0 0.37    M    0  6.0 13 150   M    M   9 3      25 130
15  63  45  54  14  11   0 1.71    M    0 10.3 20 280   M    M   4 3      28 250
16  46  32  39  -1  26   0 0.00  0.0    0  8.5 20 290   M    M   3        27 290
17  39  30  35  -5  30   0 0.56    M    0  3.0 10 290   M    M   7         M  M
================================================================================
SM  945  697       279   0  4.31     0.0  61.5          M      125
================================================================================
AV 55.6 41.0                               3.6 FASTST   M    M   7    MAX(MPH)
                                 MISC ---->    20   M                 28    M
================================================================================
NOTES:
# LAST OF SEVERAL OCCURRENCES

COLUMN 17 PEAK WIND IN M.P.H.

PRELIMINARY LOCAL CLIMATOLOGICAL DATA (WS FORM: F-6) , PAGE 2

                                          STATION:  Mena Airport
                                          MONTH:    DECEMBER
                                          YEAR:     2014
                                          LATITUDE:   34  9 N
                                          LONGITUDE:  94 15 W

[TEMPERATURE DATA]      [PRECIPITATION DATA]       SYMBOLS USED IN COLUMN 16

AVERAGE MONTHLY: 48.3   TOTAL FOR MONTH:   4.31    1 = FOG OR MIST
DPTR FM NORMAL:   6.6   DPTR FM NORMAL:    1.22    2 = FOG REDUCING VISIBILITY
HIGHEST:    70 ON  5    GRTST 24HR  1.71 ON 15-15      TO 1/4 MILE OR LESS
LOWEST:     30 ON 17,10                            3 = THUNDER
                        SNOW, ICE PELLETS, HAIL    4 = ICE PELLETS
                        TOTAL MONTH:   0.0 INCH    5 = HAIL
                        GRTST 24HR     0.0         6 = FREEZING RAIN OR DRIZZLE
                        GRTST DEPTH:   0           7 = DUSTSTORM OR SANDSTORM:
                                                       VSBY 1/2 MILE OR LESS
                                                   8 = SMOKE OR HAZE
[NO. OF DAYS WITH]      [WEATHER - DAYS WITH]      9 = BLOWING SNOW
                                                   X = TORNADO
MAX 32 OR BELOW:   0    0.01 INCH OR MORE:  10
MAX 90 OR ABOVE:   0    0.10 INCH OR MORE:   5
MIN 32 OR BELOW:   3    0.50 INCH OR MORE:   4
MIN  0 OR BELOW:   0    1.00 INCH OR MORE:   1

[HDD (BASE 65) ]
TOTAL THIS MO.   279    CLEAR  (SCALE 0-3)   2
DPTR FM NORMAL  -118    PTCLDY (SCALE 4-7)   5
TOTAL FM JUL 1   864    CLOUDY (SCALE 8-10) 10
DPTR FM NORMAL  -212

[CDD (BASE 65) ]
TOTAL THIS MO.     0
DPTR FM NORMAL     0    [PRESSURE DATA]
TOTAL FM JAN 1  1669    HIGHEST SLP M ON M
DPTR FM NORMAL   152    LOWEST  SLP M ON M

[REMARKS]
