000
CXUS54 KLZK 181130
CF6MEZ
PRELIMINARY LOCAL CLIMATOLOGICAL DATA (WS FORM: F-6)

                                          STATION:   Mena Airport
                                          MONTH:     OCTOBER
                                          YEAR:      2017
                                          LATITUDE:   34  9 N
                                          LONGITUDE:  94 15 W

  TEMPERATURE IN F:       :PCPN:    SNOW:  WIND      :SUNSHINE: SKY     :PK WND
================================================================================
1   2   3   4   5  6A  6B    7    8   9   10  11  12  13   14  15   16   17  18
                                     12Z  AVG MX 2MIN
DY MAX MIN AVG DEP HDD CDD  WTR  SNW DPTH SPD SPD DIR MIN PSBL S-S WX    SPD DR
================================================================================

 1  88  52  70   5   0   5 0.00  0.0    0  1.7  8  90   M    M   0         M  M
 2  90  64  77  12   0  12 0.00  0.0    0  4.9  9 110   M    M   6         M  M
 3  77  72  75  11   0  10 0.14  0.0    0  1.4  5  90   M    M   9 3       M  M
 4  86  68  77  13   0  12 0.05  0.0    0  0.7  6  90   M    M   6         M  M
 5  88  64  76  12   0  11 0.01  0.0    0  0.2  5 200   M    M   2         M  M
 6  88  61  75  12   0  10 0.00  0.0    0  2.2  7 150   M    M   0         M  M
 7  81  61  71   8   0   6 0.00  0.0    0  2.3  7 250   M    M   4        17 260
 8  90  59  75  12   0  10 0.00  0.0    0  1.0  9 250   M    M   3        16 250
 9  93  59  76  14   0  11 0.00  0.0    0  0.9  7 240   M    M   2         M  M
10  82  52  67   5   0   2 0.01  0.0    0  6.6 13 280   M    M   7        20 330
11  73  46  60  -2   5   0 0.00  0.0    0  1.4  6  70   M    M   1         M  M
12  86  46  66   5   0   1 0.00  0.0    0  0.2  4  80   M    M   0         M  M
13  90  55  73  12   0   8 0.00  0.0    0  1.0  6 200   M    M   1         M  M
14  90  75  83  22   0  18 0.00  0.0    0  2.7  8 210   M    M   1         M  M
15  79  55  67   7   0   2 0.00  0.0    0  8.6 13 330   M    M   3 3      22 330
16  72  41  57  -3   8   0 0.00  0.0    0  2.3  9  50   M    M   0         M  M
17  77  36  57  -3   8   0 0.00  0.0    0  1.1  7 100   M    M   0         M  M
================================================================================
SM 1430  966        21 118  0.21     0.0  39.2          M       45
================================================================================
AV 84.1 56.8                               2.3 FASTST   M    M   3    MAX(MPH)
                                 MISC ---->  # 13 280               # 22  330
================================================================================
NOTES:
# LAST OF SEVERAL OCCURRENCES

COLUMN 17 PEAK WIND IN M.P.H.

PRELIMINARY LOCAL CLIMATOLOGICAL DATA (WS FORM: F-6) , PAGE 2

                                          STATION:  Mena Airport
                                          MONTH:    OCTOBER
                                          YEAR:     2017
                                          LATITUDE:   34  9 N
                                          LONGITUDE:  94 15 W

[TEMPERATURE DATA]      [PRECIPITATION DATA]       SYMBOLS USED IN COLUMN 16

AVERAGE MONTHLY: 70.5   TOTAL FOR MONTH:   0.21    1 = FOG OR MIST
DPTR FM NORMAL:   8.1   DPTR FM NORMAL:   -2.95    2 = FOG REDUCING VISIBILITY
HIGHEST:    93 ON  9    GRTST 24HR  0.14 ON  3- 3      TO 1/4 MILE OR LESS
LOWEST:     36 ON 17                               3 = THUNDER
                        SNOW, ICE PELLETS, HAIL    4 = ICE PELLETS
                        TOTAL MONTH:   0.0 INCH    5 = HAIL
                        GRTST 24HR     0.0         6 = FREEZING RAIN OR DRIZZLE
                        GRTST DEPTH:   0           7 = DUSTSTORM OR SANDSTORM:
                                                       VSBY 1/2 MILE OR LESS
                                                   8 = SMOKE OR HAZE
[NO. OF DAYS WITH]      [WEATHER - DAYS WITH]      9 = BLOWING SNOW
                                                   X = TORNADO
MAX 32 OR BELOW:   0    0.01 INCH OR MORE:   4
MAX 90 OR ABOVE:   5    0.10 INCH OR MORE:   1
MIN 32 OR BELOW:   0    0.50 INCH OR MORE:   0
MIN  0 OR BELOW:   0    1.00 INCH OR MORE:   0

[HDD (BASE 65) ]
TOTAL THIS MO.    21    CLEAR  (SCALE 0-3)  12
DPTR FM NORMAL   -55    PTCLDY (SCALE 4-7)   4
TOTAL FM JUL 1    24    CLOUDY (SCALE 8-10)  1
DPTR FM NORMAL   -83

[CDD (BASE 65) ]
TOTAL THIS MO.   118
DPTR FM NORMAL    86    [PRESSURE DATA]
TOTAL FM JAN 1  2000    HIGHEST SLP M ON M
DPTR FM NORMAL   500    LOWEST  SLP M ON M

[REMARKS]
