000
CXUS54 KBRO 280900
CF6MFE
PRELIMINARY LOCAL CLIMATOLOGICAL DATA (WS FORM: F-6)

                                          STATION:   MCALLEN
                                          MONTH:     APRIL
                                          YEAR:      2016
                                          LATITUDE:   26 10 N
                                          LONGITUDE:  98 14 W

  TEMPERATURE IN F:       :PCPN:    SNOW:  WIND      :SUNSHINE: SKY     :PK WND
================================================================================
1   2   3   4   5  6A  6B    7    8   9   10  11  12  13   14  15   16   17  18
                                     12Z  AVG MX 2MIN
DY MAX MIN AVG DEP HDD CDD  WTR  SNW DPTH SPD SPD DIR MIN PSBL S-S WX    SPD DR
================================================================================

 1  86  64  75   1   0  10    T  0.0    0 13.7 26 350   M    M   5 18     33  30
 2  73  54  64 -10   1   0 0.00  0.0    0  9.5 24 360   M    M   7        31 360
 3  82  51  67  -7   0   2 0.00  0.0    0  5.5 18 140   M    M   0 8      22 140
 4  88  54  71  -4   0   6 0.00  0.0    0  7.4 18 100   M    M   0        23 100
 5  88  60  74  -1   0   9 0.00  0.0    0  9.9 21 130   M    M   1 18     25 120
 6  90  63  77   2   0  12 0.00  0.0    0  7.2 20 150   M    M   0        25 160
 7  87  69  78   3   0  13 0.00  0.0    M  7.3 16 140   M    M   3 18     19 120
 8  88  69  79   4   0  14    T  0.0    0 10.3 22  80   M    M   5        27  80
 9  89  68  79   3   0  14 0.00  0.0    0 15.3 24 130   M    M   7        32 120
10  88  67  78   2   0  13    T  0.0    0 16.1 28 110   M    M   4        38 110
11  92  74  83   7   0  18 0.00  0.0    0 11.7 22 150   M    M   7 18     28 160
12  88  75  82   6   0  17 0.01  0.0    0  9.3 15 100   M    M  10 18     19 110
13  83  74  79   3   0  14 0.01  0.0    0  8.8 18 360   M    M  10 18     23 350
14  91  67  79   3   0  14 0.00  0.0    0  7.5 16  90   M    M   4        21  70
15  86  64  75  -1   0  10 0.00  0.0    0 10.4 20 130   M    M   8 128    24 130
16  90  75  83   6   0  18    T  0.0    0 13.3 21 120   M    M   8 8      25 140
17  94  76  85   8   0  20    T  0.0    0 14.0 22 140   M    M   7 8      27 120
18  95  74  85   8   0  20    T  0.0    0 11.5 31  70   M    M   6 138    41  70
19  93  70  82   5   0  17 0.00  0.0    0  7.7 20 140   M    M   1 1      26 110
20  93  72  83   6   0  18    T  0.0    0 10.0 18 110   M    M   5 3      24  80
21  96  73  85   8   0  20 0.01  0.0    0  8.8 21 110   M    M   5 138    28 110
22  94  74  84   6   0  19 0.00  0.0    0  8.3 20  90   M    M   6 18     25  80
23  93  71  82   4   0  17 0.53  0.0    0  8.6 22 120   M    M   6 13     27 120
24  91  67  79   1   0  14 0.03  0.0    0  9.8 21 130   M    M   4 13     25 130
25  96  76  86   8   0  21 0.00  0.0    0 15.9 24 130   M    M   4 18     30 140
26  95  78  87   9   0  22 0.00  0.0    0 16.5 23 160   M    M   7 8      30 150
27 100  76  88  10   0  23 0.00  0.0    0  9.4 18 360   M    M   4 18     25 340
================================================================================
SM 2429 1855         1 395  0.59     0.0 283.7          M      134
================================================================================
AV 90.0 68.7                              10.5 FASTST   M    M   5    MAX(MPH)
                                 MISC ---->  # 31  70               # 41   70
================================================================================
NOTES:
# LAST OF SEVERAL OCCURRENCES

COLUMN 17 PEAK WIND IN M.P.H.

PRELIMINARY LOCAL CLIMATOLOGICAL DATA (WS FORM: F-6) , PAGE 2

                                          STATION:  MCALLEN
                                          MONTH:    APRIL
                                          YEAR:     2016
                                          LATITUDE:   26 10 N
                                          LONGITUDE:  98 14 W

[TEMPERATURE DATA]      [PRECIPITATION DATA]       SYMBOLS USED IN COLUMN 16

AVERAGE MONTHLY: 79.3   TOTAL FOR MONTH:   0.59    1 = FOG OR MIST
DPTR FM NORMAL:   3.1   DPTR FM NORMAL:   -0.57    2 = FOG REDUCING VISIBILITY
HIGHEST:   100 ON 27    GRTST 24HR  0.56 ON 23-24      TO 1/4 MILE OR LESS
LOWEST:     51 ON  3                               3 = THUNDER
                        SNOW, ICE PELLETS, HAIL    4 = ICE PELLETS
                        TOTAL MONTH:   0.0 INCH    5 = HAIL
                        GRTST 24HR     0.0         6 = FREEZING RAIN OR DRIZZLE
                        GRTST DEPTH:   0           7 = DUSTSTORM OR SANDSTORM:
                                                       VSBY 1/2 MILE OR LESS
                                                   8 = SMOKE OR HAZE
[NO. OF DAYS WITH]      [WEATHER - DAYS WITH]      9 = BLOWING SNOW
                                                   X = TORNADO
MAX 32 OR BELOW:   0    0.01 INCH OR MORE:   5
MAX 90 OR ABOVE:  15    0.10 INCH OR MORE:   1
MIN 32 OR BELOW:   0    0.50 INCH OR MORE:   1
MIN  0 OR BELOW:   0    1.00 INCH OR MORE:   0

[HDD (BASE 65) ]
TOTAL THIS MO.     1    CLEAR  (SCALE 0-3)   6
DPTR FM NORMAL    -2    PTCLDY (SCALE 4-7)  19
TOTAL FM JUL 1   318    CLOUDY (SCALE 8-10)  2
DPTR FM NORMAL  -256

[CDD (BASE 65) ]
TOTAL THIS MO.   395
DPTR FM NORMAL    83    [PRESSURE DATA]
TOTAL FM JAN 1   961    HIGHEST SLP M ON M
DPTR FM NORMAL   272    LOWEST  SLP 29.54 ON 27

[REMARKS]
