000
CXUS53 KGRB 280635
CF6MFI
PRELIMINARY LOCAL CLIMATOLOGICAL DATA (WS FORM: F-6)

                                          STATION:   MARSHFIELD WI
                                          MONTH:     FEBRUARY
                                          YEAR:      2015
                                          LATITUDE:   44 37 N
                                          LONGITUDE:  90 11 W

  TEMPERATURE IN F:       :PCPN:    SNOW:  WIND      :SUNSHINE: SKY     :PK WND
================================================================================
1   2   3   4   5  6A  6B    7    8   9   10  11  12  13   14  15   16   17  18
                                     12Z  AVG MX 2MIN
DY MAX MIN AVG DEP HDD CDD  WTR  SNW DPTH SPD SPD DIR MIN PSBL S-S WX    SPD DR
================================================================================

 1  19   4  12  -4  53   0    T    T    5 14.2 23  70   M    M   8 18     28  70
 2  14 -10   2 -14  63   0 0.00  0.0    5  7.2 14 240   M    M   1        17 240
 3  16  -4   6 -10  59   0 0.03  0.6    5  4.1 10 240   M    M   6 18     13 250
 4  14  -1   7  -9  58   0    T    T    5 10.9 22 310   M    M   4 18     26 320
 5  17 -13   2 -14  63   0 0.00  0.0    5 10.5 28 220   M    M   2        33 220
 6  25   7  16   0  49   0 0.00  0.0    5  5.7 12 250   M    M   4        14 240
 7  31  17  24   7  41   0 0.00  0.0    5  9.3 18 120   M    M   4 18     22 120
 8  28  22  25   8  40   0 0.00  0.0    5  9.5 15  40   M    M  10 1      19  50
 9  25  10  18   1  47   0 0.00  0.0    5  4.9 13  40   M    M   3        15  40
10  24   7  16  -1  49   0 0.08  1.2    6  9.1 18 140   M    M   5 168    24 140
11  26   7  17  -1  48   0    T    T    6 16.6 29 310   M    M   8 18     37 310
12   8  -4   2 -16  63   0 0.00  0.0    6  9.2 21 340   M    M   2 8      25 330
13  23  -6   9  -9  56   0 0.01  0.2    6 10.5 20 300   M    M   7 8      24 310
14  14 -11   2 -16  63   0    T    T    6 18.4 32 340   M    M   2 89     39 340
15   7 -11  -2 -21  67   0 0.00  0.0    6  7.2 13  40   M    M   5        16  40
16  15   6  11  -8  54   0    T    T    6  6.3 15 310   M    M  10 18     19 300
17  11  -1   5 -14  60   0    T    T    6  9.8 20 320   M    M   6 18     22 310
18   0 -13  -6 -26  71   0 0.00  0.0    6 14.7 25 310   M    M   4 8      30 320
19   2 -17  -7 -27  72   0 0.00  0.0    6  6.6 15 320   M    M   0 8      18 310
20  15 -11   2 -18  63   0    M    M    M  9.6 21 180   M    M   8 8      26 180
21  22   4  13  -8  52   0    M    M    M  7.6 16 320   M    M  10 18     18 320
22   6 -10  -2 -23  67   0 0.00  0.0    M 12.9 21 330   M    M   1        26 320
23   9 -18  -4 -25  69   0 0.00  0.0    M 10.5 21 210   M    M   1        27 220
24  30   5  18  -4  47   0    M    M    M 17.9 31 310   M    M   5 18     38 300
25  13  -4   5 -17  60   0 0.00  0.0    M  6.9 14  10   M    M   5        19  10
26   9  -9   0 -22  65   0 0.00  0.0    M  8.6 20 330   M    M   1        23 330
27  14 -11   2 -21  63   0 0.00  0.0    M  7.4 14 280   M    M   0        17 290
================================================================================
SM  437  -65      1562   0  0.12     2.0 266.1          M      122
================================================================================
AV 16.2 -2.4                               9.9 FASTST   M    M   5    MAX(MPH)
                                 MISC ---->  # 32 340               # 39  340
================================================================================
NOTES:
# LAST OF SEVERAL OCCURRENCES

COLUMN 17 PEAK WIND IN M.P.H.

PRELIMINARY LOCAL CLIMATOLOGICAL DATA (WS FORM: F-6) , PAGE 2

                                          STATION:  MARSHFIELD WI
                                          MONTH:    FEBRUARY
                                          YEAR:     2015
                                          LATITUDE:   44 37 N
                                          LONGITUDE:  90 11 W

[TEMPERATURE DATA]      [PRECIPITATION DATA]       SYMBOLS USED IN COLUMN 16

AVERAGE MONTHLY:  6.9   TOTAL FOR MONTH:   0.12    1 = FOG OR MIST
DPTR FM NORMAL: -11.8   DPTR FM NORMAL:    0.03    2 = FOG REDUCING VISIBILITY
HIGHEST:    31 ON  7    GRTST 24HR  0.08 ON 10-10      TO 1/4 MILE OR LESS
LOWEST:    -18 ON 23                               3 = THUNDER
                        SNOW, ICE PELLETS, HAIL    4 = ICE PELLETS
                        TOTAL MONTH:   2.0 INCHES  5 = HAIL
                        GRTST 24HR   1.2 ON   M    6 = FREEZING RAIN OR DRIZZLE
                        GRTST DEPTH:   6 ON 19,18  7 = DUSTSTORM OR SANDSTORM:
                                                       VSBY 1/2 MILE OR LESS
                                                   8 = SMOKE OR HAZE
[NO. OF DAYS WITH]      [WEATHER - DAYS WITH]      9 = BLOWING SNOW
                                                   X = TORNADO
MAX 32 OR BELOW:  27    0.01 INCH OR MORE:   3
MAX 90 OR ABOVE:   0    0.10 INCH OR MORE:   0
MIN 32 OR BELOW:  27    0.50 INCH OR MORE:   0
MIN  0 OR BELOW:  17    1.00 INCH OR MORE:   0

[HDD (BASE 65) ]
TOTAL THIS MO.  1562    CLEAR  (SCALE 0-3)   9
DPTR FM NORMAL   313    PTCLDY (SCALE 4-7)  14
TOTAL FM JUL 1  6378    CLOUDY (SCALE 8-10)  4
DPTR FM NORMAL   301

[CDD (BASE 65) ]
TOTAL THIS MO.     0
DPTR FM NORMAL     0    [PRESSURE DATA]
TOTAL FM JAN 1     0    HIGHEST SLP M ON M
DPTR FM NORMAL     0    LOWEST  SLP 29.51 ON 24

[REMARKS]
