000
CXUS51 KPBZ 230804
CF6MGW
PRELIMINARY LOCAL CLIMATOLOGICAL DATA (WS FORM: F-6)

                                          STATION:   MORGANTOWN WV
                                          MONTH:     OCTOBER
                                          YEAR:      2017
                                          LATITUDE:   39 39 N
                                          LONGITUDE:  79 55 W

  TEMPERATURE IN F:       :PCPN:    SNOW:  WIND      :SUNSHINE: SKY     :PK WND
================================================================================
1   2   3   4   5  6A  6B    7    8   9   10  11  12  13   14  15   16   17  18
                                     12Z  AVG MX 2MIN
DY MAX MIN AVG DEP HDD CDD  WTR  SNW DPTH SPD SPD DIR MIN PSBL S-S WX    SPD DR
================================================================================

 1  72  40  56  -3   9   0 0.00  0.0    0  2.8  9 120   M    M   0        12 100
 2  78  42  60   1   5   0 0.00  0.0    0  3.6  9  20   M    M   0        13  30
 3  81  46  64   6   1   0 0.00  0.0    0  1.8  8 190   M    M   0        12 210
 4  81  47  64   6   1   0 0.00  0.0    0  3.1 10 190   M    M   0 8      15 250
 5  73  59  66   8   0   1 0.09  0.0    0  2.4  9 200   M    M   7 12     13 190
 6  76  55  66   9   0   1 0.00  0.0    0  1.2  7 240   M    M   5 12     11 170
 7  85  60  73  16   0   8 0.00  0.0    M  5.7 14 170   M    M   1        21 160
 8  77  68  73  16   0   8 0.27  0.0    0  5.2 12 210   M    M   8 1      18 180
 9  79  68  74  18   0   9 0.38    M    M  5.1 13 220   M    M   9 1      19 210
10  82  66  74  18   0   9 0.01  0.0    0  2.4  9 360   M    M   6 1      12 350
11  80  65  73  17   0   8 0.20  0.0    0  3.8 12 180   M    M   7 18     17 210
12  73  61  67  12   0   2 0.00  0.0    0  5.4 17 120   M    M   7 18     25 110
13  77  59  68  13   0   3 0.00  0.0    0  7.0 14 130   M    M   4        22 140
14  80  54  67  12   0   2 0.00    M    M  1.9  8 210   M    M   0        11 230
15  80  56  68  14   0   3 0.28    M    M  6.7 17 300   M    M   5 1      29 290
16  59  41  50  -4  15   0 0.03    M    M  4.2 16 360   M    M   7 8      19 350
17  61  35  48  -6  17   0 0.00    M    M  2.0  8 210   M    M   M        12 220
18  73  39  56   2   9   0 0.00  0.0    M  1.7  9  80   M    M   0        13  90
19  71  40  56   3   9   0 0.00  0.0    0  3.8 13 200   M    M   0        22 200
20  72  47  60   7   5   0 0.00  0.0    0  1.3  5  10   M    M   0         M  M
21  78  43  61   8   4   0 0.00  0.0    M  1.9 10 160   M    M   0        12 160
22  80  49  65  13   0   0 0.00  0.0    0  3.5 13 120   M    M   0        16 130
================================================================================
SM 1668 1140        75  54  1.26     0.0  76.5          M       66
================================================================================
AV 75.8 51.8                               3.5 FASTST   M    M   3    MAX(MPH)
                                 MISC ---->  # 17 120               # 29  290
================================================================================
NOTES:
# LAST OF SEVERAL OCCURRENCES

COLUMN 17 PEAK WIND IN M.P.H.

PRELIMINARY LOCAL CLIMATOLOGICAL DATA (WS FORM: F-6) , PAGE 2

                                          STATION:  MORGANTOWN WV
                                          MONTH:    OCTOBER
                                          YEAR:     2017
                                          LATITUDE:   39 39 N
                                          LONGITUDE:  79 55 W

[TEMPERATURE DATA]      [PRECIPITATION DATA]       SYMBOLS USED IN COLUMN 16

AVERAGE MONTHLY: 63.8   TOTAL FOR MONTH:   1.26    1 = FOG OR MIST
DPTR FM NORMAL:   8.2   DPTR FM NORMAL:   -0.70    2 = FOG REDUCING VISIBILITY
HIGHEST:    85 ON  7    GRTST 24HR  0.38 ON  9- 9      TO 1/4 MILE OR LESS
LOWEST:     35 ON 17                               3 = THUNDER
                        SNOW, ICE PELLETS, HAIL    4 = ICE PELLETS
                        TOTAL MONTH:   0.0 INCH    5 = HAIL
                        GRTST 24HR     0.0         6 = FREEZING RAIN OR DRIZZLE
                        GRTST DEPTH:   0           7 = DUSTSTORM OR SANDSTORM:
                                                       VSBY 1/2 MILE OR LESS
                                                   8 = SMOKE OR HAZE
[NO. OF DAYS WITH]      [WEATHER - DAYS WITH]      9 = BLOWING SNOW
                                                   X = TORNADO
MAX 32 OR BELOW:   0    0.01 INCH OR MORE:   7
MAX 90 OR ABOVE:   0    0.10 INCH OR MORE:   4
MIN 32 OR BELOW:   0    0.50 INCH OR MORE:   0
MIN  0 OR BELOW:   0    1.00 INCH OR MORE:   0

[HDD (BASE 65) ]
TOTAL THIS MO.    75    CLEAR  (SCALE 0-3)  11
DPTR FM NORMAL  -143    PTCLDY (SCALE 4-7)   9
TOTAL FM JUL 1   142    CLOUDY (SCALE 8-10)  1
DPTR FM NORMAL  -173

[CDD (BASE 65) ]
TOTAL THIS MO.    54
DPTR FM NORMAL    44    [PRESSURE DATA]
TOTAL FM JAN 1   919    HIGHEST SLP M ON M
DPTR FM NORMAL   108    LOWEST  SLP 29.70 ON  9

[REMARKS]
