000
CXUS56 KMFR 271000
CF6MHS
PRELIMINARY LOCAL CLIMATOLOGICAL DATA (WS FORM: F-6)

                                          STATION:   MT SHASTA CITY CA
                                          MONTH:     APRIL
                                          YEAR:      2017
                                          LATITUDE:   41 19 N
                                          LONGITUDE: 122 19 W

  TEMPERATURE IN F:       :PCPN:    SNOW:  WIND      :SUNSHINE: SKY     :PK WND
================================================================================
1   2   3   4   5  6A  6B    7    8   9   10  11  12  13   14  15   16   17  18
                                     12Z  AVG MX 2MIN
DY MAX MIN AVG DEP HDD CDD  WTR  SNW DPTH SPD SPD DIR MIN PSBL S-S WX    SPD DR
================================================================================

 1  69  39  54   9  11   0 0.00    M    M  6.4 14 330   M    M   0        26 320
 2  62  40  51   6  14   0 0.00    M    M  7.8 15 320   M    M   1        27 340
 3  62  35  49   4  16   0 0.00    M    M  4.8 14 300   M    M   0        31 330
 4  64  40  52   7  13   0 0.00    M    M  1.7 10  60   M    M   4        15  60
 5  61  41  51   6  14   0 0.14    M    M  1.5 10 100   M    M   6 1      17  90
 6  43  33  38  -7  27   0 3.37    M    M  4.2 12 100   M    M  10 1      20  90
 7  51  33  42  -4  23   0 0.27    M    M  2.5  9 210   M    M   9 1      21 140
 8  48  30  39  -7  26   0 0.00    M    M  0.9  7 210   M    M   5        10 290
 9  50  29  40  -6  25   0 0.18    M    M  2.4  9 100   M    M   7 1      17  90
10  51  34  43  -3  22   0 0.02    M    M  0.9  8  90   M    M   5 1      12 110
11  45  38  42  -4  23   0 1.16    M    M  3.6 10 120   M    M  10 1      23 130
12  48  33  41  -5  24   0 1.73    M    M  3.7 13 100   M    M   8 1      24  80
13  51  30  41  -5  24   0 0.11    M    M  1.5 10  50   M    M   7 18     17 310
14  49  25  37 -10  28   0    T    M    M  1.2  8 350   M    M   3        12 360
15  62  27  45  -2  20   0 0.00    M    M  1.9  9 320   M    M   0 18     15 300
16  55  35  45  -2  20   0 0.37    M    M  2.3  8 100   M    M   0 1      17 130
17  51  39  45  -2  20   0 0.42    M    M  2.1  8 100   M    M   4 1      17 140
18  59  41  50   2  15   0 0.08    M    M  0.6  7 100   M    M   6 1      12 140
19  54  38  46  -2  19   0 0.56    M    M  2.1  8 130   M    M   8 1      17 140
20  58  33  46  -2  19   0 0.00    M    M  2.2  9 300   M    M   5 1      16 310
21  69  30  50   2  15   0 0.00    M    M  1.2  8 300   M    M   0        11 310
22  62  43  53   5  12   0 0.01    M    M  3.0  9  90   M    M   3        19  90
23  61  34  48  -1  17   0 0.00    M    M  2.6  8  60   M    M   5        13 230
24  56  41  49   0  16   0    T    M    M  3.7 12 100   M    M   7        18  90
25  57  36  47  -2  18   0 0.01    M    M  1.8  8  90   M    M   8        14 140
26  61  44  53   4  12   0 0.05    M    M  3.7 14 350   M    M   7 1      23 330
================================================================================
SM 1459  921       493   0  8.48    M     70.3          M      128
================================================================================
AV 56.1 35.4                               2.7 FASTST   M    M   5    MAX(MPH)
                                 MISC ---->  # 15 320               # 31  330
================================================================================
NOTES:
# LAST OF SEVERAL OCCURRENCES

COLUMN 17 PEAK WIND IN M.P.H.

PRELIMINARY LOCAL CLIMATOLOGICAL DATA (WS FORM: F-6) , PAGE 2

                                          STATION:  MT SHASTA CITY CA
                                          MONTH:    APRIL
                                          YEAR:     2017
                                          LATITUDE:   41 19 N
                                          LONGITUDE: 122 19 W

[TEMPERATURE DATA]      [PRECIPITATION DATA]       SYMBOLS USED IN COLUMN 16

AVERAGE MONTHLY: 45.8   TOTAL FOR MONTH:   8.48    1 = FOG OR MIST
DPTR FM NORMAL:  -1.0   DPTR FM NORMAL:    5.85    2 = FOG REDUCING VISIBILITY
HIGHEST:    69 ON 21, 1 GRTST 24HR  3.37 ON  6- 6      TO 1/4 MILE OR LESS
LOWEST:     25 ON 14                               3 = THUNDER
                        SNOW, ICE PELLETS, HAIL    4 = ICE PELLETS
                        TOTAL MONTH:    M          5 = HAIL
                        GRTST 24HR    M  ON   M    6 = FREEZING RAIN OR DRIZZLE
                        GRTST DEPTH:  M  ON   M    7 = DUSTSTORM OR SANDSTORM:
                                                       VSBY 1/2 MILE OR LESS
                                                   8 = SMOKE OR HAZE
[NO. OF DAYS WITH]      [WEATHER - DAYS WITH]      9 = BLOWING SNOW
                                                   X = TORNADO
MAX 32 OR BELOW:   0    0.01 INCH OR MORE:  15
MAX 90 OR ABOVE:   0    0.10 INCH OR MORE:  10
MIN 32 OR BELOW:   6    0.50 INCH OR MORE:   4
MIN  0 OR BELOW:   0    1.00 INCH OR MORE:   3

[HDD (BASE 65) ]
TOTAL THIS MO.   493    CLEAR  (SCALE 0-3)   7
DPTR FM NORMAL    17    PTCLDY (SCALE 4-7)  14
TOTAL FM JUL 1  5019    CLOUDY (SCALE 8-10)  5
DPTR FM NORMAL  -136

[CDD (BASE 65) ]
TOTAL THIS MO.     0
DPTR FM NORMAL     0    [PRESSURE DATA]
TOTAL FM JAN 1     0    HIGHEST SLP  0.00 ON 21
DPTR FM NORMAL     0    LOWEST  SLP  0.00 ON 21

[REMARKS]
