000
CXUS56 KMFR 301000
CF6MHS
PRELIMINARY LOCAL CLIMATOLOGICAL DATA (WS FORM: F-6)

                                          STATION:   MT SHASTA CITY CA
                                          MONTH:     JUNE
                                          YEAR:      2015
                                          LATITUDE:   41 19 N
                                          LONGITUDE: 122 19 W

  TEMPERATURE IN F:       :PCPN:    SNOW:  WIND      :SUNSHINE: SKY     :PK WND
================================================================================
1   2   3   4   5  6A  6B    7    8   9   10  11  12  13   14  15   16   17  18
                                     12Z  AVG MX 2MIN
DY MAX MIN AVG DEP HDD CDD  WTR  SNW DPTH SPD SPD DIR MIN PSBL S-S WX    SPD DR
================================================================================

 1  66  50  58   0   7   0 0.18    M    M  1.1  7 140   M    M   8 18     14 140
 2  72  46  59   1   6   0 0.00    M    M  2.3  8 340   M    M   7        14 330
 3  74  47  61   2   4   0    T    M    M  4.5 13 340   M    M   4        21 350
 4  71  51  61   2   4   0 0.02    M    M  3.8 12 280   M    M   6        22 290
 5  81  52  67   8   0   2 0.00    M    M  5.7 10 300   M    M   2        19 350
 6  87  56  72  13   0   7 0.00    M    M  3.6 12 300   M    M   1        18 300
 7  92  51  72  12   0   7 0.00    M    M  1.4  7 270   M    M   0        13 360
 8  95  53  74  14   0   9 0.00    M    M  0.7  7 220   M    M   1 8      13 230
 9  91  58  75  15   0  10 0.03    M    M  1.9 10 290   M    M   3        19 290
10  87  57  72  12   0   7 0.00    M    M  2.7 10 320   M    M   0        19 340
11  87  50  69   9   0   4 0.00    M    M  4.3 12 290   M    M   0        21 320
12  92  58  75  14   0  10 0.00    M    M  5.0 10 330   M    M   0        20 300
13  86  54  70   9   0   5 0.00    M    M  4.3 12 350   M    M   0 8      19 330
14  90  49  70   9   0   5 0.00    M    M  1.4  8 300   M    M   1        12 310
15  89  48  69   8   0   4 0.00    M    M  1.2  8  80   M    M   1        14 100
16  89  50  70   8   0   5 0.00    M    M  1.8  6 360   M    M   0        11  90
17  90  51  71   9   0   6 0.00    M    M  1.2  7 140   M    M   0        14  90
18  88  52  70   8   0   5 0.00    M    M  1.2  8  90   M    M   0        16 140
19  84  49  67   5   0   2 0.00    M    M  2.5  9 300   M    M   0        15 310
20  87  49  68   6   0   3 0.00    M    M  0.7  6 140   M    M   0        13 140
21  82  54  68   5   0   3 0.00    M    M  1.5  8  90   M    M   1        14 140
22  85  48  67   4   0   2 0.00    M    M  1.7  7 310   M    M   0 8      14 330
23  89  50  70   7   0   5 0.00    M    M  2.6  8 340   M    M   0        14 330
24  91  53  72   8   0   7 0.00    M    M  3.3 12 350   M    M   0        21 340
25  95  57  76  12   0  11 0.00    M    M  3.2 12 300   M    M   0        18 290
26  99  57  78  14   0  13 0.00    M    M  0.7  7  60   M    M   0        11 140
27  97  57  77  13   0  12 0.00    M    M  0.6  6  90   M    M   0        11  90
28  91  58  75  10   0  10 0.00    M    M  0.3  6  60   M    M   2        14 140
29  94  52  73   8   0   8 0.00    M    M  1.1  7 130   M    M   0        12 130
================================================================================
SM 2521 1517        21 162  0.23    M     66.3          M       37
================================================================================
AV 86.9 52.3                               2.3 FASTST   M    M   1    MAX(MPH)
                                 MISC ---->  # 13 340               # 22  290
================================================================================
NOTES:
# LAST OF SEVERAL OCCURRENCES

COLUMN 17 PEAK WIND IN M.P.H.

PRELIMINARY LOCAL CLIMATOLOGICAL DATA (WS FORM: F-6) , PAGE 2

                                          STATION:  MT SHASTA CITY CA
                                          MONTH:    JUNE
                                          YEAR:     2015
                                          LATITUDE:   41 19 N
                                          LONGITUDE: 122 19 W

[TEMPERATURE DATA]      [PRECIPITATION DATA]       SYMBOLS USED IN COLUMN 16

AVERAGE MONTHLY: 69.6   TOTAL FOR MONTH:   0.23    1 = FOG OR MIST
DPTR FM NORMAL:   8.2   DPTR FM NORMAL:   -0.95    2 = FOG REDUCING VISIBILITY
HIGHEST:    99 ON 26    GRTST 24HR  0.18 ON  1- 1      TO 1/4 MILE OR LESS
LOWEST:     46 ON  2                               3 = THUNDER
                        SNOW, ICE PELLETS, HAIL    4 = ICE PELLETS
                        TOTAL MONTH:    M          5 = HAIL
                        GRTST 24HR    M  ON   M    6 = FREEZING RAIN OR DRIZZLE
                        GRTST DEPTH:  M  ON   M    7 = DUSTSTORM OR SANDSTORM:
                                                       VSBY 1/2 MILE OR LESS
                                                   8 = SMOKE OR HAZE
[NO. OF DAYS WITH]      [WEATHER - DAYS WITH]      9 = BLOWING SNOW
                                                   X = TORNADO
MAX 32 OR BELOW:   0    0.01 INCH OR MORE:   3
MAX 90 OR ABOVE:  12    0.10 INCH OR MORE:   1
MIN 32 OR BELOW:   0    0.50 INCH OR MORE:   0
MIN  0 OR BELOW:   0    1.00 INCH OR MORE:   0

[HDD (BASE 65) ]
TOTAL THIS MO.    21    CLEAR  (SCALE 0-3)  25
DPTR FM NORMAL  -118    PTCLDY (SCALE 4-7)   4
TOTAL FM JUL 1  4170    CLOUDY (SCALE 8-10)  0
DPTR FM NORMAL -1521

[CDD (BASE 65) ]
TOTAL THIS MO.   162
DPTR FM NORMAL   124    [PRESSURE DATA]
TOTAL FM JAN 1   167    HIGHEST SLP M ON M
DPTR FM NORMAL   121    LOWEST  SLP  0.00 ON 14

[REMARKS]
