000
CXUS53 KIND 250730
CF6MIE
PRELIMINARY LOCAL CLIMATOLOGICAL DATA (WS FORM: F-6)

                                          STATION:   MUNCIE IN
                                          MONTH:     AUGUST
                                          YEAR:      2016
                                          LATITUDE:   40 13 N
                                          LONGITUDE:  85 23 W

  TEMPERATURE IN F:       :PCPN:    SNOW:  WIND      :SUNSHINE: SKY     :PK WND
================================================================================
1   2   3   4   5  6A  6B    7    8   9   10  11  12  13   14  15   16   17  18
                                     12Z  AVG MX 2MIN
DY MAX MIN AVG DEP HDD CDD  WTR  SNW DPTH SPD SPD DIR MIN PSBL S-S WX    SPD DR
================================================================================

 1  89  65  77   3   0  12 0.00    M    M  1.1  8  70   M    M   3 128    10  90
 2  91  65  78   5   0  13 0.00    M    M  3.3 10 360   M    M   0 18     15 350
 3  92  64  78   5   0  13 0.00    M    M  2.2 10 110   M    M   2        18  80
 4  92  66  79   6   0  14 0.89    M    M  2.9 14  40   M    M   2 38     20 150
 5  89  73  81   8   0  16 0.00    M    M  7.7 17 260   M    M   4 18     23 260
 6  86  66  76   3   0  11 0.00    M    M  4.2 10 350   M    M   4        13 360
 7  88  62  75   2   0  10 0.00    M    M  4.8 13  40   M    M   3        15  40
 8  87  64  76   3   0  11 0.00    M    M  7.6 16  80   M    M   1        19  80
 9  92  65  79   6   0  14 0.00    M    M  2.7 10 270   M    M   2        17 260
10  86  74  80   7   0  15 0.39    M    M  4.1 15 330   M    M   6 13     18 210
11  90  76  83  10   0  18 0.15    M    M  8.1 18 290   M    M   3 138    23 210
12  89  77  83  10   0  18 0.25    M    M  8.1 17 240   M    M   4 18     26 240
13  82  75  79   6   0  14 2.45    M    M  9.3 20 290   M    M   8 13     26 290
14  75  71  73   0   0   8 0.23    M    M  4.4 10 220   M    M   7 1      14 210
15  76  71  74   1   0   9 0.86    M    M  6.8 13 170   M    M   8 18     20 170
16  81  73  77   4   0  12 0.48    M    M  8.7 20 210   M    M   7 18     31 190
17  84  72  78   5   0  13 0.00    M    M  4.9 12 260   M    M   6 1      14 270
18  85  70  78   5   0  13    T    M    M  4.6 15 210   M    M   5 1238   21 210
19  84  69  77   4   0  12 0.94    M    M  5.3 25 290   M    M   3 138    35 290
20  81  68  75   3   0  10 0.81    M    M  7.3 20 270   M    M   3 13     26 280
21  77  62  70  -2   0   5 0.00    M    M  7.8 18 300   M    M   2        25 320
22  79  55  67  -5   0   2 0.00    M    M  1.6  9 250   M    M   1        15 340
23  81  57  69  -3   0   4 0.00    M    M  4.6 13 230   M    M   2        19 200
24  85  69  77   5   0  12 0.15    M    M  8.8 17 190   M    M   3 13     25 220
================================================================================
SM 2041 1629         0 279  7.60    M    130.9          M       89
================================================================================
AV 85.0 67.9                               5.5 FASTST   M    M   4    MAX(MPH)
                                 MISC ---->  # 25 290               # 35  290
================================================================================
NOTES:
# LAST OF SEVERAL OCCURRENCES

COLUMN 17 PEAK WIND IN M.P.H.

PRELIMINARY LOCAL CLIMATOLOGICAL DATA (WS FORM: F-6) , PAGE 2

                                          STATION:  MUNCIE IN
                                          MONTH:    AUGUST
                                          YEAR:     2016
                                          LATITUDE:   40 13 N
                                          LONGITUDE:  85 23 W

[TEMPERATURE DATA]      [PRECIPITATION DATA]       SYMBOLS USED IN COLUMN 16

AVERAGE MONTHLY: 76.5   TOTAL FOR MONTH:   7.60    1 = FOG OR MIST
DPTR FM NORMAL:   3.6   DPTR FM NORMAL:    5.07    2 = FOG REDUCING VISIBILITY
HIGHEST:    92 ON  9, 4 GRTST 24HR  2.64 ON 13-14      TO 1/4 MILE OR LESS
LOWEST:     55 ON 22                               3 = THUNDER
                        SNOW, ICE PELLETS, HAIL    4 = ICE PELLETS
                        TOTAL MONTH:    M          5 = HAIL
                        GRTST 24HR    M  ON   M    6 = FREEZING RAIN OR DRIZZLE
                        GRTST DEPTH:  M  ON   M    7 = DUSTSTORM OR SANDSTORM:
                                                       VSBY 1/2 MILE OR LESS
                                                   8 = SMOKE OR HAZE
[NO. OF DAYS WITH]      [WEATHER - DAYS WITH]      9 = BLOWING SNOW
                                                   X = TORNADO
MAX 32 OR BELOW:   0    0.01 INCH OR MORE:  11
MAX 90 OR ABOVE:   5    0.10 INCH OR MORE:  11
MIN 32 OR BELOW:   0    0.50 INCH OR MORE:   5
MIN  0 OR BELOW:   0    1.00 INCH OR MORE:   1

[HDD (BASE 65) ]
TOTAL THIS MO.     0    CLEAR  (SCALE 0-3)  11
DPTR FM NORMAL     0    PTCLDY (SCALE 4-7)  12
TOTAL FM JUL 1     3    CLOUDY (SCALE 8-10)  1
DPTR FM NORMAL     0

[CDD (BASE 65) ]
TOTAL THIS MO.   279
DPTR FM NORMAL    87    [PRESSURE DATA]
TOTAL FM JAN 1  1007    HIGHEST SLP M ON M
DPTR FM NORMAL   222    LOWEST  SLP 29.64 ON 20

[REMARKS]
