000
CXUS55 KEAX 230736
CF6MKC
PRELIMINARY LOCAL CLIMATOLOGICAL DATA (WS FORM: F-6)

                                          STATION:   Downtown Kansas City MO
                                          MONTH:     OCTOBER
                                          YEAR:      2017
                                          LATITUDE:   39  7 N
                                          LONGITUDE:  94 36 W

  TEMPERATURE IN F:       :PCPN:    SNOW:  WIND      :SUNSHINE: SKY     :PK WND
================================================================================
1   2   3   4   5  6A  6B    7    8   9   10  11  12  13   14  15   16   17  18
                                     12Z  AVG MX 2MIN
DY MAX MIN AVG DEP HDD CDD  WTR  SNW DPTH SPD SPD DIR MIN PSBL S-S WX    SPD DR
================================================================================

 1  79  65  72   8   0   7    T    M    M  9.8 16 180   M    M   3        26 180
 2  87  69  78  15   0  13 0.00    M    M 13.7 23 200   M    M   1        29 170
 3  86  72  79  16   0  14 0.00    M    M 11.8 23 170   M    M   4        31 170
 4  72  61  67   4   0   2 0.32    M    M  6.7 13  20   M    M  10 1      16  30
 5  77  63  70   8   0   5 0.03    M    M  6.8 14 200   M    M   9 1      18 200
 6  78  69  74  12   0   9 0.62    M    M 10.5 22 180   M    M   6 13     35 170
 7  76  60  68   6   0   3 0.42    M    M 10.5 28 240   M    M   5 13     40 250
 8  81  54  68   7   0   3 0.00    M    M  3.9 14 170   M    M   0        18 170
 9  81  53  67   6   0   2 0.02    M    M  7.6 18  20   M    M   1 3      24  40
10  56  47  52  -8  13   0 0.29    M    M 11.1 20 360   M    M   9 13     24 350
11  65  45  55  -5  10   0 0.00    M    M  4.2 10 310   M    M   5        14 330
12  73  50  62   2   3   0 0.00    M    M  7.0 14 130   M    M   4 1      19 130
13  85  63  74  15   0   9 0.00    M    M  5.9 15 200   M    M   3        21 160
14  84  57  71  12   0   6 1.15    M    M  9.4 45 260   M    M   4 13     64 280
15  62  47  55  -4  10   0 0.00    M    M  8.7 23 310   M    M   3        33 300
16  70  42  56  -2   9   0 0.00    M    M  5.8 14 230   M    M   0        17 210
17  73  50  62   4   3   0 0.00    M    M 10.4 20 200   M    M   0        26 200
18  76  52  64   6   1   0 0.00    M    M  9.6 21 200   M    M   0        29 210
19  82  52  67  10   0   2 0.00    M    M  6.4 16 170   M    M   0        21 170
20  76  58  67  10   0   2 0.00    M    M 12.0 24 170   M    M   0        34 200
21  78  53  66   9   0   1 0.73    M    M 12.6 24 200   M    M   8 13     33 200
22  67  48  58   2   7   0 0.77    M    M  5.8 13 330   M    M   3 13     17  40
================================================================================
SM 1664 1230        56  78  4.35    M    190.2          M       78
================================================================================
AV 75.6 55.9                               8.6 FASTST   M    M   4    MAX(MPH)
                                 MISC ---->  # 45 260               # 64  280
================================================================================
NOTES:
# LAST OF SEVERAL OCCURRENCES

COLUMN 17 PEAK WIND IN M.P.H.

PRELIMINARY LOCAL CLIMATOLOGICAL DATA (WS FORM: F-6) , PAGE 2

                                          STATION:  Downtown Kansas City MO
                                          MONTH:    OCTOBER
                                          YEAR:     2017
                                          LATITUDE:   39  7 N
                                          LONGITUDE:  94 36 W

[TEMPERATURE DATA]      [PRECIPITATION DATA]       SYMBOLS USED IN COLUMN 16

AVERAGE MONTHLY: 65.8   TOTAL FOR MONTH:   4.35    1 = FOG OR MIST
DPTR FM NORMAL:   5.8   DPTR FM NORMAL:    1.72    2 = FOG REDUCING VISIBILITY
HIGHEST:    87 ON  2    GRTST 24HR  1.15 ON 14-14      TO 1/4 MILE OR LESS
LOWEST:     42 ON 16                               3 = THUNDER
                        SNOW, ICE PELLETS, HAIL    4 = ICE PELLETS
                        TOTAL MONTH:    M          5 = HAIL
                        GRTST 24HR    M  ON   M    6 = FREEZING RAIN OR DRIZZLE
                        GRTST DEPTH:  M  ON   M    7 = DUSTSTORM OR SANDSTORM:
                                                       VSBY 1/2 MILE OR LESS
                                                   8 = SMOKE OR HAZE
[NO. OF DAYS WITH]      [WEATHER - DAYS WITH]      9 = BLOWING SNOW
                                                   X = TORNADO
MAX 32 OR BELOW:   0    0.01 INCH OR MORE:   9
MAX 90 OR ABOVE:   0    0.10 INCH OR MORE:   7
MIN 32 OR BELOW:   0    0.50 INCH OR MORE:   4
MIN  0 OR BELOW:   0    1.00 INCH OR MORE:   1

[HDD (BASE 65) ]
TOTAL THIS MO.    56    CLEAR  (SCALE 0-3)  12
DPTR FM NORMAL   -87    PTCLDY (SCALE 4-7)   6
TOTAL FM JUL 1    62    CLOUDY (SCALE 8-10)  4
DPTR FM NORMAL  -124

[CDD (BASE 65) ]
TOTAL THIS MO.    78
DPTR FM NORMAL    44    [PRESSURE DATA]
TOTAL FM JAN 1  1699    HIGHEST SLP  0.00 ON M
DPTR FM NORMAL    33    LOWEST  SLP  0.00 ON M

[REMARKS]
