000
CXUS53 KMKX 190900
CF6MKE
PRELIMINARY LOCAL CLIMATOLOGICAL DATA (WS FORM: F-6)

                                          STATION:   MILWAUKEE  WI
                                          MONTH:     FEBRUARY
                                          YEAR:      2018
                                          LATITUDE:   42 57 N
                                          LONGITUDE:  87 54 W

  TEMPERATURE IN F:       :PCPN:    SNOW:  WIND      :SUNSHINE: SKY     :PK WND
================================================================================
1   2   3   4   5  6A  6B    7    8   9   10  11  12  13   14  15   16   17  18
                                     12Z  AVG MX 2MIN
DY MAX MIN AVG DEP HDD CDD  WTR  SNW DPTH SPD SPD DIR MIN PSBL S-S WX    SPD DR
================================================================================

 1  36   6  21  -2  44   0 0.00  0.0    0 16.3 29 310   M    M   3        40 300
 2  20   4  12 -11  53   0 0.00  0.0    0  9.8 16 300   M    M   3        23 280
 3  37  20  29   6  36   0 0.09  1.2    0  9.6 21 230   M    M  10 1      28 210
 4  32   3  18  -5  47   0 0.26  3.1    2 15.1 24 350   M    M   7 19     34 350
 5  13  -4   5 -19  60   0 0.13  1.2    3  9.2 16 250   M    M   6 1      23 230
 6  20   8  14 -10  51   0    T    T    3  5.4 13 300   M    M   7        17 290
 7  19   8  14 -10  51   0 0.07  0.8    3  6.9 14 300   M    M   7 1      20 300
 8  22   5  14 -10  51   0 0.05  0.6    3  7.7 14 230   M    M   7 1      21 270
 9  24  13  19  -5  46   0 0.25  4.8    7 10.7 20 360   M    M   9 18     28  10
10  22  12  17  -7  48   0 0.01  0.2    6  6.0 15 330   M    M   9 8      18 330
11  25  16  21  -4  44   0 0.31  4.3    8  9.4 16 300   M    M   7 18     22 300
12  23   9  16  -9  49   0 0.00  0.0    9  5.6 15 300   M    M   4 8      22 310
13  33  10  22  -3  43   0 0.00  0.0    8  6.0 18 170   M    M   5        23 180
14  44  24  34   8  31   0    T  0.0    7 10.4 24 220   M    M   4 18     34 220
15  47  34  41  15  24   0 0.00  0.0    2  8.4 23 240   M    M  10 18     34 250
16  35  19  27   1  38   0    T    T    T  9.9 18 300   M    M   5        25 310
17  33  18  26   0  39   0 0.01  0.3    T  9.1 18 290   M    M   7 1      28 280
18  39  21  30   3  35   0 0.00  0.0    T 10.2 24 160   M    M   5 1      34 180
================================================================================
SM  524  226       790   0  1.18    16.5 165.7          M      115
================================================================================
AV 29.1 12.6                               9.2 FASTST   M    M   6    MAX(MPH)
                                 MISC ---->  # 29 310               # 40  300
================================================================================
NOTES:
# LAST OF SEVERAL OCCURRENCES

COLUMN 17 PEAK WIND IN M.P.H.

PRELIMINARY LOCAL CLIMATOLOGICAL DATA (WS FORM: F-6) , PAGE 2

                                          STATION:  MILWAUKEE  WI
                                          MONTH:    FEBRUARY
                                          YEAR:     2018
                                          LATITUDE:   42 57 N
                                          LONGITUDE:  87 54 W

[TEMPERATURE DATA]      [PRECIPITATION DATA]       SYMBOLS USED IN COLUMN 16

AVERAGE MONTHLY: 20.8   TOTAL FOR MONTH:   1.18    1 = FOG OR MIST
DPTR FM NORMAL:  -3.7   DPTR FM NORMAL:    0.17    2 = FOG REDUCING VISIBILITY
HIGHEST:    47 ON 15    GRTST 24HR  0.31 ON 11-11      TO 1/4 MILE OR LESS
LOWEST:     -4 ON  5                               3 = THUNDER
                        SNOW, ICE PELLETS, HAIL    4 = ICE PELLETS
                        TOTAL MONTH:  16.5 INCHES  5 = HAIL
                        GRTST 24HR   4.8 ON  9- 9  6 = FREEZING RAIN OR DRIZZLE
                        GRTST DEPTH:   9 ON 12     7 = DUSTSTORM OR SANDSTORM:
                                                       VSBY 1/2 MILE OR LESS
                                                   8 = SMOKE OR HAZE
[NO. OF DAYS WITH]      [WEATHER - DAYS WITH]      9 = BLOWING SNOW
                                                   X = TORNADO
MAX 32 OR BELOW:  10    0.01 INCH OR MORE:   9
MAX 90 OR ABOVE:   0    0.10 INCH OR MORE:   4
MIN 32 OR BELOW:  17    0.50 INCH OR MORE:   0
MIN  0 OR BELOW:   1    1.00 INCH OR MORE:   0

[HDD (BASE 65) ]
TOTAL THIS MO.   790    CLEAR  (SCALE 0-3)   1
DPTR FM NORMAL    63    PTCLDY (SCALE 4-7)  13
TOTAL FM JUL 1  4345    CLOUDY (SCALE 8-10)  4
DPTR FM NORMAL  -267

[CDD (BASE 65) ]
TOTAL THIS MO.     0
DPTR FM NORMAL     0    [PRESSURE DATA]
TOTAL FM JAN 1     0    HIGHEST SLP M ON M
DPTR FM NORMAL     0    LOWEST  SLP 29.68 ON 15

[REMARKS]
