000
CXUS53 KMKX 270900
CF6MKE
PRELIMINARY LOCAL CLIMATOLOGICAL DATA (WS FORM: F-6)

                                          STATION:   MILWAUKEE WI
                                          MONTH:     JULY
                                          YEAR:      2015
                                          LATITUDE:   42 57 N
                                          LONGITUDE:  87 54 W

  TEMPERATURE IN F:       :PCPN:    SNOW:  WIND      :SUNSHINE: SKY     :PK WND
================================================================================
1   2   3   4   5  6A  6B    7    8   9   10  11  12  13   14  15   16   17  18
                                     12Z  AVG MX 2MIN
DY MAX MIN AVG DEP HDD CDD  WTR  SNW DPTH SPD SPD DIR MIN PSBL S-S WX    SPD DR
================================================================================

 1  64  51  58 -13   7   0 0.00  0.0    0  7.3 14  60   M    M   6        18  60
 2  64  51  58 -13   7   0 0.00  0.0    0  7.7 15  40   M    M   3        18  40
 3  74  52  63  -8   2   0 0.00  0.0    0  4.8 13 110   M    M   7        15 120
 4  80  60  70  -1   0   5 0.00  0.0    0  6.9 15 130   M    M   5 8      18 130
 5  82  62  72   1   0   7 0.00  0.0    0  7.2 20 140   M    M   4 8      23 140
 6  85  62  74   2   0   9 0.42  0.0    0 10.0 25 240   M    M   7 138    39 240
 7  72  54  63  -9   2   0 0.05  0.0    0 11.3 23  10   M    M   5 18     32  20
 8  63  51  57 -15   8   0 0.00  0.0    0  5.6 12  60   M    M   8        15  60
 9  72  58  65  -7   0   0 0.00  0.0    0  6.9 13  30   M    M   5        18  30
10  78  57  68  -4   0   3 0.00  0.0    0  4.9 13 150   M    M   6        16 120
11  78  63  71  -1   0   6    T  0.0    0  6.2 12 170   M    M   7        14 170
12  77  63  70  -2   0   5 0.00  0.0    0  7.0 15 130   M    M   4 1      18 140
13  88  65  77   5   0  12 0.56  0.0    0 11.2 38 320   M    M   7 13     51 330
14  78  60  69  -3   0   4    T  0.0    0 12.5 17  30   M    M   5        26 330
15  70  57  64  -8   1   0 0.00  0.0    0  6.8 14  20   M    M   4        18  30
16  70  58  64  -8   1   0 0.46  0.0    0  9.9 21 140   M    M   9 1      25 130
17  91  66  79   7   0  14 0.00  0.0    0  7.6 15 220   M    M   5 1      21 250
18  83  69  76   4   0  11 0.11  0.0    0  9.4 29 270   M    M   5 13     39 280
19  82  69  76   4   0  11 0.00  0.0    0  9.7 16 300   M    M   4        21 310
20  82  67  75   3   0  10    T  0.0    0 10.4 22 270   M    M   5        30 260
21  81  64  73   1   0   8 0.00  0.0    0  8.6 17 290   M    M   3        24 290
22  80  60  70  -2   0   5 0.00  0.0    0  5.6 15 130   M    M   5 8      17 140
23  83  66  75   3   0  10 0.00  0.0    0  6.6 15 140   M    M   2        18 140
24  85  66  76   4   0  11 0.00  0.0    0  9.7 23 200   M    M   4 8      27 190
25  85  65  75   3   0  10 0.00  0.0    0  7.9 20  50   M    M   5        24  50
26  80  61  71  -1   0   6 0.00  0.0    0  3.0 10  50   M    M   7        12 120
================================================================================
SM 2027 1577        28 147  1.60     0.0 204.7          M      137
================================================================================
AV 78.0 60.7                               7.9 FASTST   M    M   5    MAX(MPH)
                                 MISC ---->  # 38 320               # 51  330
================================================================================
NOTES:
# LAST OF SEVERAL OCCURRENCES

COLUMN 17 PEAK WIND IN M.P.H.

PRELIMINARY LOCAL CLIMATOLOGICAL DATA (WS FORM: F-6) , PAGE 2

                                          STATION:  MILWAUKEE WI
                                          MONTH:    JULY
                                          YEAR:     2015
                                          LATITUDE:   42 57 N
                                          LONGITUDE:  87 54 W

[TEMPERATURE DATA]      [PRECIPITATION DATA]       SYMBOLS USED IN COLUMN 16

AVERAGE MONTHLY: 69.3   TOTAL FOR MONTH:   1.60    1 = FOG OR MIST
DPTR FM NORMAL:  -2.5   DPTR FM NORMAL:   -1.51    2 = FOG REDUCING VISIBILITY
HIGHEST:    91 ON 17    GRTST 24HR  0.56 ON 12-13      TO 1/4 MILE OR LESS
LOWEST:     51 ON  8, 2                            3 = THUNDER
                        SNOW, ICE PELLETS, HAIL    4 = ICE PELLETS
                        TOTAL MONTH:   0.0 INCH    5 = HAIL
                        GRTST 24HR     0.0         6 = FREEZING RAIN OR DRIZZLE
                        GRTST DEPTH:   0           7 = DUSTSTORM OR SANDSTORM:
                                                       VSBY 1/2 MILE OR LESS
                                                   8 = SMOKE OR HAZE
[NO. OF DAYS WITH]      [WEATHER - DAYS WITH]      9 = BLOWING SNOW
                                                   X = TORNADO
MAX 32 OR BELOW:   0    0.01 INCH OR MORE:   5
MAX 90 OR ABOVE:   1    0.10 INCH OR MORE:   4
MIN 32 OR BELOW:   0    0.50 INCH OR MORE:   1
MIN  0 OR BELOW:   0    1.00 INCH OR MORE:   0

[HDD (BASE 65) ]
TOTAL THIS MO.    28    CLEAR  (SCALE 0-3)   3
DPTR FM NORMAL    24    PTCLDY (SCALE 4-7)  22
TOTAL FM JUL 1    28    CLOUDY (SCALE 8-10)  1
DPTR FM NORMAL    24

[CDD (BASE 65) ]
TOTAL THIS MO.   147
DPTR FM NORMAL   -34    [PRESSURE DATA]
TOTAL FM JAN 1   246    HIGHEST SLP M ON M
DPTR FM NORMAL   -85    LOWEST  SLP 29.54 ON 13

[REMARKS]
