000
CXHW52 PHFO 271250
CF6MKK
PRELIMINARY LOCAL CLIMATOLOGICAL DATA (WS FORM: F-6)

                                          STATION:   MOLOKAI HI
                                          MONTH:     MARCH
                                          YEAR:      2015
                                          LATITUDE:   21  8 N
                                          LONGITUDE: 157  6 W

  TEMPERATURE IN F:       :PCPN:    SNOW:  WIND      :SUNSHINE: SKY     :PK WND
================================================================================
1   2   3   4   5  6A  6B    7    8   9   10  11  12  13   14  15   16   17  18
                                     12Z  AVG MX 2MIN
DY MAX MIN AVG DEP HDD CDD  WTR  SNW DPTH SPD SPD DIR MIN PSBL S-S WX    SPD DR
================================================================================

 1  78  68  73   3   0   8    M  0.0    0 12.8 20  30   M    M   9        29 350
 2  80  68  74   4   0   9    M  0.0    0 11.0 18  40   M    M   6        28  40
 3  78  68  73   3   0   8    M  0.0    0 12.9 20  20   M    M   7        31  40
 4  69  65  67  -3   0   2    M  0.0    0 10.0 21 360   M    M   8 1      29  10
 5  73  64  69  -1   0   4    M  0.0    0 12.7 21 350   M    M   9 1      31  10
 6  74  62  68  -2   0   3    M  0.0    0 15.3 23 350   M    M   7 1      30 360
 7  73  65  69  -2   0   4    M  0.0    0 11.7 20 350   M    M   6        30 360
 8  72  59  66  -5   0   1 0.06  0.0    0  9.0 18 350   M    M   7        24  10
 9  74  58  66  -5   0   1 0.03  0.0    0  8.9 17 360   M    M   4        23  10
10  74  56  65  -6   0   0 0.04  0.0    0  7.6 15  30   M    M   2        23  40
11  71  62  67  -4   0   2 0.25  0.0    0  7.4 20 170   M    M   9 1      24 200
12  72  62  67  -4   0   2 0.86  0.0    0  8.0 17 350   M    M   9 1      25 340
13  73  64  69  -2   0   4    T  0.0    0 13.8 22 360   M    M   6        29  10
14  74  64  69  -2   0   4    M  0.0    0 12.7 23  50   M    M   5        36  60
15  75  56  66  -5   0   1 0.00  0.0    0  9.2 17  50   M    M   5        24  30
16  77  54  66  -5   0   1    T  0.0    0  3.9 13 310   M    M   3        16 360
17  79  56  68  -3   0   3 0.00  0.0    0  4.4 10 360   M    M   3        14 350
18  80  55  68  -3   0   3 0.00  0.0    0  3.2  9 300   M    M   4        14 290
19  78  62  70  -1   0   5 0.00  0.0    0  9.2 21  30   M    M   3        28  30
20  78  67  73   2   0   8 0.01  0.0    0 11.7 21  30   M    M   6        33  30
21  80  66  73   2   0   8 0.02  0.0    0 11.7 21  30   M    M   7        30  40
22  80  68  74   3   0   9 0.02  0.0    0 12.7 21  40   M    M   3        31  40
23  81  64  73   1   0   8 0.00  0.0    0  6.2 16  50   M    M   4        21  40
24  82  61  72   0   0   7 0.00  0.0    0  4.9 13 320   M    M   2        17 360
25  79  66  73   1   0   8 0.16  0.0    0 11.1 18  10   M    M   6 1      28  10
26  76  65  71  -1   0   6 0.17  0.0    0 15.6 25  50   M    M   6 1      36  30
================================================================================
SM 1980 1625         0 119  1.62     0.0 257.6          M      146
================================================================================
AV 76.2 62.5                               9.9 FASTST   M    M   6    MAX(MPH)
                                 MISC ---->  # 25  50               # 36   60
================================================================================
NOTES:
# LAST OF SEVERAL OCCURRENCES

COLUMN 17 PEAK WIND IN M.P.H.

PRELIMINARY LOCAL CLIMATOLOGICAL DATA (WS FORM: F-6) , PAGE 2

                                          STATION:  MOLOKAI HI
                                          MONTH:    MARCH
                                          YEAR:     2015
                                          LATITUDE:   21  8 N
                                          LONGITUDE: 157  6 W

[TEMPERATURE DATA]      [PRECIPITATION DATA]       SYMBOLS USED IN COLUMN 16

AVERAGE MONTHLY: 69.3   TOTAL FOR MONTH:   1.62    1 = FOG OR MIST
DPTR FM NORMAL:  -1.6   DPTR FM NORMAL:   -0.65    2 = FOG REDUCING VISIBILITY
HIGHEST:    82 ON 24    GRTST 24HR  0.86 ON 12-12      TO 1/4 MILE OR LESS
LOWEST:     54 ON 16                               3 = THUNDER
                        SNOW, ICE PELLETS, HAIL    4 = ICE PELLETS
                        TOTAL MONTH:   0.0 INCH    5 = HAIL
                        GRTST 24HR     0.0         6 = FREEZING RAIN OR DRIZZLE
                        GRTST DEPTH:   0           7 = DUSTSTORM OR SANDSTORM:
                                                       VSBY 1/2 MILE OR LESS
                                                   8 = SMOKE OR HAZE
[NO. OF DAYS WITH]      [WEATHER - DAYS WITH]      9 = BLOWING SNOW
                                                   X = TORNADO
MAX 32 OR BELOW:   0    0.01 INCH OR MORE:  10
MAX 90 OR ABOVE:   0    0.10 INCH OR MORE:   4
MIN 32 OR BELOW:   0    0.50 INCH OR MORE:   1
MIN  0 OR BELOW:   0    1.00 INCH OR MORE:   0

[HDD (BASE 65) ]
TOTAL THIS MO.     0    CLEAR  (SCALE 0-3)   5
DPTR FM NORMAL     0    PTCLDY (SCALE 4-7)  16
TOTAL FM JUL 1     0    CLOUDY (SCALE 8-10)  5
DPTR FM NORMAL    -2

[CDD (BASE 65) ]
TOTAL THIS MO.   119
DPTR FM NORMAL   -37    [PRESSURE DATA]
TOTAL FM JAN 1   394    HIGHEST SLP M ON M
DPTR FM NORMAL   -83    LOWEST  SLP 29.85 ON 11

[REMARKS]
