000
CXHW52 PHFO 291250
CF6MKK
PRELIMINARY LOCAL CLIMATOLOGICAL DATA (WS FORM: F-6)

                                          STATION:   MOLOKAI HI
                                          MONTH:     AUGUST
                                          YEAR:      2015
                                          LATITUDE:   21  8 N
                                          LONGITUDE: 157  6 W

  TEMPERATURE IN F:       :PCPN:    SNOW:  WIND      :SUNSHINE: SKY     :PK WND
================================================================================
1   2   3   4   5  6A  6B    7    8   9   10  11  12  13   14  15   16   17  18
                                     12Z  AVG MX 2MIN
DY MAX MIN AVG DEP HDD CDD  WTR  SNW DPTH SPD SPD DIR MIN PSBL S-S WX    SPD DR
================================================================================

 1  86  73  80   2   0  15 0.01  0.0    0 16.3 25  50   M    M   3        38  50
 2  87  73  80   2   0  15 0.00  0.0    0 15.7 25  60   M    M   1        35  50
 3  85  76  81   3   0  16 0.00  0.0    0 12.7 21  30   M    M   6        30  40
 4  87  76  82   4   0  17    T  0.0    0 10.9 18  40   M    M   5        29  40
 5  87  75  81   3   0  16 0.11  0.0    0 11.1 21  50   M    M   6        29  60
 6  84  72  78   0   0  13 0.23  0.0    0  7.5 18 360   M    M   7 1      23 350
 7  92  71  82   4   0  17 0.00  0.0    0  9.3 21  50   M    M   4        30  50
 8  88  75  82   4   0  17    T  0.0    0 14.2 28  50   M    M   2        36  60
 9  86  72  79   1   0  14    T  0.0    0 13.5 23  50   M    M   6        33  70
10  85  76  81   3   0  16    T  0.0    0 12.9 21  60   M    M   3        30  10
11  87  74  81   3   0  16 0.06  0.0    0 10.8 22  50   M    M   3        29  30
12  91  75  83   5   0  18 0.00  0.0    0 10.9 22  50   M    M   2        28  50
13  88  75  82   4   0  17 0.00  0.0    0 14.8 24  40   M    M   3        37  50
14  89  75  82   4   0  17 0.00  0.0    0 13.4 23  50   M    M   3        33  50
15  88  75  82   4   0  17    T  0.0    0 13.7 24  50   M    M   3        32  40
16  88  75  82   4   0  17 0.01  0.0    0  8.1 17  30   M    M   3        23 350
17  89  72  81   3   0  16    T  0.0    0  5.0 15  50   M    M   4        21  30
18  86  73  80   2   0  15 1.63  0.0    0  3.6 14 360   M    M   5 1      18 110
19  86  73  80   2   0  15 0.04  0.0    0  6.6 13 170   M    M   4        17 150
20  89  72  81   3   0  16    T  0.0    0  4.1 13  40   M    M   4        18  30
21  89  73  81   2   0  16 0.00  0.0    0  9.4 21  50   M    M   2        29  40
22  90  74  82   3   0  17 0.00  0.0    0  5.9 18 170   M    M   5        22 170
23  90  75  83   4   0  18 1.54  0.0    0  6.9 16 170   M    M   6 1      20 170
24  84  72  78  -1   0  13 1.96  0.0    0  8.2 18 150   M    M   7 1      24 150
25  87  75  81   2   0  16    T  0.0    0  7.8 16 180   M    M   5        21 180
26  86  74  80   1   0  15 0.64  0.0    0  3.5 12 330   M    M   3 1      15 350
27  86  72  79   0   0  14    T  0.0    0  3.7 13  30   M    M   4        16  40
28  87  72  80   1   0  15    T  0.0    0  6.5 17  50   M    M   2        23  50
================================================================================
SM 2447 2065         0 444  6.23     0.0 267.0          M      111
================================================================================
AV 87.4 73.8                               9.5 FASTST   M    M   4    MAX(MPH)
                                 MISC ---->  # 28  50               # 38   50
================================================================================
NOTES:
# LAST OF SEVERAL OCCURRENCES

COLUMN 17 PEAK WIND IN M.P.H.

PRELIMINARY LOCAL CLIMATOLOGICAL DATA (WS FORM: F-6) , PAGE 2

                                          STATION:  MOLOKAI HI
                                          MONTH:    AUGUST
                                          YEAR:     2015
                                          LATITUDE:   21  8 N
                                          LONGITUDE: 157  6 W

[TEMPERATURE DATA]      [PRECIPITATION DATA]       SYMBOLS USED IN COLUMN 16

AVERAGE MONTHLY: 80.6   TOTAL FOR MONTH:   6.23    1 = FOG OR MIST
DPTR FM NORMAL:   2.3   DPTR FM NORMAL:    5.66    2 = FOG REDUCING VISIBILITY
HIGHEST:    92 ON  7    GRTST 24HR  3.50 ON 23-24      TO 1/4 MILE OR LESS
LOWEST:     71 ON  7                               3 = THUNDER
                        SNOW, ICE PELLETS, HAIL    4 = ICE PELLETS
                        TOTAL MONTH:   0.0 INCH    5 = HAIL
                        GRTST 24HR     0.0         6 = FREEZING RAIN OR DRIZZLE
                        GRTST DEPTH:   0           7 = DUSTSTORM OR SANDSTORM:
                                                       VSBY 1/2 MILE OR LESS
                                                   8 = SMOKE OR HAZE
[NO. OF DAYS WITH]      [WEATHER - DAYS WITH]      9 = BLOWING SNOW
                                                   X = TORNADO
MAX 32 OR BELOW:   0    0.01 INCH OR MORE:  10
MAX 90 OR ABOVE:   4    0.10 INCH OR MORE:   6
MIN 32 OR BELOW:   0    0.50 INCH OR MORE:   4
MIN  0 OR BELOW:   0    1.00 INCH OR MORE:   3

[HDD (BASE 65) ]
TOTAL THIS MO.     0    CLEAR  (SCALE 0-3)  11
DPTR FM NORMAL     0    PTCLDY (SCALE 4-7)  17
TOTAL FM JUL 1     0    CLOUDY (SCALE 8-10)  0
DPTR FM NORMAL     0

[CDD (BASE 65) ]
TOTAL THIS MO.   444
DPTR FM NORMAL    67    [PRESSURE DATA]
TOTAL FM JAN 1  2261    HIGHEST SLP M ON M
DPTR FM NORMAL   124    LOWEST  SLP 29.80 ON 18

[REMARKS]
