000
CXUS54 KMEG 010636
CF6MKL
PRELIMINARY LOCAL CLIMATOLOGICAL DATA (WS FORM: F-6)

                                          STATION:   JACKSON
                                          MONTH:     OCTOBER
                                          YEAR:      2014
                                          LATITUDE:   35 35 N
                                          LONGITUDE:  88 55 W

  TEMPERATURE IN F:       :PCPN:    SNOW:  WIND      :SUNSHINE: SKY     :PK WND
================================================================================
1   2   3   4   5  6A  6B    7    8   9   10  11  12  13   14  15   16   17  18
                                     12Z  AVG MX 2MIN
DY MAX MIN AVG DEP HDD CDD  WTR  SNW DPTH SPD SPD DIR MIN PSBL S-S WX    SPD DR
================================================================================

 1  87  57  72   6   0   7 0.00  0.0    0  3.6 13 200   M    M   1 1      17 210
 2  83  64  74   9   0   9 0.69  0.0    0  9.1 31 250   M    M   4 138    46 260
 3  73  45  59  -6   6   0 0.04  0.0    0 10.5 23 310   M    M   5 1      31 290
 4  63  41  52 -12  13   0 0.00  0.0    0  8.7 24 270   M    M   0        33 280
 5  76  37  57  -7   8   0 0.00  0.0    0  8.8 23 220   M    M   0        31 240
 6  76  60  68   4   0   3 0.09  0.0    0 10.2 24 250   M    M   3 13     35 250
 7  82  63  73  10   0   8 0.31  0.0    0  8.1 21 210   M    M   5 13     28 210
 8  81  63  72   9   0   7 0.00  0.0    0  3.5 14 250   M    M   5 1      18 240
 9  85  62  74  11   0   9 0.01  0.0    0  3.4 13 340   M    M   2 1      17 230
10  80  64  72  10   0   7 0.60  0.0    0  5.0 12 320   M    M   6 13     15 320
11  64  58  61  -1   4   0 0.07  0.0    0  5.9 13  10   M    M  10 1      15  20
12  78  59  69   7   0   4 0.14  0.0    0  4.0 12 190   M    M   8 123    16 180
13  81  62  72  11   0   7 1.27  0.0    0 10.3 24 240   M    M   7 13     36 180
14  65  54  60  -1   5   0 0.23  0.0    0 10.6 21 240   M    M  10 18     25 230
15  62  54  58  -3   7   0    T  0.0    0  5.5 15 290   M    M  10        20 300
16  73  47  60   0   5   0 0.00    M    0  2.7 10 220   M    M   2 12     14 280
17  80  54  67   7   0   2 0.00  0.0    0  8.0 15 250   M    M   0        20 260
18  70  45  58  -2   7   0 0.00  0.0    0  5.5 18 360   M    M   0        26 340
19  67  40  54  -6  11   0 0.00  0.0    0  0.9  8 360   M    M   0 1      12 350
20  71  42  57  -2   8   0    T  0.0    0  3.9 12 250   M    M   2 1      15 250
21  75  45  60   1   5   0 0.00  0.0    0  3.8 15 330   M    M   1 18     18 350
22  67  41  54  -5  11   0 0.00  0.0    0  4.0 15  40   M    M   0 1      18  20
23  67  36  52  -6  13   0 0.00  0.0    0  2.8 10  10   M    M   0 1      15 330
24  73  39  56  -2   9   0 0.00  0.0    0  1.8 10 330   M    M   0 1      15 300
25  81  47  64   6   1   0 0.00  0.0    0  3.8 12 250   M    M   1 1      16 270
26  86  53  70  13   0   5    T  0.0    0  4.1 14 230   M    M   2 12     16 240
27  83  63  73  16   0   8 0.00  0.0    0  9.3 22 210   M    M   0        29 200
28  70  53  62   5   3   0 0.82  0.0    0  8.2 15 220   M    M   7 13     21 200
29  69  41  55  -1  10   0 0.09  0.0    0  2.5 13 300   M    M   2 128    17 280
30  67  35  51  -5  14   0 0.12  0.0    0  1.7  7 160   M    M   2 1       9 160
31  55  37  46 -10  19   0 0.03  0.0    0 10.4 29 330   M    M   4 12     39 350
================================================================================
SM 2290 1561       159  76  4.51     0.0 180.6          M       99
================================================================================
AV 73.9 50.4                               5.8 FASTST   M    M   3    MAX(MPH)
                                 MISC ---->  # 31 250               # 46  260
================================================================================
NOTES:
# LAST OF SEVERAL OCCURRENCES

COLUMN 17 PEAK WIND IN M.P.H.

PRELIMINARY LOCAL CLIMATOLOGICAL DATA (WS FORM: F-6) , PAGE 2

                                          STATION:  JACKSON
                                          MONTH:    OCTOBER
                                          YEAR:     2014
                                          LATITUDE:   35 35 N
                                          LONGITUDE:  88 55 W

[TEMPERATURE DATA]      [PRECIPITATION DATA]       SYMBOLS USED IN COLUMN 16

AVERAGE MONTHLY: 62.1   TOTAL FOR MONTH:   4.51    1 = FOG OR MIST
DPTR FM NORMAL:   1.6   DPTR FM NORMAL:    0.74    2 = FOG REDUCING VISIBILITY
HIGHEST:    87 ON  1    GRTST 24HR  1.39 ON 12-13      TO 1/4 MILE OR LESS
LOWEST:     35 ON 30                               3 = THUNDER
                        SNOW, ICE PELLETS, HAIL    4 = ICE PELLETS
                        TOTAL MONTH:   0.0 INCH    5 = HAIL
                        GRTST 24HR     0.0         6 = FREEZING RAIN OR DRIZZLE
                        GRTST DEPTH:   0           7 = DUSTSTORM OR SANDSTORM:
                                                       VSBY 1/2 MILE OR LESS
                                                   8 = SMOKE OR HAZE
[NO. OF DAYS WITH]      [WEATHER - DAYS WITH]      9 = BLOWING SNOW
                                                   X = TORNADO
MAX 32 OR BELOW:   0    0.01 INCH OR MORE:  14
MAX 90 OR ABOVE:   0    0.10 INCH OR MORE:   8
MIN 32 OR BELOW:   0    0.50 INCH OR MORE:   4
MIN  0 OR BELOW:   0    1.00 INCH OR MORE:   1

[HDD (BASE 65) ]
TOTAL THIS MO.   159    CLEAR  (SCALE 0-3)  18
DPTR FM NORMAL   -29    PTCLDY (SCALE 4-7)   9
TOTAL FM JUL 1   169    CLOUDY (SCALE 8-10)  4
DPTR FM NORMAL   -45

[CDD (BASE 65) ]
TOTAL THIS MO.    76
DPTR FM NORMAL    28    [PRESSURE DATA]
TOTAL FM JAN 1  1608    HIGHEST SLP M ON M
DPTR FM NORMAL   -83    LOWEST  SLP 29.62 ON M

[REMARKS]
#FINAL-10-14#
