684
CXUS54 KFWD 250730
CF6MKN
PRELIMINARY LOCAL CLIMATOLOGICAL DATA (WS FORM: F-6)

                                          STATION:   COMANCHE
                                          MONTH:     FEBRUARY
                                          YEAR:      2017
                                          LATITUDE:   31 55 N
                                          LONGITUDE:  98 36 W

  TEMPERATURE IN F:       :PCPN:    SNOW:  WIND      :SUNSHINE: SKY     :PK WND
================================================================================
1   2   3   4   5  6A  6B    7    8   9   10  11  12  13   14  15   16   17  18
                                     12Z  AVG MX 2MIN
DY MAX MIN AVG DEP HDD CDD  WTR  SNW DPTH SPD SPD DIR MIN PSBL S-S WX    SPD DR
================================================================================

 1  79  45  62   M   3   0 0.00  0.0    0 12.7 17 340   M    M   0        22 220
 2  51  33  42   M  23   0 0.00  0.0    0 10.4 20 350   M    M   0        25 340
 3  47  30  39   M  26   0 0.00  0.0    0  7.7 12  50   M    M   9         M  M
 4  55  44  50   M  15   0 0.00  0.0    0  7.0 16 190   M    M  10 1      17 170
 5  79  52  66   M   0   1 0.00  0.0    0  9.0 16 200   M    M   5 1      22 200
 6  81  60  71   M   0   6 0.00  0.0    0 13.5 23 210   M    M   3        30 210
 7  81  57  69   M   0   4 0.00  0.0    0 12.6 24 300   M    M   0        31 300
 8  76  42  59   M   6   0 0.00  0.0    0 13.8 25 340   M    M   0        35 350
 9  66  32  49   M  16   0 0.00  0.0    0  6.8 10 160   M    M   0         M  M
10  79  47  63   M   2   0 0.00  0.0    0 13.2 18 200   M    M   1        30 200
11  87  61  74   M   0   9 0.00  0.0    0 10.5 16 200   M    M   0        23 220
12  72  56  64   M   1   0 0.00  0.0    0 12.2 20 330   M    M   3        30  20
13  64  43  54   M  11   0 0.00  0.0    0 10.0 16 340   M    M  10 3      22  30
14  47  39  43   M  22   0 0.04  0.0    0 13.4 20 330   M    M  10        28 340
15  57  38  48   M  17   0 0.00  0.0    0  8.8 14 360   M    M   2        22 360
16  67  33  50   M  15   0 0.00  0.0    0  5.7 13 240   M    M   0        20 210
17  75  47  61   M   4   0 0.00  0.0    0 11.2 22 210   M    M   1        29 210
18  81  45  63   M   2   0 0.00  0.0    0  7.2 14 230   M    M   0        21 230
19  77  51  64   M   1   0 0.00  0.0    0  9.7 17 150   M    M   7 13     23 150
20  72  53  63   M   2   0    M  0.0    0  6.2 13 280   M    M   2 3      20 250
21  76  50  63   M   2   0 0.00  0.0    0  8.9 18 340   M    M   0        24 340
22  87  50  69   M   0   4 0.00  0.0    0  5.8 12 230   M    M   0         M  M
23  90  60  75   M   0  10 0.00  0.0    0 12.9 24 220   M    M   0        36 210
24  69  42  56   M   9   0 0.00  0.0    0 11.5 21 340   M    M   0        27 340
================================================================================
SM 1715 1110       177  34  0.04     0.0 240.7          M       63
================================================================================
AV 71.5 46.3                              10.0 FASTST   M    M   3    MAX(MPH)
                                 MISC ---->    25   M                 36    M
================================================================================
NOTES:
# LAST OF SEVERAL OCCURRENCES

COLUMN 17 PEAK WIND IN M.P.H.

PRELIMINARY LOCAL CLIMATOLOGICAL DATA (WS FORM: F-6) , PAGE 2

                                          STATION:  COMANCHE
                                          MONTH:    FEBRUARY
                                          YEAR:     2017
                                          LATITUDE:   31 55 N
                                          LONGITUDE:  98 36 W

[TEMPERATURE DATA]      [PRECIPITATION DATA]       SYMBOLS USED IN COLUMN 16

AVERAGE MONTHLY: 58.9   TOTAL FOR MONTH:   0.04    1 = FOG OR MIST
DPTR FM NORMAL:     M   DPTR FM NORMAL:   -1.77    2 = FOG REDUCING VISIBILITY
HIGHEST:    90 ON 23    GRTST 24HR  0.04 ON 14-14      TO 1/4 MILE OR LESS
LOWEST:     30 ON  3                               3 = THUNDER
                        SNOW, ICE PELLETS, HAIL    4 = ICE PELLETS
                        TOTAL MONTH:   0.0 INCH    5 = HAIL
                        GRTST 24HR     0.0         6 = FREEZING RAIN OR DRIZZLE
                        GRTST DEPTH:   0           7 = DUSTSTORM OR SANDSTORM:
                                                       VSBY 1/2 MILE OR LESS
                                                   8 = SMOKE OR HAZE
[NO. OF DAYS WITH]      [WEATHER - DAYS WITH]      9 = BLOWING SNOW
                                                   X = TORNADO
MAX 32 OR BELOW:   0    0.01 INCH OR MORE:   1
MAX 90 OR ABOVE:   1    0.10 INCH OR MORE:   0
MIN 32 OR BELOW:   2    0.50 INCH OR MORE:   0
MIN  0 OR BELOW:   0    1.00 INCH OR MORE:   0

[HDD (BASE 65) ]
TOTAL THIS MO.   177    CLEAR  (SCALE 0-3)  18
DPTR FM NORMAL     M    PTCLDY (SCALE 4-7)   2
TOTAL FM JUL 1  1305    CLOUDY (SCALE 8-10)  4
DPTR FM NORMAL     M

[CDD (BASE 65) ]
TOTAL THIS MO.    34
DPTR FM NORMAL     M    [PRESSURE DATA]
TOTAL FM JAN 1    43    HIGHEST SLP M ON M
DPTR FM NORMAL     M    LOWEST  SLP M ON M

[REMARKS]
